{"id":16887,"date":"2022-09-05T17:23:38","date_gmt":"2022-09-05T15:23:38","guid":{"rendered":"https:\/\/sp1hrubieszow.pl\/?page_id=16887"},"modified":"2022-11-23T19:29:10","modified_gmt":"2022-11-23T18:29:10","slug":"narodowe-czytanie","status":"publish","type":"page","link":"https:\/\/sp1hrubieszow.pl\/index.php\/kronika-2020-2021\/narodowe-czytanie\/","title":{"rendered":"Narodowe Czytanie"},"content":{"rendered":"\n<p><span style=\"color: #000080;\">Dnia 2 wrze\u015bnia 2022 r. w naszej szkole odby\u0142a si\u0119 11. &nbsp;ods\u0142ona Narodowego Czytania. Ca\u0142e wydarzenie rozpocz\u0119\u0142o si\u0119 o godzinie 9.30 na korytarzu reprezentacyjnym naszej szko\u0142y.<\/span><\/p>\n<p><span style=\"color: #000080;\">Akcja ta jest organizowana przez Prezydenta RP, a jej nadrz\u0119dnym celem jest zach\u0119cenie dzieci i m\u0142odzie\u017cy do czytania najwi\u0119kszych dzie\u0142 narodowych. Tegoroczn\u0105 lektur\u0105 by\u0142y \u201eBallady i romanse\u201d Adama Mickiewicza. Dzie\u0142o naszego narodowego wieszcza powsta\u0142o w epoce romantyzmu . To element naszej polskiej kultury, historii oraz to\u017csamo\u015bci.<\/span><\/p>\n<p><span style=\"color: #000080;\">W \u015bwi\u0119cie czytelnictwa brali udzia\u0142 uczniowie zar\u00f3wno klas m\u0142odszych jak i starszych. Klasy m\u0142odsze wys\u0142ucha\u0142y fragment\u00f3w utworu wybitnego tw\u00f3rcy w wykonaniu pa\u0144 wychowawczy\u0144, natomiast uczniowie klas starszych czytali \u201eBallady i romanse\u201d samodzielnie. Do akcji czynnie przy\u0142\u0105czy\u0142y si\u0119 panie pracuj\u0105ce w bibliotece szkolnej, kt\u00f3re przygotowa\u0142y k\u0105cik po\u015bwi\u0119cony Mickiewiczowi.<\/span><\/p>\nngg_shortcode_0_placeholder\n<p>&nbsp;<\/p>\n","protected":false},"excerpt":{"rendered":"<p>Dnia 2 wrze\u015bnia 2022 r. w naszej szkole odby\u0142a si\u0119 11. &nbsp;ods\u0142ona Narodowego Czytania. Ca\u0142e wydarzenie rozpocz\u0119\u0142o si\u0119 o godzinie 9.30 na korytarzu reprezentacyjnym naszej szko\u0142y. Akcja ta jest organizowana przez Prezydenta RP, a jej nadrz\u0119dnym celem jest zach\u0119cenie dzieci i m\u0142odzie\u017cy do czytania najwi\u0119kszych dzie\u0142 narodowych. Tegoroczn\u0105 lektur\u0105 by\u0142y \u201eBallady i romanse\u201d Adama Mickiewicza. [&hellip;]<\/p>\n","protected":false},"author":2,"featured_media":0,"parent":5983,"menu_order":0,"comment_status":"closed","ping_status":"closed","template":"","meta":{"ngg_post_thumbnail":0,"footnotes":""},"class_list":["post-16887","page","type-page","status-publish","hentry"],"_links":{"self":[{"href":"https:\/\/sp1hrubieszow.pl\/index.php\/wp-json\/wp\/v2\/pages\/16887","targetHints":{"allow":["GET"]}}],"collection":[{"href":"https:\/\/sp1hrubieszow.pl\/index.php\/wp-json\/wp\/v2\/pages"}],"about":[{"href":"https:\/\/sp1hrubieszow.pl\/index.php\/wp-json\/wp\/v2\/types\/page"}],"author":[{"embeddable":true,"href":"https:\/\/sp1hrubieszow.pl\/index.php\/wp-json\/wp\/v2\/users\/2"}],"replies":[{"embeddable":true,"href":"https:\/\/sp1hrubieszow.pl\/index.php\/wp-json\/wp\/v2\/comments?post=16887"}],"version-history":[{"count":4,"href":"https:\/\/sp1hrubieszow.pl\/index.php\/wp-json\/wp\/v2\/pages\/16887\/revisions"}],"predecessor-version":[{"id":18057,"href":"https:\/\/sp1hrubieszow.pl\/index.php\/wp-json\/wp\/v2\/pages\/16887\/revisions\/18057"}],"up":[{"embeddable":true,"href":"https:\/\/sp1hrubieszow.pl\/index.php\/wp-json\/wp\/v2\/pages\/5983"}],"wp:attachment":[{"href":"https:\/\/sp1hrubieszow.pl\/index.php\/wp-json\/wp\/v2\/media?parent=16887"}],"curies":[{"name":"wp","href":"https:\/\/api.w.org\/{rel}","templated":true}]}}