{"id":16762,"date":"2022-08-20T15:32:00","date_gmt":"2022-08-20T13:32:00","guid":{"rendered":"https:\/\/sp1hrubieszow.pl\/?page_id=16762"},"modified":"2022-08-20T15:32:58","modified_gmt":"2022-08-20T13:32:58","slug":"wykaz-podrecznikow","status":"publish","type":"page","link":"https:\/\/sp1hrubieszow.pl\/index.php\/kronika-2020-2021\/wykaz-podrecznikow\/","title":{"rendered":"Wykaz podr\u0119cznik\u00f3w"},"content":{"rendered":"\n<p><span style=\"color: #000080;\">Przedstawiamy wykaz podr\u0119cznik\u00f3w na rok szkolny 2022\/2023. Jest on tak\u017ce dost\u0119pny w zak\u0142adce SZKO\u0141A &#8211; DOKUMENTY:<\/span><\/p>\n<p><strong><span style=\"color: #000080;\"><a style=\"color: #000080;\" href=\"https:\/\/sp1hrubieszow.pl\/wp-content\/uploads\/2022\/06\/WYKAZ-PODRECZNIKOW-W-SZKOLE-PODSTAWOWEJ-Nr-1.docx\">WYKAZ PODR\u0118CZNIK\u00d3W W SZKOLE PODSTAWOWEJ Nr 1 2022\/2023<\/a><\/span><\/strong><\/p>\n<p>&nbsp;<\/p>\n","protected":false},"excerpt":{"rendered":"<p>Przedstawiamy wykaz podr\u0119cznik\u00f3w na rok szkolny 2022\/2023. Jest on tak\u017ce dost\u0119pny w zak\u0142adce SZKO\u0141A &#8211; DOKUMENTY: WYKAZ PODR\u0118CZNIK\u00d3W W SZKOLE PODSTAWOWEJ Nr 1 2022\/2023 &nbsp;<\/p>\n","protected":false},"author":2,"featured_media":0,"parent":5983,"menu_order":0,"comment_status":"closed","ping_status":"closed","template":"","meta":{"ngg_post_thumbnail":0,"footnotes":""},"class_list":["post-16762","page","type-page","status-publish","hentry"],"_links":{"self":[{"href":"https:\/\/sp1hrubieszow.pl\/index.php\/wp-json\/wp\/v2\/pages\/16762","targetHints":{"allow":["GET"]}}],"collection":[{"href":"https:\/\/sp1hrubieszow.pl\/index.php\/wp-json\/wp\/v2\/pages"}],"about":[{"href":"https:\/\/sp1hrubieszow.pl\/index.php\/wp-json\/wp\/v2\/types\/page"}],"author":[{"embeddable":true,"href":"https:\/\/sp1hrubieszow.pl\/index.php\/wp-json\/wp\/v2\/users\/2"}],"replies":[{"embeddable":true,"href":"https:\/\/sp1hrubieszow.pl\/index.php\/wp-json\/wp\/v2\/comments?post=16762"}],"version-history":[{"count":1,"href":"https:\/\/sp1hrubieszow.pl\/index.php\/wp-json\/wp\/v2\/pages\/16762\/revisions"}],"predecessor-version":[{"id":16763,"href":"https:\/\/sp1hrubieszow.pl\/index.php\/wp-json\/wp\/v2\/pages\/16762\/revisions\/16763"}],"up":[{"embeddable":true,"href":"https:\/\/sp1hrubieszow.pl\/index.php\/wp-json\/wp\/v2\/pages\/5983"}],"wp:attachment":[{"href":"https:\/\/sp1hrubieszow.pl\/index.php\/wp-json\/wp\/v2\/media?parent=16762"}],"curies":[{"name":"wp","href":"https:\/\/api.w.org\/{rel}","templated":true}]}}