{"id":16718,"date":"2022-06-30T12:33:03","date_gmt":"2022-06-30T10:33:03","guid":{"rendered":"https:\/\/sp1hrubieszow.pl\/?page_id=16718"},"modified":"2022-06-30T12:33:30","modified_gmt":"2022-06-30T10:33:30","slug":"odbior-zdjec-grupowych-z-zakonczenia-roku-szkolnego-2021-2022","status":"publish","type":"page","link":"https:\/\/sp1hrubieszow.pl\/index.php\/kronika-2020-2021\/odbior-zdjec-grupowych-z-zakonczenia-roku-szkolnego-2021-2022\/","title":{"rendered":"ODBI\u00d3R ZDJ\u0118\u0106 GRUPOWYCH Z ZAKO\u0143CZENIA ROKU SZKOLNEGO 2021\/2022"},"content":{"rendered":"\n<div dir=\"auto\"><span style=\"color: #000080;\">Informujemy, \u017ce zdj\u0119cia grupowe, kt\u00f3re by\u0142y wykonane w dniu zako\u0144czenia roku szkolnego, s\u0105 ju\u017c przygotowane i mo\u017cna je zakupi\u0107 w cenie 10z\u0142.<\/span><\/div>\n<div dir=\"auto\">&nbsp;<\/div>\n<div dir=\"auto\"><span style=\"color: #000080;\">Zapraszamy &#8211; Foto-Wrzos; ulica Partyzant\u00f3w 9 tel. 502645104<\/span><\/div>\n","protected":false},"excerpt":{"rendered":"<p>Informujemy, \u017ce zdj\u0119cia grupowe, kt\u00f3re by\u0142y wykonane w dniu zako\u0144czenia roku szkolnego, s\u0105 ju\u017c przygotowane i mo\u017cna je zakupi\u0107 w cenie 10z\u0142. &nbsp; Zapraszamy &#8211; Foto-Wrzos; ulica Partyzant\u00f3w 9 tel. 502645104<\/p>\n","protected":false},"author":2,"featured_media":0,"parent":5983,"menu_order":0,"comment_status":"closed","ping_status":"closed","template":"","meta":{"ngg_post_thumbnail":0,"footnotes":""},"class_list":["post-16718","page","type-page","status-publish","hentry"],"_links":{"self":[{"href":"https:\/\/sp1hrubieszow.pl\/index.php\/wp-json\/wp\/v2\/pages\/16718","targetHints":{"allow":["GET"]}}],"collection":[{"href":"https:\/\/sp1hrubieszow.pl\/index.php\/wp-json\/wp\/v2\/pages"}],"about":[{"href":"https:\/\/sp1hrubieszow.pl\/index.php\/wp-json\/wp\/v2\/types\/page"}],"author":[{"embeddable":true,"href":"https:\/\/sp1hrubieszow.pl\/index.php\/wp-json\/wp\/v2\/users\/2"}],"replies":[{"embeddable":true,"href":"https:\/\/sp1hrubieszow.pl\/index.php\/wp-json\/wp\/v2\/comments?post=16718"}],"version-history":[{"count":1,"href":"https:\/\/sp1hrubieszow.pl\/index.php\/wp-json\/wp\/v2\/pages\/16718\/revisions"}],"predecessor-version":[{"id":16719,"href":"https:\/\/sp1hrubieszow.pl\/index.php\/wp-json\/wp\/v2\/pages\/16718\/revisions\/16719"}],"up":[{"embeddable":true,"href":"https:\/\/sp1hrubieszow.pl\/index.php\/wp-json\/wp\/v2\/pages\/5983"}],"wp:attachment":[{"href":"https:\/\/sp1hrubieszow.pl\/index.php\/wp-json\/wp\/v2\/media?parent=16718"}],"curies":[{"name":"wp","href":"https:\/\/api.w.org\/{rel}","templated":true}]}}