{"id":16291,"date":"2022-06-23T10:46:41","date_gmt":"2022-06-23T08:46:41","guid":{"rendered":"https:\/\/sp1hrubieszow.pl\/?page_id=16291"},"modified":"2022-06-23T10:48:10","modified_gmt":"2022-06-23T08:48:10","slug":"klasa-8b-na-wycieczce-w-janowie-lubelskim","status":"publish","type":"page","link":"https:\/\/sp1hrubieszow.pl\/index.php\/kronika-2020-2021\/klasa-8b-na-wycieczce-w-janowie-lubelskim\/","title":{"rendered":"Klasa 8b na wycieczce w Janowie Lubelskim"},"content":{"rendered":"\n<div dir=\"auto\"><span style=\"color: #000080;\">22 czerwca uczniowie klasy 8b uczestniczyli w wycieczce do Janowa Lubelskiego. Niezapomnianych emocji i przyg\u00f3d dostarczy\u0142y im przeja\u017cd\u017cka samochodem terenowym w off roadzie oraz k\u0105piel b\u0142otna. Potem udali\u015bmy si\u0119 na pla\u017ce na zas\u0142u\u017cony odpoczynek,a amatorzy wra\u017ce\u0144 skorzystali z parku linowego oraz ponad 200m zjazdu tyrolskiego . W drodze powrotnej zahaczyli\u015bmy o przepyszne lody w centrum miasta . Wszyscy wr\u00f3cili zadowoleni i pozytywnie zm\u0119czeni. Podczas wycieczki opiek\u0119 sprawowali pani Monika Czulak wraz z panem Tomaszem Magdziekiem.<\/span><\/div>\n<div dir=\"auto\"><span style=\"color: #000080;\">By\u0142o to wspania\u0142e zako\u0144czenie roku.<\/span><\/div>\n<div dir=\"auto\">\nngg_shortcode_0_placeholder\n<\/div>\n","protected":false},"excerpt":{"rendered":"<p>22 czerwca uczniowie klasy 8b uczestniczyli w wycieczce do Janowa Lubelskiego. Niezapomnianych emocji i przyg\u00f3d dostarczy\u0142y im przeja\u017cd\u017cka samochodem terenowym w off roadzie oraz k\u0105piel b\u0142otna. Potem udali\u015bmy si\u0119 na pla\u017ce na zas\u0142u\u017cony odpoczynek,a amatorzy wra\u017ce\u0144 skorzystali z parku linowego oraz ponad 200m zjazdu tyrolskiego . W drodze powrotnej zahaczyli\u015bmy o przepyszne lody w centrum [&hellip;]<\/p>\n","protected":false},"author":2,"featured_media":0,"parent":5983,"menu_order":0,"comment_status":"closed","ping_status":"closed","template":"","meta":{"ngg_post_thumbnail":0,"footnotes":""},"class_list":["post-16291","page","type-page","status-publish","hentry"],"_links":{"self":[{"href":"https:\/\/sp1hrubieszow.pl\/index.php\/wp-json\/wp\/v2\/pages\/16291","targetHints":{"allow":["GET"]}}],"collection":[{"href":"https:\/\/sp1hrubieszow.pl\/index.php\/wp-json\/wp\/v2\/pages"}],"about":[{"href":"https:\/\/sp1hrubieszow.pl\/index.php\/wp-json\/wp\/v2\/types\/page"}],"author":[{"embeddable":true,"href":"https:\/\/sp1hrubieszow.pl\/index.php\/wp-json\/wp\/v2\/users\/2"}],"replies":[{"embeddable":true,"href":"https:\/\/sp1hrubieszow.pl\/index.php\/wp-json\/wp\/v2\/comments?post=16291"}],"version-history":[{"count":2,"href":"https:\/\/sp1hrubieszow.pl\/index.php\/wp-json\/wp\/v2\/pages\/16291\/revisions"}],"predecessor-version":[{"id":16293,"href":"https:\/\/sp1hrubieszow.pl\/index.php\/wp-json\/wp\/v2\/pages\/16291\/revisions\/16293"}],"up":[{"embeddable":true,"href":"https:\/\/sp1hrubieszow.pl\/index.php\/wp-json\/wp\/v2\/pages\/5983"}],"wp:attachment":[{"href":"https:\/\/sp1hrubieszow.pl\/index.php\/wp-json\/wp\/v2\/media?parent=16291"}],"curies":[{"name":"wp","href":"https:\/\/api.w.org\/{rel}","templated":true}]}}