{"id":16012,"date":"2022-06-09T20:24:25","date_gmt":"2022-06-09T18:24:25","guid":{"rendered":"https:\/\/sp1hrubieszow.pl\/?page_id=16012"},"modified":"2022-11-10T22:05:36","modified_gmt":"2022-11-10T21:05:36","slug":"profilaktyka-w-rytmie-hip-hopu","status":"publish","type":"page","link":"https:\/\/sp1hrubieszow.pl\/index.php\/kronika-2020-2021\/profilaktyka-w-rytmie-hip-hopu\/","title":{"rendered":"Profilaktyka w rytmie hip-hopu"},"content":{"rendered":"\n<p><span style=\"color: #000080;\">RYMcerze w sk\u0142adzie B\u0119siu i Dj. Yonas 9 czerwca odwiedzili nasz\u0105 szko\u0142\u0119 z&nbsp; przes\u0142aniem do m\u0142odzie\u017cy: \u201c<strong>Nie zmarnuj swojego \u017cycia<\/strong>\u201d. Podczas spotkania podzielili si\u0119 swoim do\u015bwiadczeniem \u017cyciowym, opowiedzieli o walce z na\u0142ogami i zwr\u00f3cili uwag\u0119 na to, aby by\u0107 sob\u0105, mie\u0107 warto\u015bci i \u017cy\u0107 wed\u0142ug nich. Raperzy przestrzegali przed wp\u0142ywem \u201ez\u0142ego towarzystwa\u201d, si\u0119ganiem po wszelkiego rodzaju u\u017cywki, nara\u017caniem si\u0119 na bezcelow\u0105 wegetacj\u0119 i zniszczenie. W zamian wskazywali m\u0142odzie\u017cy mo\u017cliwo\u015b\u0107 budowania swej przysz\u0142o\u015bci na fundamencie solidnej nauki, rozwijaniu talent\u00f3w i otaczaniu si\u0119 osobami, kt\u00f3re wspieraj\u0105 rozw\u00f3j. Zach\u0119cali tak\u017ce do zdecydowanej asertywno\u015bci wobec zagro\u017ce\u0144 i wyboru w\u0142asnej, lepszej drogi \u017cyciowej jako mo\u017cliwo\u015bci realizacji swoich cel\u00f3w i spe\u0142niania marze\u0144.<\/span><\/p>\n<p><span style=\"color: #000080;\">Przekaz by\u0142 jasny:<\/span><\/p>\n<p><span style=\"color: #000080;\">,,Nie Zmarnuj Swojego \u017bycia!<\/span><\/p>\n<p><span style=\"color: #000080;\">Nie zmarnuj czasu, talent\u00f3w, relacji.<\/span><\/p>\n<p><span style=\"color: #000080;\">\u017byj warto\u015bciami. B\u0105d\u017a sob\u0105. Rozwijaj si\u0119.<\/span><\/p>\n<p><span style=\"color: #000080;\">My\u015bl o przysz\u0142o\u015bci. B\u0105d\u017a kreatywny. Ryzykuj\u201d<\/span><\/p>\n<p><span style=\"color: #000080;\">To by\u0142 dla wszystkich bardzo warto\u015bciowy czas, kt\u00f3ry wielu sk\u0142oni\u0142 do przemy\u015ble\u0144 i refleksji na temat swojego \u017cycia.<\/span><\/p>\n<p><span style=\"color: #000080;\">Przedsi\u0119wzi\u0119cie sfinansowa\u0142a Gmina Miejska Hrubiesz\u00f3w, koordynator programu ,,Ja m\u00f3wi\u0119 NIE\u201d Anna Karkuszewska, pedagog szkolny.&nbsp;<\/span><\/p>\nngg_shortcode_0_placeholder\n","protected":false},"excerpt":{"rendered":"<p>RYMcerze w sk\u0142adzie B\u0119siu i Dj. Yonas 9 czerwca odwiedzili nasz\u0105 szko\u0142\u0119 z&nbsp; przes\u0142aniem do m\u0142odzie\u017cy: \u201cNie zmarnuj swojego \u017cycia\u201d. Podczas spotkania podzielili si\u0119 swoim do\u015bwiadczeniem \u017cyciowym, opowiedzieli o walce z na\u0142ogami i zwr\u00f3cili uwag\u0119 na to, aby by\u0107 sob\u0105, mie\u0107 warto\u015bci i \u017cy\u0107 wed\u0142ug nich. Raperzy przestrzegali przed wp\u0142ywem \u201ez\u0142ego towarzystwa\u201d, si\u0119ganiem po wszelkiego [&hellip;]<\/p>\n","protected":false},"author":2,"featured_media":0,"parent":5983,"menu_order":0,"comment_status":"closed","ping_status":"closed","template":"","meta":{"ngg_post_thumbnail":0,"footnotes":""},"class_list":["post-16012","page","type-page","status-publish","hentry"],"_links":{"self":[{"href":"https:\/\/sp1hrubieszow.pl\/index.php\/wp-json\/wp\/v2\/pages\/16012","targetHints":{"allow":["GET"]}}],"collection":[{"href":"https:\/\/sp1hrubieszow.pl\/index.php\/wp-json\/wp\/v2\/pages"}],"about":[{"href":"https:\/\/sp1hrubieszow.pl\/index.php\/wp-json\/wp\/v2\/types\/page"}],"author":[{"embeddable":true,"href":"https:\/\/sp1hrubieszow.pl\/index.php\/wp-json\/wp\/v2\/users\/2"}],"replies":[{"embeddable":true,"href":"https:\/\/sp1hrubieszow.pl\/index.php\/wp-json\/wp\/v2\/comments?post=16012"}],"version-history":[{"count":2,"href":"https:\/\/sp1hrubieszow.pl\/index.php\/wp-json\/wp\/v2\/pages\/16012\/revisions"}],"predecessor-version":[{"id":17922,"href":"https:\/\/sp1hrubieszow.pl\/index.php\/wp-json\/wp\/v2\/pages\/16012\/revisions\/17922"}],"up":[{"embeddable":true,"href":"https:\/\/sp1hrubieszow.pl\/index.php\/wp-json\/wp\/v2\/pages\/5983"}],"wp:attachment":[{"href":"https:\/\/sp1hrubieszow.pl\/index.php\/wp-json\/wp\/v2\/media?parent=16012"}],"curies":[{"name":"wp","href":"https:\/\/api.w.org\/{rel}","templated":true}]}}