{"id":15951,"date":"2022-06-08T18:31:54","date_gmt":"2022-06-08T16:31:54","guid":{"rendered":"https:\/\/sp1hrubieszow.pl\/?page_id=15951"},"modified":"2022-06-09T17:01:40","modified_gmt":"2022-06-09T15:01:40","slug":"wycieczka-do-baltowa","status":"publish","type":"page","link":"https:\/\/sp1hrubieszow.pl\/index.php\/kronika-2020-2021\/wycieczka-do-baltowa\/","title":{"rendered":"WYCIECZKA DO BA\u0141TOWA"},"content":{"rendered":"\n<p><span style=\"color: #000080;\">3 czerwca 2022r. uczniowie kl. 1b, 2a oraz kilku uczni\u00f3w z kl. 2b, 3a i 3c uczestniczy\u0142o w wycieczce do Ba\u0142towa. Opiek\u0119 nad dzie\u0107mi w tym dniu sprawowa\u0142y panie: Katarzyna Sztuk, Monika Korneluk, Justyna Przybik oraz rodzice.<\/span><\/p>\n<p><span style=\"color: #000080;\">Zwiedzanie rozpocz\u0119li\u015bmy od spaceru po Dolnym Ba\u0142towskim Zwierzy\u0144cu. Byli\u015bmy tak\u017ce w Zwierzy\u0144cu G\u00f3rnym, gdzie &nbsp;mieli\u015bmy mo\u017cliwo\u015b\u0107 przeja\u017cd\u017cki schoolbusem i obserwacji \u017cycia egzotycznych zwierz\u0105t. W Parku Miniatur podziwiali\u015bmy zamki, pa\u0142ace i ko\u015bcio\u0142y wybudowane w Polsce wiele lat temu.&nbsp;W\u0119druj\u0105c \u015bcie\u017ckami JuraParku widzieli\u015bmy modele dinozaur\u00f3w i innych prehistorycznych stworze\u0144, kt\u00f3re zrobi\u0142y na nas ogromne wra\u017cenie, gdy\u017c by\u0142y naturalnej wielko\u015bci. Emocjonalnym punktem wycieczki by\u0142o Oceanarium. Dzi\u0119ki nowoczesnej technologii dowiedzieli\u015bmy si\u0119, jak wygl\u0105da\u0142o podwodne \u017cycie miliony lat temu. R\u00f3wnie fascynuj\u0105ca by\u0142a wizyta w kinie 5D. Du\u017c\u0105 rado\u015b\u0107 sprawi\u0142 dzieciom pobyt w Parku Rozrywki, gdzie mog\u0142y korzysta\u0107 ze wszystkich atrakcji proponowanych przez Ba\u0142towski Kompleks Turystyczny. Uwie\u0144czeniem wycieczki by\u0142a wizyta w sklepie z pami\u0105tkami. <\/span><br><span style=\"color: #000080;\">&nbsp;&nbsp;&nbsp;&nbsp;&nbsp;&nbsp;&nbsp;&nbsp;&nbsp; Z Kariny Dinozaur\u00f3w wr\u00f3cili\u015bmy bardzo zadowoleni i pe\u0142ni pozytywnych wra\u017ce\u0144.<\/span><\/p>\nngg_shortcode_0_placeholder\nngg_shortcode_1_placeholder\n<p>&nbsp;<\/p>\n","protected":false},"excerpt":{"rendered":"<p>3 czerwca 2022r. uczniowie kl. 1b, 2a oraz kilku uczni\u00f3w z kl. 2b, 3a i 3c uczestniczy\u0142o w wycieczce do Ba\u0142towa. Opiek\u0119 nad dzie\u0107mi w tym dniu sprawowa\u0142y panie: Katarzyna Sztuk, Monika Korneluk, Justyna Przybik oraz rodzice. Zwiedzanie rozpocz\u0119li\u015bmy od spaceru po Dolnym Ba\u0142towskim Zwierzy\u0144cu. Byli\u015bmy tak\u017ce w Zwierzy\u0144cu G\u00f3rnym, gdzie &nbsp;mieli\u015bmy mo\u017cliwo\u015b\u0107 przeja\u017cd\u017cki schoolbusem [&hellip;]<\/p>\n","protected":false},"author":2,"featured_media":0,"parent":5983,"menu_order":0,"comment_status":"closed","ping_status":"closed","template":"","meta":{"ngg_post_thumbnail":0,"footnotes":""},"class_list":["post-15951","page","type-page","status-publish","hentry"],"_links":{"self":[{"href":"https:\/\/sp1hrubieszow.pl\/index.php\/wp-json\/wp\/v2\/pages\/15951","targetHints":{"allow":["GET"]}}],"collection":[{"href":"https:\/\/sp1hrubieszow.pl\/index.php\/wp-json\/wp\/v2\/pages"}],"about":[{"href":"https:\/\/sp1hrubieszow.pl\/index.php\/wp-json\/wp\/v2\/types\/page"}],"author":[{"embeddable":true,"href":"https:\/\/sp1hrubieszow.pl\/index.php\/wp-json\/wp\/v2\/users\/2"}],"replies":[{"embeddable":true,"href":"https:\/\/sp1hrubieszow.pl\/index.php\/wp-json\/wp\/v2\/comments?post=15951"}],"version-history":[{"count":2,"href":"https:\/\/sp1hrubieszow.pl\/index.php\/wp-json\/wp\/v2\/pages\/15951\/revisions"}],"predecessor-version":[{"id":15998,"href":"https:\/\/sp1hrubieszow.pl\/index.php\/wp-json\/wp\/v2\/pages\/15951\/revisions\/15998"}],"up":[{"embeddable":true,"href":"https:\/\/sp1hrubieszow.pl\/index.php\/wp-json\/wp\/v2\/pages\/5983"}],"wp:attachment":[{"href":"https:\/\/sp1hrubieszow.pl\/index.php\/wp-json\/wp\/v2\/media?parent=15951"}],"curies":[{"name":"wp","href":"https:\/\/api.w.org\/{rel}","templated":true}]}}