{"id":15935,"date":"2022-06-06T21:04:12","date_gmt":"2022-06-06T19:04:12","guid":{"rendered":"https:\/\/sp1hrubieszow.pl\/?page_id=15935"},"modified":"2022-06-06T21:04:42","modified_gmt":"2022-06-06T19:04:42","slug":"wycieczka-do-sandomierza","status":"publish","type":"page","link":"https:\/\/sp1hrubieszow.pl\/index.php\/kronika-2020-2021\/wycieczka-do-sandomierza\/","title":{"rendered":"Wycieczka do Sandomierza"},"content":{"rendered":"\n<p><span style=\"color: #000080;\">3 czerwca uczniowie naszej szko\u0142y udali si\u0119 na wycieczk\u0119 w kierunku G\u00f3r \u015awi\u0119tokrzyskich. Nasz\u0105 wypraw\u0119 rozpocz\u0119li\u015bmy od zwiedzania Bazyliki Katedralnej w Sandomierzu, nast\u0119pnie udali\u015bmy si\u0119 na Rynek, gdzie podziwiali\u015bmy Ratusz, przy kt\u00f3rym znajduje si\u0119 najbardziej rozpoznawalne miejsce w mie\u015bcie \u2013 s\u0142ynna studnia. Du\u017ce wra\u017cenie wywar\u0142a na nas oryginalna rze\u017aba sk\u0142adaj\u0105ca si\u0119 z &nbsp;du\u017cej kotwicy z przymocowanym pionowo \u0142a\u0144cuchem, kt\u00f3ry sprawia wra\u017cenie jakby \u201ezakotwiczy\u0142 niebo\u201d. Po spacerze udali\u015bmy si\u0119 s\u0142ynn\u0105 Furt\u0105 Dominika\u0144sk\u0105 tzw. Uchem Igielnym w kierunku W\u0105wozu Kr\u00f3lowej Jadwigi. Przej\u015bcie nim by\u0142o dla nas wspania\u0142\u0105 przygod\u0105, podczas kt\u00f3rej podziwiali\u015bmy strome \u015bciany si\u0119gaj\u0105ce do 10 metr\u00f3w wysoko\u015bci. Zbocza w\u0105wozu i jego korona poro\u015bni\u0119te s\u0105 g\u0119sto drzewami i krzewami.<\/span><\/p>\n<p><span style=\"color: #000080;\">Kolejn\u0105 niesamowit\u0105 przygod\u0105 by\u0142 rejs statkiem po Wi\u015ble. Podczas p\u00f3\u0142godzinnej wyprawy podziwiali\u015bmy niesamowite widoki \u2013 panoram\u0119 miasta po\u0142o\u017conego na skarpie, a tak\u017ce widok na G\u00f3ry Pieprzowe.<\/span><\/p>\n<p><span style=\"color: #000080;\">Po pysznym obiedzie i zakupieniu pami\u0105tek, czeka\u0142a na nas ostatnia atrakcja \u2013 wizyta<\/span><br><span style=\"color: #000080;\">&nbsp;w Zbrojowni. Spotkanie z niesamowitym cz\u0142owiekiem \u2013 rycerzem \u0141ukaszem by\u0142o dla nas oryginaln\u0105 i bardzo humorystyczn\u0105 lekcj\u0105 historii. Ch\u0142opcy przymierzali zbroje rycerskie, brali miecz, kusz\u0119, halabard\u0119. Dziewczynki mog\u0142y na chwil\u0119 poczu\u0107 si\u0119 jak renesansowe <\/span><br><span style=\"color: #000080;\">i &nbsp;barokowe ksi\u0119\u017cniczki.<\/span><\/p>\n<p><span style=\"color: #000080;\">Zadowoleni i z niesamowitymi wspomnieniami wr\u00f3cili\u015bmy do Hrubieszowa.<\/span><\/p>\nngg_shortcode_0_placeholder\n<p>&nbsp;<\/p>\n","protected":false},"excerpt":{"rendered":"<p>3 czerwca uczniowie naszej szko\u0142y udali si\u0119 na wycieczk\u0119 w kierunku G\u00f3r \u015awi\u0119tokrzyskich. Nasz\u0105 wypraw\u0119 rozpocz\u0119li\u015bmy od zwiedzania Bazyliki Katedralnej w Sandomierzu, nast\u0119pnie udali\u015bmy si\u0119 na Rynek, gdzie podziwiali\u015bmy Ratusz, przy kt\u00f3rym znajduje si\u0119 najbardziej rozpoznawalne miejsce w mie\u015bcie \u2013 s\u0142ynna studnia. Du\u017ce wra\u017cenie wywar\u0142a na nas oryginalna rze\u017aba sk\u0142adaj\u0105ca si\u0119 z &nbsp;du\u017cej kotwicy z [&hellip;]<\/p>\n","protected":false},"author":2,"featured_media":0,"parent":5983,"menu_order":0,"comment_status":"closed","ping_status":"closed","template":"","meta":{"ngg_post_thumbnail":0,"footnotes":""},"class_list":["post-15935","page","type-page","status-publish","hentry"],"_links":{"self":[{"href":"https:\/\/sp1hrubieszow.pl\/index.php\/wp-json\/wp\/v2\/pages\/15935","targetHints":{"allow":["GET"]}}],"collection":[{"href":"https:\/\/sp1hrubieszow.pl\/index.php\/wp-json\/wp\/v2\/pages"}],"about":[{"href":"https:\/\/sp1hrubieszow.pl\/index.php\/wp-json\/wp\/v2\/types\/page"}],"author":[{"embeddable":true,"href":"https:\/\/sp1hrubieszow.pl\/index.php\/wp-json\/wp\/v2\/users\/2"}],"replies":[{"embeddable":true,"href":"https:\/\/sp1hrubieszow.pl\/index.php\/wp-json\/wp\/v2\/comments?post=15935"}],"version-history":[{"count":1,"href":"https:\/\/sp1hrubieszow.pl\/index.php\/wp-json\/wp\/v2\/pages\/15935\/revisions"}],"predecessor-version":[{"id":15936,"href":"https:\/\/sp1hrubieszow.pl\/index.php\/wp-json\/wp\/v2\/pages\/15935\/revisions\/15936"}],"up":[{"embeddable":true,"href":"https:\/\/sp1hrubieszow.pl\/index.php\/wp-json\/wp\/v2\/pages\/5983"}],"wp:attachment":[{"href":"https:\/\/sp1hrubieszow.pl\/index.php\/wp-json\/wp\/v2\/media?parent=15935"}],"curies":[{"name":"wp","href":"https:\/\/api.w.org\/{rel}","templated":true}]}}