{"id":15708,"date":"2022-06-02T10:40:59","date_gmt":"2022-06-02T08:40:59","guid":{"rendered":"https:\/\/sp1hrubieszow.pl\/?page_id=15708"},"modified":"2022-06-02T10:42:30","modified_gmt":"2022-06-02T08:42:30","slug":"mapa-karier-zaprasza-na-najnowsze-wydarzenie","status":"publish","type":"page","link":"https:\/\/sp1hrubieszow.pl\/index.php\/kronika-2020-2021\/mapa-karier-zaprasza-na-najnowsze-wydarzenie\/","title":{"rendered":"MAPA KARIER ZAPRASZA NA NAJNOWSZE WYDARZENIE!"},"content":{"rendered":"\n<p><span style=\"color: #000080;\">Jak co miesi\u0105c spotykamy si\u0119 online w <a style=\"color: #000080;\" href=\"https:\/\/link.freshmail.mx\/c\/edbc8kuzo3\/s7nl52csjy\">#ZawodowymStream<\/a>ie, aby porozmawia\u0107 z go\u015b\u0107mi o ciekawych i przysz\u0142o\u015bciowych bran\u017cach oraz tematach zwi\u0105zanych z rozwojem edukacyjno-zawodowym.<\/span><\/p>\n<p><span style=\"color: #000080;\">Dla m\u0142odych i ambitnych, kt\u00f3rych szczeg\u00f3lnie interesuj\u0105 przedmioty \u015bcis\u0142e i poszukuj\u0105 innowacyjnego kierunku rozwoju kariery, mamy co\u015b specjalnego! <strong>6 czerwca i 8 czerwca spotkamy si\u0119 NA \u017bYWO ze specjalistami od energii atomowej!<\/strong> B\u0119dzie to \u015bwietna okazja, aby pozna\u0107 specyfik\u0119 pracy w sektorze j\u0105drowym, a i go\u015bcie ch\u0119tnie odpowiedz\u0105 na wszystkie pytania! Wywiady b\u0119d\u0105 realizowane we wsp\u00f3\u0142pracy z Departamentem Energii J\u0105drowej Ministerstwa Klimatu i \u015arodowiska.<\/span><\/p>\n<p><span style=\"color: #000080;\"><strong>&nbsp;<\/strong><strong>O czym porozmawiamy z Justyn\u0105, fizyczk\u0105 j\u0105drow\u0105?<\/strong> <\/span><br><span style=\"color: #000080;\">jak wygl\u0105da codzienna praca przy obs\u0142udze i utrzymaniu reaktora j\u0105drowego? <\/span><br><span style=\"color: #000080;\">jakie szko\u0142y nale\u017cy sko\u0144czy\u0107, aby pracowa\u0107 przy reaktorach j\u0105drowych? <\/span><br><span style=\"color: #000080;\">jakie s\u0105 perspektywy rozwoju energetyki j\u0105drowej w Polsce i za granic\u0105 w ci\u0105gu najbli\u017cszych lat? <\/span><br><span style=\"color: #000080;\">jakie technologie wykorzystuje fizyk j\u0105drowy? <\/span><br><br><span style=\"color: #000080;\"><strong>Co zdradzi nam Pawe\u0142, inspektor ochrony radiologicznej?<\/strong> <\/span><br><span style=\"color: #000080;\">czym jest promieniowanie jonizuj\u0105ce i jakie s\u0105 jego zastosowania? <\/span><br><span style=\"color: #000080;\">na czym polega ochrona radiologiczna? <\/span><br><span style=\"color: #000080;\">jakie kryteria trzeba spe\u0142ni\u0107, aby zosta\u0107 inspektorem ochrony radiologicznej?<\/span><\/p>\n<p><span style=\"color: #000080;\">&nbsp; jaka jest r\u00f3\u017cnica pomi\u0119dzy inspektorem ochrony radiologicznej a inspektorem dozoru j\u0105drowego? <\/span><br><span style=\"color: #000080;\">jakie jest zapotrzebowanie na specjalist\u00f3w tej dziedziny? <\/span><br><br><span style=\"color: #000080;\">Zapraszam na spotkanie online.<\/span><\/p>\n<p><span style=\"color: #000080;\">Arleta Kowalska<\/span><\/p>\n","protected":false},"excerpt":{"rendered":"<p>Jak co miesi\u0105c spotykamy si\u0119 online w #ZawodowymStreamie, aby porozmawia\u0107 z go\u015b\u0107mi o ciekawych i przysz\u0142o\u015bciowych bran\u017cach oraz tematach zwi\u0105zanych z rozwojem edukacyjno-zawodowym. Dla m\u0142odych i ambitnych, kt\u00f3rych szczeg\u00f3lnie interesuj\u0105 przedmioty \u015bcis\u0142e i poszukuj\u0105 innowacyjnego kierunku rozwoju kariery, mamy co\u015b specjalnego! 6 czerwca i 8 czerwca spotkamy si\u0119 NA \u017bYWO ze specjalistami od energii atomowej! [&hellip;]<\/p>\n","protected":false},"author":2,"featured_media":0,"parent":5983,"menu_order":0,"comment_status":"closed","ping_status":"closed","template":"","meta":{"ngg_post_thumbnail":0,"footnotes":""},"class_list":["post-15708","page","type-page","status-publish","hentry"],"_links":{"self":[{"href":"https:\/\/sp1hrubieszow.pl\/index.php\/wp-json\/wp\/v2\/pages\/15708","targetHints":{"allow":["GET"]}}],"collection":[{"href":"https:\/\/sp1hrubieszow.pl\/index.php\/wp-json\/wp\/v2\/pages"}],"about":[{"href":"https:\/\/sp1hrubieszow.pl\/index.php\/wp-json\/wp\/v2\/types\/page"}],"author":[{"embeddable":true,"href":"https:\/\/sp1hrubieszow.pl\/index.php\/wp-json\/wp\/v2\/users\/2"}],"replies":[{"embeddable":true,"href":"https:\/\/sp1hrubieszow.pl\/index.php\/wp-json\/wp\/v2\/comments?post=15708"}],"version-history":[{"count":2,"href":"https:\/\/sp1hrubieszow.pl\/index.php\/wp-json\/wp\/v2\/pages\/15708\/revisions"}],"predecessor-version":[{"id":15710,"href":"https:\/\/sp1hrubieszow.pl\/index.php\/wp-json\/wp\/v2\/pages\/15708\/revisions\/15710"}],"up":[{"embeddable":true,"href":"https:\/\/sp1hrubieszow.pl\/index.php\/wp-json\/wp\/v2\/pages\/5983"}],"wp:attachment":[{"href":"https:\/\/sp1hrubieszow.pl\/index.php\/wp-json\/wp\/v2\/media?parent=15708"}],"curies":[{"name":"wp","href":"https:\/\/api.w.org\/{rel}","templated":true}]}}