{"id":15325,"date":"2022-05-21T07:49:56","date_gmt":"2022-05-21T05:49:56","guid":{"rendered":"https:\/\/sp1hrubieszow.pl\/?page_id=15325"},"modified":"2022-05-21T07:50:12","modified_gmt":"2022-05-21T05:50:12","slug":"jedynka-po-raz-kolejny-w-finale-konkursu-miedzynarodowego","status":"publish","type":"page","link":"https:\/\/sp1hrubieszow.pl\/index.php\/kronika-2020-2021\/jedynka-po-raz-kolejny-w-finale-konkursu-miedzynarodowego\/","title":{"rendered":"Jedynka po raz kolejny w finale konkursu mi\u0119dzynarodowego"},"content":{"rendered":"\n<p><span style=\"color: #000080;\">Ju\u017c po raz drugi nasza szko\u0142a wzi\u0119\u0142a udzia\u0142 w mi\u0119dzynarodowym konkursie z j\u0119zyka angielskiego pt. <strong>\u201eLet\u2019s Celebrate Europe Day\u201d<\/strong> organizowanym przez Ekonomska \u0161kola &nbsp;Po\u017eega w Chorwacji. Patronat nad konkursem obj\u0119\u0142o Stowarzyszenie Nauczycieli &nbsp;Anglist\u00f3w i Germanist\u00f3w w Chorwacji. Konkurs podkre\u015bla znaczenie Unii Europejskiej w \u015bwiecie, promuje nauk\u0119 j\u0119zyk\u00f3w obcych oraz wspiera kreatywno\u015b\u0107 uczni\u00f3w. \u201eM\u0142odzie\u017c dziedziczy \u015bwiat\u201d to has\u0142o tegorocznej edycji, w kt\u00f3rej wzi\u0119\u0142o udzia\u0142 148 uczni\u00f3w z 14 kraj\u00f3w na \u015bwiecie (Chorwacja, Polska, Rumunia, Indie, Kolumbia, Wietnam, Kosowo, Turcja, Uzbekistan, Bu\u0142garia, Czarnog\u00f3ra, Serbia, Rosja, Gruzja). A w\u015br\u00f3d tego grona znalaz\u0142a si\u0119 <strong>Patrycja Ba\u0142szan<\/strong>, uczennica naszej szko\u0142y z klasy 7a. Animacja Patrycji wraz z 12 innymi pracami w jej kategorii wiekowej zosta\u0142a zakwalifikowana do fina\u0142u, kt\u00f3ry odby\u0142 si\u0119 w formie wideokonferecji. Podczas spotkania online mi\u0119li\u015bmy okazj\u0119 pozna\u0107 uczni\u00f3w i ich nauczycieli z r\u00f3\u017cnych zak\u0105tk\u00f3w \u015bwiata, sprawdzi\u0107 swoj\u0105 wiedz\u0119 na temat Unii Europejskiej oraz&nbsp; wymieni\u0107 si\u0119 spostrze\u017ceniami na temat konkursu. Atmosfera podczas spotkania by\u0142a niezwykle przyjazna. Cieszymy si\u0119 \u017ce mog\u0142y\u015bmy uczestniczy\u0107 w tak wspania\u0142ym przedsi\u0119wzi\u0119ciu. <\/span><\/p>\n<p style=\"text-align: center;\"><span style=\"color: #000080;\">Wielkie brawa dla Patrycji i \u017cyczymy kolejnych sukces\u00f3w!!!<\/span><\/p>\nngg_shortcode_0_placeholder\n","protected":false},"excerpt":{"rendered":"<p>Ju\u017c po raz drugi nasza szko\u0142a wzi\u0119\u0142a udzia\u0142 w mi\u0119dzynarodowym konkursie z j\u0119zyka angielskiego pt. \u201eLet\u2019s Celebrate Europe Day\u201d organizowanym przez Ekonomska \u0161kola &nbsp;Po\u017eega w Chorwacji. Patronat nad konkursem obj\u0119\u0142o Stowarzyszenie Nauczycieli &nbsp;Anglist\u00f3w i Germanist\u00f3w w Chorwacji. Konkurs podkre\u015bla znaczenie Unii Europejskiej w \u015bwiecie, promuje nauk\u0119 j\u0119zyk\u00f3w obcych oraz wspiera kreatywno\u015b\u0107 uczni\u00f3w. \u201eM\u0142odzie\u017c dziedziczy \u015bwiat\u201d [&hellip;]<\/p>\n","protected":false},"author":2,"featured_media":0,"parent":5983,"menu_order":0,"comment_status":"closed","ping_status":"closed","template":"","meta":{"ngg_post_thumbnail":0,"footnotes":""},"class_list":["post-15325","page","type-page","status-publish","hentry"],"_links":{"self":[{"href":"https:\/\/sp1hrubieszow.pl\/index.php\/wp-json\/wp\/v2\/pages\/15325","targetHints":{"allow":["GET"]}}],"collection":[{"href":"https:\/\/sp1hrubieszow.pl\/index.php\/wp-json\/wp\/v2\/pages"}],"about":[{"href":"https:\/\/sp1hrubieszow.pl\/index.php\/wp-json\/wp\/v2\/types\/page"}],"author":[{"embeddable":true,"href":"https:\/\/sp1hrubieszow.pl\/index.php\/wp-json\/wp\/v2\/users\/2"}],"replies":[{"embeddable":true,"href":"https:\/\/sp1hrubieszow.pl\/index.php\/wp-json\/wp\/v2\/comments?post=15325"}],"version-history":[{"count":1,"href":"https:\/\/sp1hrubieszow.pl\/index.php\/wp-json\/wp\/v2\/pages\/15325\/revisions"}],"predecessor-version":[{"id":15326,"href":"https:\/\/sp1hrubieszow.pl\/index.php\/wp-json\/wp\/v2\/pages\/15325\/revisions\/15326"}],"up":[{"embeddable":true,"href":"https:\/\/sp1hrubieszow.pl\/index.php\/wp-json\/wp\/v2\/pages\/5983"}],"wp:attachment":[{"href":"https:\/\/sp1hrubieszow.pl\/index.php\/wp-json\/wp\/v2\/media?parent=15325"}],"curies":[{"name":"wp","href":"https:\/\/api.w.org\/{rel}","templated":true}]}}