{"id":15019,"date":"2022-05-04T16:26:46","date_gmt":"2022-05-04T14:26:46","guid":{"rendered":"https:\/\/sp1hrubieszow.pl\/?page_id=15019"},"modified":"2022-05-04T16:27:03","modified_gmt":"2022-05-04T14:27:03","slug":"spotkanie-ze-sportowym-autorytetem","status":"publish","type":"page","link":"https:\/\/sp1hrubieszow.pl\/index.php\/kronika-2020-2021\/spotkanie-ze-sportowym-autorytetem\/","title":{"rendered":"\u201eSpotkanie ze sportowym autorytetem\u201d"},"content":{"rendered":"\n<p><span style=\"color: #000080;\">Po raz kolejny w &nbsp;naszej szkole odby\u0142o si\u0119 spotkanie z &nbsp;cyklu zaj\u0119\u0107&nbsp; pod has\u0142em ,, Spotkanie z autorytetem.\u2019\u2019&nbsp; W dniu dzisiejszym go\u015bcili\u015bmy zawodniczk\u0119 &nbsp;i trenera, kt\u00f3rzy s\u0105 zwi\u0105zani z miastem Hrubieszowem i odnosz\u0105 sukcesy w podnoszeniu ci\u0119\u017car\u00f3w:<\/span><\/p>\n<p><span style=\"color: #000080;\"><strong>Pani\u0105 Ew\u0119 Mizdal &#8211;&nbsp;&nbsp; <\/strong>Br\u0105zow\u0105 Medalistk\u0119 Mistrzostw Europy, Olimpijk\u0119 \u2013 Londyn 2012r.,<\/span><\/p>\n<p><span style=\"color: #000080;\">Czterokrotn\u0105 Uczestniczk\u0119 Mistrzostw \u015awiata,<\/span><\/p>\n<p><span style=\"color: #000080;\"><strong>Pana&nbsp; Antoniego Czerniaka<\/strong>&nbsp; &#8211; Trenera Reprezentacji Polski w Podnoszeniu Ci\u0119\u017car\u00f3w.<\/span><\/p>\n<p><span style=\"color: #000080;\">By\u0142a to niecodzienna lekcja po\u0142\u0105czona z mistrzowskim pokazem zawodniczki i jej trenera. Uczniowie naszej szko\u0142y r\u00f3wnie\u017c pr\u00f3bowali swoich si\u0142 w podnoszeniu sztangi, oczywi\u015bcie pod okiem zaproszonych go\u015bci. Obserwuj\u0105c pi\u0119kna karier\u0119 pani Ewy trenuj\u0105cej od wielu lat , odnosz\u0105cej sukcesy na arenie mi\u0119dzynarodowej, mo\u017cna domy\u015bla\u0107 si\u0119 jak wiele pracy, morderczych trening\u00f3w i po\u015bwiecenia wymaga ta dyscyplina sportu. Z ca\u0142\u0105&nbsp; stanowczo\u015bci\u0105 mo\u017cemy stwierdzi\u0107, i\u017c zawodniczka ,,Unii Hrubiesz\u00f3w\u2019\u2019 jest sportowym autorytetem zar\u00f3wno dla m\u0142odzie\u017cy i doros\u0142ych. Jest sportow\u0105 wizyt\u00f3wk\u0105 naszego miasta<\/span><\/p>\n<p><span style=\"color: #000080;\">Albert Camus powiedzia\u0142: \u201e\u0141ATWIEJ JEST ZDOBY\u0106 SUKCES, TRUDNIEJ NA NIEGO ZAS\u0141U\u017bY\u0106\u201d.<\/span><\/p>\nngg_shortcode_0_placeholder\n","protected":false},"excerpt":{"rendered":"<p>Po raz kolejny w &nbsp;naszej szkole odby\u0142o si\u0119 spotkanie z &nbsp;cyklu zaj\u0119\u0107&nbsp; pod has\u0142em ,, Spotkanie z autorytetem.\u2019\u2019&nbsp; W dniu dzisiejszym go\u015bcili\u015bmy zawodniczk\u0119 &nbsp;i trenera, kt\u00f3rzy s\u0105 zwi\u0105zani z miastem Hrubieszowem i odnosz\u0105 sukcesy w podnoszeniu ci\u0119\u017car\u00f3w: Pani\u0105 Ew\u0119 Mizdal &#8211;&nbsp;&nbsp; Br\u0105zow\u0105 Medalistk\u0119 Mistrzostw Europy, Olimpijk\u0119 \u2013 Londyn 2012r., Czterokrotn\u0105 Uczestniczk\u0119 Mistrzostw \u015awiata, Pana&nbsp; Antoniego [&hellip;]<\/p>\n","protected":false},"author":2,"featured_media":0,"parent":5983,"menu_order":0,"comment_status":"closed","ping_status":"closed","template":"","meta":{"ngg_post_thumbnail":0,"footnotes":""},"class_list":["post-15019","page","type-page","status-publish","hentry"],"_links":{"self":[{"href":"https:\/\/sp1hrubieszow.pl\/index.php\/wp-json\/wp\/v2\/pages\/15019","targetHints":{"allow":["GET"]}}],"collection":[{"href":"https:\/\/sp1hrubieszow.pl\/index.php\/wp-json\/wp\/v2\/pages"}],"about":[{"href":"https:\/\/sp1hrubieszow.pl\/index.php\/wp-json\/wp\/v2\/types\/page"}],"author":[{"embeddable":true,"href":"https:\/\/sp1hrubieszow.pl\/index.php\/wp-json\/wp\/v2\/users\/2"}],"replies":[{"embeddable":true,"href":"https:\/\/sp1hrubieszow.pl\/index.php\/wp-json\/wp\/v2\/comments?post=15019"}],"version-history":[{"count":1,"href":"https:\/\/sp1hrubieszow.pl\/index.php\/wp-json\/wp\/v2\/pages\/15019\/revisions"}],"predecessor-version":[{"id":15020,"href":"https:\/\/sp1hrubieszow.pl\/index.php\/wp-json\/wp\/v2\/pages\/15019\/revisions\/15020"}],"up":[{"embeddable":true,"href":"https:\/\/sp1hrubieszow.pl\/index.php\/wp-json\/wp\/v2\/pages\/5983"}],"wp:attachment":[{"href":"https:\/\/sp1hrubieszow.pl\/index.php\/wp-json\/wp\/v2\/media?parent=15019"}],"curies":[{"name":"wp","href":"https:\/\/api.w.org\/{rel}","templated":true}]}}