{"id":14967,"date":"2022-05-04T16:15:34","date_gmt":"2022-05-04T14:15:34","guid":{"rendered":"https:\/\/sp1hrubieszow.pl\/?page_id=14967"},"modified":"2022-05-04T16:17:00","modified_gmt":"2022-05-04T14:17:00","slug":"konkurs-na-najpiekniejszy-stroik-wielkanocny-kiermasz-i-nowe-zabawki-do-swietlicy-szkolnej","status":"publish","type":"page","link":"https:\/\/sp1hrubieszow.pl\/index.php\/kronika-2020-2021\/konkurs-na-najpiekniejszy-stroik-wielkanocny-kiermasz-i-nowe-zabawki-do-swietlicy-szkolnej\/","title":{"rendered":"KONKURS NA NAJPI\u0118KNIEJSZY STROIK WIELKANOCNY, KIERMASZ I NOWE ZABAWKI DO \u015aWIETLICY SZKOLNEJ"},"content":{"rendered":"\n<p><span style=\"color: #000080;\">Przed \u015bwi\u0119tami wielkanocnymi panie Paulina Seweryn, Joanna Sawicka i Agnieszka Ha\u0142asa og\u0142osi\u0142y konkurs na Najpi\u0119kniejszy stroik wielkanocny. Komisja konkursowa doceni\u0142a przede wszystkim samodzielno\u015b\u0107 wykonania i nagrodzi\u0142a dzie\u0142a nast\u0119puj\u0105cych uczni\u00f3w:<\/span><br><br><span style=\"color: #000080;\">I miejsce &#8211; Julia Momot z klasy 1a,<\/span><br><span style=\"color: #000080;\">II miejsce &#8211; Urszula Nowak z klasy 2b,<\/span><br><span style=\"color: #000080;\">III miejsce &#8211; Natalia Balcer z klasy 1a.<\/span><br><br><span style=\"color: #000080;\">Wyr\u00f3\u017cnienia otrzymali:<\/span><br><span style=\"color: #000080;\">Fabian Dec z klasy 1a,<\/span><br><span style=\"color: #000080;\">Lena Cierech z klasy 1a,<\/span><br><span style=\"color: #000080;\">Karol Stadnicki z klasy 6a.<\/span><br><br><span style=\"color: #000080;\">Pozosta\u0142e dzieci, kt\u00f3re wzi\u0119\u0142y udzia\u0142 w konkursie, otrzyma\u0142y pami\u0105tkowe podzi\u0119kowania.<\/span><br><br><span style=\"color: #000080;\">W dniach 12-13 kwietnia panie ze \u015bwietlicy szkolnej zorganizowa\u0142y Kiermasz Wielkanocny, podczas kt\u00f3rego mo\u017cna by\u0142o za symboliczn\u0105 kwot\u0119 naby\u0107 dowolny stroik. Zebrane pieni\u0105dze przekaza\u0142y na zakup nowych, drewnianych zabawek do \u015bwietlicy szkolnej &#8211; przychodni\/lecznicy dla zwierz\u0105t oraz kawiarni.<\/span><br><br><span style=\"color: #000080;\">Serdecznie dzi\u0119kujemy wszystkim uczestnikom konkursu oraz ich rodzicom za zaanga\u017cowanie i przekazanie prac na kiermasz. Dzi\u0119kujemy r\u00f3wnie\u017c wszystkim, kt\u00f3rzy zakupili stroiki. Dzi\u0119ki Wam doposa\u017cyli\u015bmy \u015bwietlic\u0119 szkoln\u0105.<\/span><\/p>\nngg_shortcode_0_placeholder\n","protected":false},"excerpt":{"rendered":"<p>Przed \u015bwi\u0119tami wielkanocnymi panie Paulina Seweryn, Joanna Sawicka i Agnieszka Ha\u0142asa og\u0142osi\u0142y konkurs na Najpi\u0119kniejszy stroik wielkanocny. Komisja konkursowa doceni\u0142a przede wszystkim samodzielno\u015b\u0107 wykonania i nagrodzi\u0142a dzie\u0142a nast\u0119puj\u0105cych uczni\u00f3w: I miejsce &#8211; Julia Momot z klasy 1a,II miejsce &#8211; Urszula Nowak z klasy 2b,III miejsce &#8211; Natalia Balcer z klasy 1a. Wyr\u00f3\u017cnienia otrzymali:Fabian Dec z [&hellip;]<\/p>\n","protected":false},"author":2,"featured_media":0,"parent":5983,"menu_order":0,"comment_status":"closed","ping_status":"closed","template":"","meta":{"ngg_post_thumbnail":0,"footnotes":""},"class_list":["post-14967","page","type-page","status-publish","hentry"],"_links":{"self":[{"href":"https:\/\/sp1hrubieszow.pl\/index.php\/wp-json\/wp\/v2\/pages\/14967","targetHints":{"allow":["GET"]}}],"collection":[{"href":"https:\/\/sp1hrubieszow.pl\/index.php\/wp-json\/wp\/v2\/pages"}],"about":[{"href":"https:\/\/sp1hrubieszow.pl\/index.php\/wp-json\/wp\/v2\/types\/page"}],"author":[{"embeddable":true,"href":"https:\/\/sp1hrubieszow.pl\/index.php\/wp-json\/wp\/v2\/users\/2"}],"replies":[{"embeddable":true,"href":"https:\/\/sp1hrubieszow.pl\/index.php\/wp-json\/wp\/v2\/comments?post=14967"}],"version-history":[{"count":2,"href":"https:\/\/sp1hrubieszow.pl\/index.php\/wp-json\/wp\/v2\/pages\/14967\/revisions"}],"predecessor-version":[{"id":14979,"href":"https:\/\/sp1hrubieszow.pl\/index.php\/wp-json\/wp\/v2\/pages\/14967\/revisions\/14979"}],"up":[{"embeddable":true,"href":"https:\/\/sp1hrubieszow.pl\/index.php\/wp-json\/wp\/v2\/pages\/5983"}],"wp:attachment":[{"href":"https:\/\/sp1hrubieszow.pl\/index.php\/wp-json\/wp\/v2\/media?parent=14967"}],"curies":[{"name":"wp","href":"https:\/\/api.w.org\/{rel}","templated":true}]}}