{"id":14826,"date":"2022-05-02T07:31:42","date_gmt":"2022-05-02T05:31:42","guid":{"rendered":"https:\/\/sp1hrubieszow.pl\/?page_id=14826"},"modified":"2022-05-02T07:32:05","modified_gmt":"2022-05-02T05:32:05","slug":"pidzama-party","status":"publish","type":"page","link":"https:\/\/sp1hrubieszow.pl\/index.php\/kronika-2020-2021\/pidzama-party\/","title":{"rendered":"&#8222;Pid\u017cama party&#8221;"},"content":{"rendered":"\n<p><span style=\"color: #000080;\">29 kwietnia&nbsp; w naszej &#8222;Jedynce&#8221; si\u0119 zadzia\u0142o&#8230;&#8221;Pid\u017cama party&#8221;&#8230;Zobaczcie sami&#8230; Dzi\u0119kujemy bardzo rozta\u0144czonym uczennicom z klasy 8b &#8211; Nikola Czulak, Hania Gidzi\u0144ska, Maja Paluch, Zosia \u015aliwa &#8211; za rozkr\u0119cenie zabawy. Dzi\u0119kujemy uzdolnionym ch\u0142opakom &#8211; Pawe\u0142 Gumieniak z klasy 8d i Maciej Obszy\u0144ski z klasy 8b &#8211; za nag\u0142o\u015bnienie. Dzi\u0119kujemy wszystkim, kt\u00f3rzy bawili si\u0119 z nami.<\/span><\/p>\nngg_shortcode_0_placeholder\n","protected":false},"excerpt":{"rendered":"<p>29 kwietnia&nbsp; w naszej &#8222;Jedynce&#8221; si\u0119 zadzia\u0142o&#8230;&#8221;Pid\u017cama party&#8221;&#8230;Zobaczcie sami&#8230; Dzi\u0119kujemy bardzo rozta\u0144czonym uczennicom z klasy 8b &#8211; Nikola Czulak, Hania Gidzi\u0144ska, Maja Paluch, Zosia \u015aliwa &#8211; za rozkr\u0119cenie zabawy. Dzi\u0119kujemy uzdolnionym ch\u0142opakom &#8211; Pawe\u0142 Gumieniak z klasy 8d i Maciej Obszy\u0144ski z klasy 8b &#8211; za nag\u0142o\u015bnienie. Dzi\u0119kujemy wszystkim, kt\u00f3rzy bawili si\u0119 z nami.<\/p>\n","protected":false},"author":2,"featured_media":0,"parent":5983,"menu_order":0,"comment_status":"closed","ping_status":"closed","template":"","meta":{"ngg_post_thumbnail":0,"footnotes":""},"class_list":["post-14826","page","type-page","status-publish","hentry"],"_links":{"self":[{"href":"https:\/\/sp1hrubieszow.pl\/index.php\/wp-json\/wp\/v2\/pages\/14826","targetHints":{"allow":["GET"]}}],"collection":[{"href":"https:\/\/sp1hrubieszow.pl\/index.php\/wp-json\/wp\/v2\/pages"}],"about":[{"href":"https:\/\/sp1hrubieszow.pl\/index.php\/wp-json\/wp\/v2\/types\/page"}],"author":[{"embeddable":true,"href":"https:\/\/sp1hrubieszow.pl\/index.php\/wp-json\/wp\/v2\/users\/2"}],"replies":[{"embeddable":true,"href":"https:\/\/sp1hrubieszow.pl\/index.php\/wp-json\/wp\/v2\/comments?post=14826"}],"version-history":[{"count":1,"href":"https:\/\/sp1hrubieszow.pl\/index.php\/wp-json\/wp\/v2\/pages\/14826\/revisions"}],"predecessor-version":[{"id":14827,"href":"https:\/\/sp1hrubieszow.pl\/index.php\/wp-json\/wp\/v2\/pages\/14826\/revisions\/14827"}],"up":[{"embeddable":true,"href":"https:\/\/sp1hrubieszow.pl\/index.php\/wp-json\/wp\/v2\/pages\/5983"}],"wp:attachment":[{"href":"https:\/\/sp1hrubieszow.pl\/index.php\/wp-json\/wp\/v2\/media?parent=14826"}],"curies":[{"name":"wp","href":"https:\/\/api.w.org\/{rel}","templated":true}]}}