{"id":14696,"date":"2022-04-27T16:45:45","date_gmt":"2022-04-27T14:45:45","guid":{"rendered":"https:\/\/sp1hrubieszow.pl\/?page_id=14696"},"modified":"2022-04-27T16:46:32","modified_gmt":"2022-04-27T14:46:32","slug":"swieta-majowe","status":"publish","type":"page","link":"https:\/\/sp1hrubieszow.pl\/index.php\/kronika-2020-2021\/swieta-majowe\/","title":{"rendered":"\u015aWI\u0118TA MAJOWE"},"content":{"rendered":"\n<p><span style=\"color: #000080;\">Zapraszamy ca\u0142\u0105 spo\u0142eczno\u015b\u0107 szkoln\u0105 do obejrzenia inscenizacji z okazji \u015bwi\u0105t majowych. Przedstawienie przygotowali uczniowie &nbsp;klas 3a, 3b i 3c wraz z wychowawcami. Dekoracj\u0119 wykona\u0142y panie Arleta Kowalska i Ewa Filipowicz-Sidorczuk.<\/span><br><span style=\"color: #000080;\">Dzi\u0119kujemy!<\/span><\/p>\n<p>https:\/\/www.youtube.com\/watch?v=evE9Buqr2Tk&#038;t=86s<\/p>\nngg_shortcode_0_placeholder\n","protected":false},"excerpt":{"rendered":"<p>Zapraszamy ca\u0142\u0105 spo\u0142eczno\u015b\u0107 szkoln\u0105 do obejrzenia inscenizacji z okazji \u015bwi\u0105t majowych. Przedstawienie przygotowali uczniowie &nbsp;klas 3a, 3b i 3c wraz z wychowawcami. Dekoracj\u0119 wykona\u0142y panie Arleta Kowalska i Ewa Filipowicz-Sidorczuk.Dzi\u0119kujemy! https:\/\/www.youtube.com\/watch?v=evE9Buqr2Tk&#038;t=86s<\/p>\n","protected":false},"author":2,"featured_media":0,"parent":5983,"menu_order":0,"comment_status":"closed","ping_status":"closed","template":"","meta":{"ngg_post_thumbnail":0,"footnotes":""},"class_list":["post-14696","page","type-page","status-publish","hentry"],"_links":{"self":[{"href":"https:\/\/sp1hrubieszow.pl\/index.php\/wp-json\/wp\/v2\/pages\/14696","targetHints":{"allow":["GET"]}}],"collection":[{"href":"https:\/\/sp1hrubieszow.pl\/index.php\/wp-json\/wp\/v2\/pages"}],"about":[{"href":"https:\/\/sp1hrubieszow.pl\/index.php\/wp-json\/wp\/v2\/types\/page"}],"author":[{"embeddable":true,"href":"https:\/\/sp1hrubieszow.pl\/index.php\/wp-json\/wp\/v2\/users\/2"}],"replies":[{"embeddable":true,"href":"https:\/\/sp1hrubieszow.pl\/index.php\/wp-json\/wp\/v2\/comments?post=14696"}],"version-history":[{"count":1,"href":"https:\/\/sp1hrubieszow.pl\/index.php\/wp-json\/wp\/v2\/pages\/14696\/revisions"}],"predecessor-version":[{"id":14697,"href":"https:\/\/sp1hrubieszow.pl\/index.php\/wp-json\/wp\/v2\/pages\/14696\/revisions\/14697"}],"up":[{"embeddable":true,"href":"https:\/\/sp1hrubieszow.pl\/index.php\/wp-json\/wp\/v2\/pages\/5983"}],"wp:attachment":[{"href":"https:\/\/sp1hrubieszow.pl\/index.php\/wp-json\/wp\/v2\/media?parent=14696"}],"curies":[{"name":"wp","href":"https:\/\/api.w.org\/{rel}","templated":true}]}}