{"id":14537,"date":"2022-04-13T14:56:09","date_gmt":"2022-04-13T12:56:09","guid":{"rendered":"https:\/\/sp1hrubieszow.pl\/?page_id=14537"},"modified":"2022-04-13T14:58:22","modified_gmt":"2022-04-13T12:58:22","slug":"klasa-7a-w-muzeum-auschwitz-birkenau","status":"publish","type":"page","link":"https:\/\/sp1hrubieszow.pl\/index.php\/kronika-2020-2021\/klasa-7a-w-muzeum-auschwitz-birkenau\/","title":{"rendered":"Klasa 7a w Muzeum Auschwitz-Birkenau"},"content":{"rendered":"\n<p><span style=\"color: #000080;\">W dobie \u015bwiatowej zawieruchy, wojennych niepokoj\u00f3w chyba i my musimy szybciej dorasta\u0107; rozwija\u0107 swoj\u0105 \u015bwiadomo\u015b\u0107 na temat \u015bwiata wsp\u00f3\u0142czesnego. Wa\u017cnym jest fakt, \u017ce rzeczywisto\u015b\u0107 mo\u017cemy bardziej pozna\u0107, maj\u0105c wiedz\u0119 na temat przesz\u0142o\u015bci.<\/span><\/p>\n<p><span style=\"color: #000080;\">&nbsp;&nbsp;&nbsp;&nbsp;&nbsp;&nbsp;&nbsp;&nbsp;&nbsp;&nbsp;&nbsp;&nbsp;&nbsp;&nbsp;&nbsp; I w\u0142a\u015bnie w tym duchu, poznania przesz\u0142o\u015bci, kart historii, kt\u00f3re niestety, cz\u0119sto&nbsp; odkrywaj\u0105 czarne strony ludzko\u015bci, zwiedzili\u015bmy <strong><u>Muzeum Auschwitz-Birkenau.<\/u><\/strong><\/span><\/p>\n<p><span style=\"color: #000080;\">Klasa 7a wybra\u0142a si\u0119 do tego miejsca pami\u0119ci dnia 12.04.2022.<\/span><\/p>\n<p><span style=\"color: #000080;\">Wycieczka zosta\u0142a zorganizowana w ramach realizowania zagadnie\u0144 wychowawczych dotycz\u0105cych poznawania historii Polski oraz kultywowania pami\u0119ci o przesz\u0142o\u015bci Narodu Polskiego.<\/span><\/p>\n<p><span style=\"color: #000080;\">&nbsp;&nbsp;&nbsp;&nbsp;&nbsp;&nbsp;&nbsp;&nbsp;&nbsp;&nbsp;&nbsp; Czas, kt\u00f3ry sp\u0119dzili\u015bmy w O\u015bwi\u0119cimiu, nauczy\u0142 nas wiele.<\/span><\/p>\n<p><span style=\"color: #000080;\">Musieli\u015bmy zestawi\u0107 w\u0142asne wyobra\u017cenie o tragedii Holocaustu z rzeczywistymi obrazami, kt\u00f3re bywa\u0142y wstrz\u0105saj\u0105ce. Jednak mamy \u015bwiadomo\u015b\u0107, \u017ce unikanie wiedzy o drastycznych momentach ludzko\u015bci prowadzi do nie\u015bwiadomo\u015bci, a przez to braku wyci\u0105gania wniosk\u00f3w na przysz\u0142o\u015b\u0107.<\/span><\/p>\n<p><span style=\"color: #000080;\">My chcemy wiedzie\u0107, chcemy widzie\u0107, by jako m\u0142ode pokolenie umie\u0107 zmienia\u0107 \u015bwiat na taki, w kt\u00f3rym jakakolwiek przemoc b\u0119dzie marginesem, a nie norm\u0105 zachowa\u0144.<\/span><\/p>\nngg_shortcode_0_placeholder\n<p>&nbsp;<\/p>\n<p>&nbsp;<\/p>\n","protected":false},"excerpt":{"rendered":"<p>W dobie \u015bwiatowej zawieruchy, wojennych niepokoj\u00f3w chyba i my musimy szybciej dorasta\u0107; rozwija\u0107 swoj\u0105 \u015bwiadomo\u015b\u0107 na temat \u015bwiata wsp\u00f3\u0142czesnego. Wa\u017cnym jest fakt, \u017ce rzeczywisto\u015b\u0107 mo\u017cemy bardziej pozna\u0107, maj\u0105c wiedz\u0119 na temat przesz\u0142o\u015bci. &nbsp;&nbsp;&nbsp;&nbsp;&nbsp;&nbsp;&nbsp;&nbsp;&nbsp;&nbsp;&nbsp;&nbsp;&nbsp;&nbsp;&nbsp; I w\u0142a\u015bnie w tym duchu, poznania przesz\u0142o\u015bci, kart historii, kt\u00f3re niestety, cz\u0119sto&nbsp; odkrywaj\u0105 czarne strony ludzko\u015bci, zwiedzili\u015bmy Muzeum Auschwitz-Birkenau. Klasa 7a wybra\u0142a [&hellip;]<\/p>\n","protected":false},"author":2,"featured_media":0,"parent":5983,"menu_order":0,"comment_status":"closed","ping_status":"closed","template":"","meta":{"ngg_post_thumbnail":0,"footnotes":""},"class_list":["post-14537","page","type-page","status-publish","hentry"],"_links":{"self":[{"href":"https:\/\/sp1hrubieszow.pl\/index.php\/wp-json\/wp\/v2\/pages\/14537","targetHints":{"allow":["GET"]}}],"collection":[{"href":"https:\/\/sp1hrubieszow.pl\/index.php\/wp-json\/wp\/v2\/pages"}],"about":[{"href":"https:\/\/sp1hrubieszow.pl\/index.php\/wp-json\/wp\/v2\/types\/page"}],"author":[{"embeddable":true,"href":"https:\/\/sp1hrubieszow.pl\/index.php\/wp-json\/wp\/v2\/users\/2"}],"replies":[{"embeddable":true,"href":"https:\/\/sp1hrubieszow.pl\/index.php\/wp-json\/wp\/v2\/comments?post=14537"}],"version-history":[{"count":3,"href":"https:\/\/sp1hrubieszow.pl\/index.php\/wp-json\/wp\/v2\/pages\/14537\/revisions"}],"predecessor-version":[{"id":14546,"href":"https:\/\/sp1hrubieszow.pl\/index.php\/wp-json\/wp\/v2\/pages\/14537\/revisions\/14546"}],"up":[{"embeddable":true,"href":"https:\/\/sp1hrubieszow.pl\/index.php\/wp-json\/wp\/v2\/pages\/5983"}],"wp:attachment":[{"href":"https:\/\/sp1hrubieszow.pl\/index.php\/wp-json\/wp\/v2\/media?parent=14537"}],"curies":[{"name":"wp","href":"https:\/\/api.w.org\/{rel}","templated":true}]}}