{"id":14457,"date":"2022-04-10T15:12:55","date_gmt":"2022-04-10T13:12:55","guid":{"rendered":"https:\/\/sp1hrubieszow.pl\/?page_id=14457"},"modified":"2022-04-10T15:13:59","modified_gmt":"2022-04-10T13:13:59","slug":"zakonczenie-x-jubileuszowej-edycji-warsztatow-madrzy-rodzice","status":"publish","type":"page","link":"https:\/\/sp1hrubieszow.pl\/index.php\/kronika-2020-2021\/zakonczenie-x-jubileuszowej-edycji-warsztatow-madrzy-rodzice\/","title":{"rendered":"Zako\u0144czenie X-Jubileuszowej edycji warsztat\u00f3w \u201eM\u0105drzy Rodzice\u201d"},"content":{"rendered":"\n<div class=\"kvgmc6g5 cxmmr5t8 oygrvhab hcukyx3x c1et5uql ii04i59q\">\n<div dir=\"auto\"><span style=\"color: #000080;\">\u201eNajlepsz\u0105 form\u0105 wychowania jest nieustanny dialog, kt\u00f3ry pozwala obu stronom pozna\u0107 siebie nawzajem, a dziecku daje mo\u017cliwo\u015b\u0107 przyswojenia sobie do\u015bwiadczenia i m\u0105dro\u015bci doros\u0142ych\u201d. Jesper Juul<\/span><\/div>\n<div dir=\"auto\">&nbsp;<\/div>\n<\/div>\n<div class=\"cxmmr5t8 oygrvhab hcukyx3x c1et5uql o9v6fnle ii04i59q\">\n<div dir=\"auto\"><span style=\"color: #000080;\">W dniu 02.04.2022r. zako\u0144czy\u0142a si\u0119 realizacja X edycji warsztat\u00f3w \u201eM\u0105drzy Rodzice\u201d. Warsztaty edukacyjne dla rodzic\u00f3w odbywa\u0142y si\u0119 w miesi\u0105cach marzec-kwiecie\u0144 2022r. w Szkole Podstawowej Nr 1 im. Boles\u0142awa Prusa w Hrubieszowie i by\u0142y realizowane we wsp\u00f3\u0142pracy z Gmin\u0105 Miejsk\u0105 Hrubiesz\u00f3w. Uczestnicy zaj\u0119\u0107 warsztatowych wzi\u0119li udzia\u0142 w zaj\u0119ciach prowadzonych przez specjalist\u00f3w z r\u00f3\u017cnych dziedzin oraz w grupie wsparcia, pozwalaj\u0105cej na wymian\u0119 rodzicielskich do\u015bwiadcze\u0144, zwi\u0105zanych<\/span><\/div>\n<div dir=\"auto\"><span style=\"color: #000080;\">z wychowaniem dzieci i m\u0142odzie\u017cy. Dodatkowym atutem warsztat\u00f3w, kt\u00f3rych realizacja przypad\u0142a na trudne czasy, by\u0142o wspieranie rodzic\u00f3w w ochronie zdrowia psychicznego oraz dobrostanu zar\u00f3wno dzieci, jaki i rodzic\u00f3w. Na zako\u0144czenie zaj\u0119\u0107 rodzice otrzymali Certyfikaty uko\u0144czenia warsztat\u00f3w oraz ksi\u0105\u017cki, kt\u00f3rych zakup sfinansowany by\u0142 przez Gmin\u0119 Miejsk\u0105 Hrubiesz\u00f3w. Absolwenci warsztat\u00f3w zostali zaproszeni do grupy na fb pod nazw\u0105 \u201eGrupa wsparcia-M\u0105drzy Rodzice po warsztatach\u201d, zrzeszaj\u0105cej absolwent\u00f3w wszystkich dziesi\u0119ciu edycji warsztat\u00f3w, realizowanych w Hrubieszowie. O przydatno\u015bci tego typu przedsi\u0119wzi\u0119cia, dedykowanego rodzicom i opiekunom \u015bwiadczy\u0107 mog\u0105 pozytywne opini\u0119 uczestnik\u00f3w warsztat\u00f3w, wybrane z nich zacytowano poni\u017cej:<\/span><\/div>\n<div dir=\"auto\"><span style=\"color: #000080;\">I. \u201eSzczerze polecam warsztaty wszystkim rodzicom, nawet przysz\u0142ym. Dzi\u0119ki warsztatom zrozumia\u0142am, gdzie pope\u0142niam b\u0142\u0119dy i nauczy\u0142am si\u0119, jak je niwelowa\u0107. M\u0105drzy Rodzice to nie tylko informacje o wychowaniu dzieci, dla rodzica to podr\u00f3\u017c w g\u0142\u0105b siebie, refleksja nad wewn\u0119trznym ja-rodzic, cz\u0142owiek! Dzi\u0119kuj\u0119 serdecznie za to do\u015bwiadczenie\u201d.<\/span><\/div>\n<div dir=\"auto\"><span style=\"color: #000080;\">II. \u201ePo uko\u0144czeniu warsztat\u00f3w potrafi\u0119 lepiej i m\u0105drzej kocha\u0107 swoje dzieci. Nie chodzi o to, \u017ceby urodzi\u0107 i po prostu kocha\u0107 dzieci ale tak\u017ce o to, by by\u0107 odpowiedzialnym za ich wychowanie, przygotowanie do \u017cycia w trudnym \u015bwiecie\u201d.<\/span><\/div>\n<div dir=\"auto\"><span style=\"color: #000080;\">III. \u201eWarsztaty wnios\u0142y wiele pozytywnych inspiracji do mojego \u017cycia. Pokaza\u0142y, \u017ce du\u017co mo\u017cna zmieni\u0107 w relacji rodzic-dziecko z innym podej\u015bciem ni\u017c mamy z w\u0142asnego dzieci\u0144stwa. Zda\u0142am sobie spraw\u0119 z tego, jak wa\u017cne w naszym \u017cyciu s\u0105 emocje, spos\u00f3b ich wyra\u017cania i akceptacja emocji. Spr\u00f3buj\u0119 pewne narz\u0119dzia wykorzysta\u0107 w swoim rodzicielstwie, aby wychowa\u0107 swoje dzieci na pewnych siebie i akceptuj\u0105cych siebie doros\u0142ych\u201d.<\/span><\/div>\n<div dir=\"auto\"><span style=\"color: #000080;\">IV. \u201eWarsztaty to najlepsze co zrobi\u0142am dla siebie i swoich dzieci. Nauczy\u0142am si\u0119 i ucz\u0119 rozmawia\u0107 inaczej z dzie\u0107mi o emocjach i oczekiwaniach\u201d.<\/span><\/div>\n<div dir=\"auto\"><span style=\"color: #000080;\">V. \u201eWarsztaty pomog\u0142y mi bardziej kontrolowa\u0107 moje emocje, kt\u00f3re wp\u0142ywaj\u0105 na moje dzieci. Pomog\u0142y w przypomnieniu o najwa\u017cniejszych warto\u015bciach. Dowiedzia\u0142am si\u0119 jakie zagro\u017cenia czyhaj\u0105 na nasze dzieci\u201d.<\/span><\/div>\n<div dir=\"auto\">&nbsp;<\/div>\n<div dir=\"auto\"><span style=\"color: #000080;\">Dzi\u0119kuj\u0119 wszystkim wsp\u00f3\u0142tworz\u0105cym warsztaty rodzicom i wyk\u0142adowcom za te owocne chwile, po\u015bwi\u0119cone na rzecz rozwoju rodzicielskich kompetencji wychowawczych.<\/span><\/div>\n<div dir=\"auto\">&nbsp;<\/div>\n<div dir=\"auto\"><span style=\"color: #000080;\">Lider warsztat\u00f3w \u201eM\u0105drzy Rodzice\u201d Marta Kuczy\u0144ska, pedagog-terapeuta SP Nr 1 Hrubiesz\u00f3w<\/span><\/div>\n<div dir=\"auto\">\nngg_shortcode_0_placeholder\n<\/div>\n<\/div>\n","protected":false},"excerpt":{"rendered":"<p>\u201eNajlepsz\u0105 form\u0105 wychowania jest nieustanny dialog, kt\u00f3ry pozwala obu stronom pozna\u0107 siebie nawzajem, a dziecku daje mo\u017cliwo\u015b\u0107 przyswojenia sobie do\u015bwiadczenia i m\u0105dro\u015bci doros\u0142ych\u201d. Jesper Juul &nbsp; W dniu 02.04.2022r. zako\u0144czy\u0142a si\u0119 realizacja X edycji warsztat\u00f3w \u201eM\u0105drzy Rodzice\u201d. Warsztaty edukacyjne dla rodzic\u00f3w odbywa\u0142y si\u0119 w miesi\u0105cach marzec-kwiecie\u0144 2022r. w Szkole Podstawowej Nr 1 im. Boles\u0142awa Prusa [&hellip;]<\/p>\n","protected":false},"author":2,"featured_media":0,"parent":5983,"menu_order":0,"comment_status":"closed","ping_status":"closed","template":"","meta":{"ngg_post_thumbnail":0,"footnotes":""},"class_list":["post-14457","page","type-page","status-publish","hentry"],"_links":{"self":[{"href":"https:\/\/sp1hrubieszow.pl\/index.php\/wp-json\/wp\/v2\/pages\/14457","targetHints":{"allow":["GET"]}}],"collection":[{"href":"https:\/\/sp1hrubieszow.pl\/index.php\/wp-json\/wp\/v2\/pages"}],"about":[{"href":"https:\/\/sp1hrubieszow.pl\/index.php\/wp-json\/wp\/v2\/types\/page"}],"author":[{"embeddable":true,"href":"https:\/\/sp1hrubieszow.pl\/index.php\/wp-json\/wp\/v2\/users\/2"}],"replies":[{"embeddable":true,"href":"https:\/\/sp1hrubieszow.pl\/index.php\/wp-json\/wp\/v2\/comments?post=14457"}],"version-history":[{"count":1,"href":"https:\/\/sp1hrubieszow.pl\/index.php\/wp-json\/wp\/v2\/pages\/14457\/revisions"}],"predecessor-version":[{"id":14458,"href":"https:\/\/sp1hrubieszow.pl\/index.php\/wp-json\/wp\/v2\/pages\/14457\/revisions\/14458"}],"up":[{"embeddable":true,"href":"https:\/\/sp1hrubieszow.pl\/index.php\/wp-json\/wp\/v2\/pages\/5983"}],"wp:attachment":[{"href":"https:\/\/sp1hrubieszow.pl\/index.php\/wp-json\/wp\/v2\/media?parent=14457"}],"curies":[{"name":"wp","href":"https:\/\/api.w.org\/{rel}","templated":true}]}}