{"id":14067,"date":"2022-03-02T13:24:21","date_gmt":"2022-03-02T12:24:21","guid":{"rendered":"https:\/\/sp1hrubieszow.pl\/?page_id=14067"},"modified":"2022-03-02T13:25:07","modified_gmt":"2022-03-02T12:25:07","slug":"wideokonferencja-dla-rodzicow-jak-rozmawiac-z-dziecmi-i-mlodzieza-o-sytuacji-w-ukrainie","status":"publish","type":"page","link":"https:\/\/sp1hrubieszow.pl\/index.php\/kronika-2020-2021\/wideokonferencja-dla-rodzicow-jak-rozmawiac-z-dziecmi-i-mlodzieza-o-sytuacji-w-ukrainie\/","title":{"rendered":"Wideokonferencja dla rodzic\u00f3w &#8222;Jak rozmawia\u0107 z dzie\u0107mi i m\u0142odzie\u017c\u0105 o sytuacji w Ukrainie?&#8221;"},"content":{"rendered":"\n<p><span style=\"color: #000080;\">Szanowni Pa\u0144stwo<\/span><br><span style=\"color: #000080;\">w odpowiedzi na sygnalizowane potrzeby, Lubelski Kurator O\u015bwiaty, w czwartek <strong>3 marca 2022 r. o godz. 16.30 organizuje w formule on-line spotkanie z psychologami, adresowane do rodzic\u00f3w dzieci i m\u0142odzie\u017cy, w temacie &#8222;Jak rozmawia\u0107 z dzie\u0107mi i m\u0142odzie\u017c\u0105 o sytuacji w Ukrainie?&#8221;. <\/strong><\/span><br><span style=\"color: #000080;\">Przewidziano wyst\u0105pienia:<\/span><\/p>\n<ol>\n<li><span style=\"color: #000080;\">&#8222;Jak rozmawia\u0107 z dzie\u0107mi i m\u0142odzie\u017c\u0105 o wojnie?&#8221; &#8211;&nbsp; z p. Anna Radziwi\u0142ko &#8211; psycholog, konsultant ds. wychowania, opieki i pomocy psychologiczno-pedagogicznej oraz profilaktyki w Lubelskim Samorz\u0105dowym Centrum Doskonalenia Nauczycieli &#8211; przedstawi praktyczne wskaz\u00f3wki, kiedy i jak rozmawia\u0107 z dzie\u0107mi w r\u00f3\u017cnym wieku oraz z m\u0142odzie\u017c\u0105 na ten temat, co nale\u017cy m\u00f3wi\u0107, czego unika\u0107;<\/span><\/li>\n<li><span style=\"color: #000080;\">&#8222;Jak przygotowa\u0107 dziecko na zmiany w domu\/w szkole\/ w klasie (w kontek\u015bcie aktualnej sytuacji)?&#8221;&nbsp; &#8211; p. dr Wies\u0142aw Poleszak &#8211; psycholog, psychoterapeuta, pracownik naukowy Wy\u017cszej Szko\u0142y Ekonomii i Innowacji w Lublinie, ekspert Ministerstwa Edukacji i Nauki i O\u015brodka Rozwoju Edukacji &#8211; specjalizuje si\u0119 w problematyce wspierania dzieci i m\u0142odzie\u017cy w rozwoju, wychowania oraz w psychoprofilaktyce zachowa\u0144 problemowych \u2013 przybli\u017cy spos\u00f3b funkcjonowania dzieci i m\u0142odzie\u017cy, reagowanie na zmiany, przedstawi wskaz\u00f3wki, jak pom\u00f3c odnale\u017a\u0107 si\u0119 dziecku\/ m\u0142odemu cz\u0142owiekowi w nowej rzeczywisto\u015bci.<\/span><\/li>\n<\/ol>\n<p><span style=\"color: #000080;\">Prosz\u0119 Pa\u0144stwa Dyrektor\u00f3w o przekazanie informacji i udost\u0119pnienie linku (za po\u015brednictwem dost\u0119pnych kana\u0142\u00f3w komunikacji) wszystkim rodzicom z Pa\u0144stwa przedszkoli, szk\u00f3\u0142 i plac\u00f3wek.<\/span><br><span style=\"color: #000080;\"><a style=\"color: #000080;\" href=\"https:\/\/teams.microsoft.com\/l\/meetup-join\/19%3ameeting_ZmY2MTkyNjktZGYzZC00ZjhhLWEzYTktMjIyNDJkMGZiYzQ0%40thread.v2\/0?context=%7b%22Tid%22%3a%22e006472f-3211-4ea2-a7c6-ebaa0cb3af78%22%2c%22Oid%22%3a%22d180fcff-1206-43fe-b5b5-8134a79f6b96%22%2c%22IsBroadcastMeeting%22%3atrue%7d&amp;btype=a&amp;role=a\"><strong>Link do wideokonferencji:<\/strong><\/a><\/span><\/p>\n<p><br><span style=\"color: #000080;\"><a style=\"color: #000080;\" href=\"https:\/\/teams.microsoft.com\/l\/meetup-join\/19%3ameeting_ZmY2MTkyNjktZGYzZC00ZjhhLWEzYTktMjIyNDJkMGZiYzQ0%40thread.v2\/0?context=%7b%22Tid%22%3a%22e006472f-3211-4ea2-a7c6-ebaa0cb3af78%22%2c%22Oid%22%3a%22d180fcff-1206-43fe-b5b5-8134a79f6b96%22%2c%22IsBroadcastMeeting%22%3atrue%7d&amp;btype=a&amp;role=a\">https:\/\/teams.microsoft.com\/l\/meetup-join\/19%3ameeting_ZmY2MTkyNjktZGYzZC00ZjhhLWEzYTktMjIyNDJkMGZiYzQ0%40thread.v2\/0?context=%7b%22Tid%22%3a%22e006472f-3211-4ea2-a7c6-ebaa0cb3af78%22%2c%22Oid%22%3a%22d180fcff-1206-43fe-b5b5-8134a79f6b96%22%2c%22IsBroadcastMeeting%22%3atrue%7d&amp;btype=a&amp;role=a<\/a><\/span><\/p>\n<p><br><span style=\"color: #000080;\">\u0141\u0105cz\u0119 wyrazy szacunku<\/span><br><span style=\"color: #000080;\">Teresa Misiuk<\/span><br><span style=\"color: #000080;\">Lubelski Kurator O\u015bwiaty<\/span><\/p>\n","protected":false},"excerpt":{"rendered":"<p>Szanowni Pa\u0144stwow odpowiedzi na sygnalizowane potrzeby, Lubelski Kurator O\u015bwiaty, w czwartek 3 marca 2022 r. o godz. 16.30 organizuje w formule on-line spotkanie z psychologami, adresowane do rodzic\u00f3w dzieci i m\u0142odzie\u017cy, w temacie &#8222;Jak rozmawia\u0107 z dzie\u0107mi i m\u0142odzie\u017c\u0105 o sytuacji w Ukrainie?&#8221;. Przewidziano wyst\u0105pienia: &#8222;Jak rozmawia\u0107 z dzie\u0107mi i m\u0142odzie\u017c\u0105 o wojnie?&#8221; &#8211;&nbsp; z [&hellip;]<\/p>\n","protected":false},"author":2,"featured_media":0,"parent":5983,"menu_order":0,"comment_status":"closed","ping_status":"closed","template":"","meta":{"ngg_post_thumbnail":0,"footnotes":""},"class_list":["post-14067","page","type-page","status-publish","hentry"],"_links":{"self":[{"href":"https:\/\/sp1hrubieszow.pl\/index.php\/wp-json\/wp\/v2\/pages\/14067","targetHints":{"allow":["GET"]}}],"collection":[{"href":"https:\/\/sp1hrubieszow.pl\/index.php\/wp-json\/wp\/v2\/pages"}],"about":[{"href":"https:\/\/sp1hrubieszow.pl\/index.php\/wp-json\/wp\/v2\/types\/page"}],"author":[{"embeddable":true,"href":"https:\/\/sp1hrubieszow.pl\/index.php\/wp-json\/wp\/v2\/users\/2"}],"replies":[{"embeddable":true,"href":"https:\/\/sp1hrubieszow.pl\/index.php\/wp-json\/wp\/v2\/comments?post=14067"}],"version-history":[{"count":1,"href":"https:\/\/sp1hrubieszow.pl\/index.php\/wp-json\/wp\/v2\/pages\/14067\/revisions"}],"predecessor-version":[{"id":14068,"href":"https:\/\/sp1hrubieszow.pl\/index.php\/wp-json\/wp\/v2\/pages\/14067\/revisions\/14068"}],"up":[{"embeddable":true,"href":"https:\/\/sp1hrubieszow.pl\/index.php\/wp-json\/wp\/v2\/pages\/5983"}],"wp:attachment":[{"href":"https:\/\/sp1hrubieszow.pl\/index.php\/wp-json\/wp\/v2\/media?parent=14067"}],"curies":[{"name":"wp","href":"https:\/\/api.w.org\/{rel}","templated":true}]}}