{"id":13881,"date":"2022-01-17T10:08:47","date_gmt":"2022-01-17T09:08:47","guid":{"rendered":"http:\/\/sp1.hrubieszow.info\/?page_id=13881"},"modified":"2022-01-17T10:16:53","modified_gmt":"2022-01-17T09:16:53","slug":"x-jubileuszowa-edycja-warsztatow-madrzy-rodzice-w-hrubieszowie-zapisy-na-warsztaty","status":"publish","type":"page","link":"https:\/\/sp1hrubieszow.pl\/index.php\/kronika-2020-2021\/x-jubileuszowa-edycja-warsztatow-madrzy-rodzice-w-hrubieszowie-zapisy-na-warsztaty\/","title":{"rendered":"X Jubileuszowa edycja warsztat\u00f3w \u201e M\u0105drzy Rodzice\u201d w Hrubieszowie. Zapisy na warsztaty"},"content":{"rendered":"\n<p><\/p>\n\n\n\n<p><span style=\"color: #000080;\"><em>Rodzicu!<\/em><\/span><\/p>\n<p><span style=\"color: #000080;\"><em>Okres pandemii okaza\u0142 si\u0119 ci\u0119\u017ck\u0105 pr\u00f3b\u0105 dla wszystkich ludzi, w spos\u00f3b szczeg\u00f3lny dotkn\u0105\u0142 dzieci i m\u0142odzie\u017c oraz ich rodzic\u00f3w. Tegoroczna edycja warsztat\u00f3w \u201eM\u0105drzy Rodzice\u201d b\u0119dzie po\u015bwi\u0119cona w du\u017cej mierze profilaktyce zdrowia psychicznego i kszta\u0142towaniu umiej\u0119tno\u015bci radzenia sobie w trudnych sytuacjach. Dzi\u0119ki warsztatom \u201eM\u0105drzy Rodzice\u201d we\u017amiesz udzia\u0142 w szkoleniu,<\/em> <em>podnosz\u0105cym Twoje kompetencje wychowawcze lecz przede wszystkim uzyskasz odpowiedzi na nurtuj\u0105ce Ci\u0119 trudne pytania zwi\u0105zane z rodzicielstwem a tak\u017ce otrzymasz wsparcie specjalist\u00f3w i innych rodzic\u00f3w<\/em><em>.<\/em><\/span><\/p>\n<p><span style=\"color: #000080;\">X edycja bezp\u0142atnych warsztat\u00f3w \u201eM\u0105drzy Rodzice\u201d b\u0119dzie realizowana we wsp\u00f3\u0142pracy <\/span><br><span style=\"color: #000080;\">z Gmin\u0105 Miejsk\u0105 Hrubiesz\u00f3w, w Szkole Podstawowej Nr 1 im. Boles\u0142awa Prusa <\/span><br><span style=\"color: #000080;\">w Hrubieszowie, w miesi\u0105cach marzec-kwiecie\u0144 2022r. Data rozpocz\u0119cia warsztat\u00f3w zaplanowana jest na 4 marca 2022r., ale b\u0119dzie ona uzale\u017cniona od aktualnej sytuacji sanitarno-epidemiologicznej w kraju. Poprzednie edycje warsztat\u00f3w realizowane w latach 2012-2021 spotka\u0142y si\u0119 z bardzo dobrym odbiorem ze strony rodzic\u00f3w i opiekun\u00f3w-uczestnik\u00f3w zaj\u0119\u0107.<\/span><\/p>\n<p><span style=\"color: #000080;\">Priorytetowym celem warsztat\u00f3w jest \u0107wiczenie praktycznych umiej\u0119tno\u015bci budowania prawid\u0142owych relacji z dzie\u0107mi i m\u0142odzie\u017c\u0105, pomaganie doros\u0142ym w kszta\u0142towaniu swojego \u017cycia na miar\u0119 rodzicielskiej mi\u0142o\u015bci i odpowiedzialno\u015bci<strong>.<br><\/strong>Zaj\u0119cia warsztatowe maj\u0105 na celu rozwijanie kompetencji wychowawczych rodzic\u00f3w oraz podniesienie poziomu wiedzy dotycz\u0105cej prawid\u0142owej komunikacji z dzieckiem, m\u0105drej dyscypliny, \u017cywienia, higieny, szczepie\u0144 ochronnych, prawnej ochrony rodziny, wychowania do seksualno\u015bci, wychowania w duchu warto\u015bci, zapobiegania uzale\u017cnieniom i innym zachowaniom ryzykownym w\u015br\u00f3d dzieci i m\u0142odzie\u017cy. Podczas warsztat\u00f3w, rodzice b\u0119d\u0105 mogli dzieli\u0107 si\u0119 swoimi rado\u015bciami i troskami w ramach \u201eGrupy wsparcia\u201d. Zaj\u0119cia dla rodzic\u00f3w poprowadzi certyfikowany lider programu \u201eM\u0105drzy Rodzice\u201d wraz ze specjalistami <\/span><br><span style=\"color: #000080;\">z zakresu psychologii, prawa i uzale\u017cnie\u0144. Warsztaty, w \u0142\u0105cznej liczbie 50 godzin dydaktycznych,&nbsp; b\u0119d\u0105 si\u0119 odbywa\u0107 w cyklu pi\u0105tkowo-sobotnim (pi\u0105tkowe popo\u0142udnia, sobotnie przedpo\u0142udnia).Warsztaty s\u0105&nbsp; finansowane ze \u015brodk\u00f3w Gminy Miejskiej Hrubiesz\u00f3w. Uczestnicy maj\u0105 zapewnione: pocz\u0119stunek na przerwy kawowe, materia\u0142y szkoleniowe oraz certyfikat i&nbsp; ksi\u0105\u017ck\u0119 na zako\u0144czenie zaj\u0119\u0107.<\/span><\/p>\n<p><span style=\"color: #000080;\"><strong>UWAGA- ZAPISY !<\/strong><\/span><\/p>\n<p><span style=\"color: #000080;\"><strong>W warsztatach mog\u0105 wzi\u0105\u0107 udzia\u0142 rodzice i opiekunowie (tak\u017ce dziadkowie i rodzice zast\u0119pczy) wychowuj\u0105cy dzieci i m\u0142odzie\u017c w r\u00f3\u017cnym wieku, z Hrubieszowa i okolic&nbsp;<\/strong><strong>(ilo\u015b\u0107 miejsc ograniczona).<\/strong><\/span><\/p>\n<p><span style=\"color: #000080;\"><strong><u>Zapisy na warsztaty&nbsp; przyjmuje <\/u><\/strong><strong>: Marta Kuczy\u0144ska, pedagog -terapeuta <br>Szko\u0142a Podstawowa&nbsp; Nr 1 im. Boles\u0142awa Prusa w&nbsp; Hrubieszowie, ul. Listopadowa 12, tel. 84&nbsp;696 2074, email:<\/strong><a style=\"color: #000080;\" href=\"mailto:pedagog.mk@op.pl\"><strong>pedagog.mk@op.pl<\/strong><\/a><strong>&nbsp; <\/strong><\/span><\/p>\n<p><span style=\"color: #000080;\"><strong>Zapisy na warsztaty trwaj\u0105 do dnia 7 lutego 2022r<\/strong><strong>. (lub do wyczerpania limitu miejsc).<\/strong><\/span><\/p>\n<p>&nbsp;<\/p>\n","protected":false},"excerpt":{"rendered":"<p>Rodzicu! Okres pandemii okaza\u0142 si\u0119 ci\u0119\u017ck\u0105 pr\u00f3b\u0105 dla wszystkich ludzi, w spos\u00f3b szczeg\u00f3lny dotkn\u0105\u0142 dzieci i m\u0142odzie\u017c oraz ich rodzic\u00f3w. Tegoroczna edycja warsztat\u00f3w \u201eM\u0105drzy Rodzice\u201d b\u0119dzie po\u015bwi\u0119cona w du\u017cej mierze profilaktyce zdrowia psychicznego i kszta\u0142towaniu umiej\u0119tno\u015bci radzenia sobie w trudnych sytuacjach. Dzi\u0119ki warsztatom \u201eM\u0105drzy Rodzice\u201d we\u017amiesz udzia\u0142 w szkoleniu, podnosz\u0105cym Twoje kompetencje wychowawcze lecz przede [&hellip;]<\/p>\n","protected":false},"author":2,"featured_media":0,"parent":5983,"menu_order":0,"comment_status":"closed","ping_status":"closed","template":"","meta":{"ngg_post_thumbnail":0,"footnotes":""},"class_list":["post-13881","page","type-page","status-publish","hentry"],"_links":{"self":[{"href":"https:\/\/sp1hrubieszow.pl\/index.php\/wp-json\/wp\/v2\/pages\/13881","targetHints":{"allow":["GET"]}}],"collection":[{"href":"https:\/\/sp1hrubieszow.pl\/index.php\/wp-json\/wp\/v2\/pages"}],"about":[{"href":"https:\/\/sp1hrubieszow.pl\/index.php\/wp-json\/wp\/v2\/types\/page"}],"author":[{"embeddable":true,"href":"https:\/\/sp1hrubieszow.pl\/index.php\/wp-json\/wp\/v2\/users\/2"}],"replies":[{"embeddable":true,"href":"https:\/\/sp1hrubieszow.pl\/index.php\/wp-json\/wp\/v2\/comments?post=13881"}],"version-history":[{"count":6,"href":"https:\/\/sp1hrubieszow.pl\/index.php\/wp-json\/wp\/v2\/pages\/13881\/revisions"}],"predecessor-version":[{"id":13893,"href":"https:\/\/sp1hrubieszow.pl\/index.php\/wp-json\/wp\/v2\/pages\/13881\/revisions\/13893"}],"up":[{"embeddable":true,"href":"https:\/\/sp1hrubieszow.pl\/index.php\/wp-json\/wp\/v2\/pages\/5983"}],"wp:attachment":[{"href":"https:\/\/sp1hrubieszow.pl\/index.php\/wp-json\/wp\/v2\/media?parent=13881"}],"curies":[{"name":"wp","href":"https:\/\/api.w.org\/{rel}","templated":true}]}}

X Jubileuszowa edycja warsztatów „ Mądrzy Rodzice” w Hrubieszowie. Zapisy na warsztaty

<p></p>



<p><span style="color: #000080;"><em>Rodzicu!</em></span></p>
<p><span style="color: #000080;"><em>Okres pandemii okazał się ciężką próbą dla wszystkich ludzi, w sposób szczególny dotknął dzieci i młodzież oraz ich rodziców. Tegoroczna edycja warsztatów „Mądrzy Rodzice” będzie poświęcona w dużej mierze profilaktyce zdrowia psychicznego i kształtowaniu umiejętności radzenia sobie w trudnych sytuacjach. Dzięki warsztatom „Mądrzy Rodzice” weźmiesz udział w szkoleniu,</em> <em>podnoszącym Twoje kompetencje wychowawcze lecz przede wszystkim uzyskasz odpowiedzi na nurtujące Cię trudne pytania związane z rodzicielstwem a także otrzymasz wsparcie specjalistów i innych rodziców</em><em>.</em></span></p>
<p><span style="color: #000080;">X edycja bezpłatnych warsztatów „Mądrzy Rodzice” będzie realizowana we współpracy </span><br><span style="color: #000080;">z Gminą Miejską Hrubieszów, w Szkole Podstawowej Nr 1 im. Bolesława Prusa </span><br><span style="color: #000080;">w Hrubieszowie, w miesiącach marzec-kwiecień 2022r. Data rozpoczęcia warsztatów zaplanowana jest na 4 marca 2022r., ale będzie ona uzależniona od aktualnej sytuacji sanitarno-epidemiologicznej w kraju. Poprzednie edycje warsztatów realizowane w latach 2012-2021 spotkały się z bardzo dobrym odbiorem ze strony rodziców i opiekunów-uczestników zajęć.</span></p>
<p><span style="color: #000080;">Priorytetowym celem warsztatów jest ćwiczenie praktycznych umiejętności budowania prawidłowych relacji z dziećmi i młodzieżą, pomaganie dorosłym w kształtowaniu swojego życia na miarę rodzicielskiej miłości i odpowiedzialności<strong>.<br></strong>Zajęcia warsztatowe mają na celu rozwijanie kompetencji wychowawczych rodziców oraz podniesienie poziomu wiedzy dotyczącej prawidłowej komunikacji z dzieckiem, mądrej dyscypliny, żywienia, higieny, szczepień ochronnych, prawnej ochrony rodziny, wychowania do seksualności, wychowania w duchu wartości, zapobiegania uzależnieniom i innym zachowaniom ryzykownym wśród dzieci i młodzieży. Podczas warsztatów, rodzice będą mogli dzielić się swoimi radościami i troskami w ramach „Grupy wsparcia”. Zajęcia dla rodziców poprowadzi certyfikowany lider programu „Mądrzy Rodzice” wraz ze specjalistami </span><br><span style="color: #000080;">z zakresu psychologii, prawa i uzależnień. Warsztaty, w łącznej liczbie 50 godzin dydaktycznych,&nbsp; będą się odbywać w cyklu piątkowo-sobotnim (piątkowe popołudnia, sobotnie przedpołudnia).Warsztaty są&nbsp; finansowane ze środków Gminy Miejskiej Hrubieszów. Uczestnicy mają zapewnione: poczęstunek na przerwy kawowe, materiały szkoleniowe oraz certyfikat i&nbsp; książkę na zakończenie zajęć.</span></p>
<p><span style="color: #000080;"><strong>UWAGA- ZAPISY !</strong></span></p>
<p><span style="color: #000080;"><strong>W warsztatach mogą wziąć udział rodzice i opiekunowie (także dziadkowie i rodzice zastępczy) wychowujący dzieci i młodzież w różnym wieku, z Hrubieszowa i okolic&nbsp;</strong><strong>(ilość miejsc ograniczona).</strong></span></p>
<p><span style="color: #000080;"><strong><u>Zapisy na warsztaty&nbsp; przyjmuje </u></strong><strong>: Marta Kuczyńska, pedagog -terapeuta <br>Szkoła Podstawowa&nbsp; Nr 1 im. Bolesława Prusa w&nbsp; Hrubieszowie, ul. Listopadowa 12, tel. 84&nbsp;696 2074, email:</strong><a style="color: #000080;" href="mailto:pedagog.mk@op.pl"><strong>pedagog.mk@op.pl</strong></a><strong>&nbsp; </strong></span></p>
<p><span style="color: #000080;"><strong>Zapisy na warsztaty trwają do dnia 7 lutego 2022r</strong><strong>. (lub do wyczerpania limitu miejsc).</strong></span></p>
<p>&nbsp;</p>

<p>Rodzicu! Okres pandemii okazał się ciężką próbą dla wszystkich ludzi, w sposób szczególny dotknął dzieci i młodzież oraz ich rodziców. Tegoroczna edycja warsztatów „Mądrzy Rodzice” będzie poświęcona w dużej mierze profilaktyce zdrowia psychicznego i kształtowaniu umiejętności radzenia sobie w trudnych sytuacjach. Dzięki warsztatom „Mądrzy Rodzice” weźmiesz udział w szkoleniu, podnoszącym Twoje kompetencje wychowawcze lecz przede [&hellip;]</p>
