{"id":13869,"date":"2022-01-11T18:06:43","date_gmt":"2022-01-11T17:06:43","guid":{"rendered":"http:\/\/sp1.hrubieszow.info\/?page_id=13869"},"modified":"2022-01-11T18:07:14","modified_gmt":"2022-01-11T17:07:14","slug":"zajecia-czytelnicze-w-klasie-2a","status":"publish","type":"page","link":"https:\/\/sp1hrubieszow.pl\/index.php\/kronika-2020-2021\/zajecia-czytelnicze-w-klasie-2a\/","title":{"rendered":"ZAJ\u0118CIA CZYTELNICZE W KLASIE 2A"},"content":{"rendered":"\n<p><span style=\"color: #000080;\">Podczas zaj\u0119\u0107 czytelniczych klas\u0119 2a odwiedzili funkcjonariusze Stra\u017cy Granicznej w Hrubieszowie, zach\u0119caj\u0105c uczni\u00f3w do udzia\u0142u w &#8222;Lekcji potriotyczno-edukacyjnej o misiu Wojtku, dzielnym \u017co\u0142nierzu&#8221;. <\/span><br><span style=\"color: #000080;\">Funkcjonariusze wr\u0119czyli uczniom zestawy historyczne, w kt\u00f3rych znajduj\u0105 si\u0119 informacje na temat historii 2 Korpusu Polskiego oraz pojawienia si\u0119 w nim brunatnego nied\u017awiedzia o imieniu Wojtek.<\/span><\/p>\n<p><span style=\"color: #000080;\">Takie zestawy zosta\u0142y przekazane tak\u017ce do biblioteki szkolnej.&nbsp;<\/span><\/p>\n<p><span style=\"color: #000080;\">&nbsp;W czasie zaj\u0119\u0107 dodatkowych uczniowie systematycznie zdobywali informacje o historii misia, kt\u00f3ry podczas drugiej wojny \u015bwiatowej pomaga\u0142 \u017co\u0142nierzom dostarcza\u0107 amunicj\u0119 do oddzia\u0142\u00f3w. W\u0142a\u015bnie to wydarzenie sk\u0142oni\u0142o jednego z&nbsp;\u017co\u0142nierzy 22 Kompanii do naszkicowania rysunku nied\u017awiedzia krocz\u0105cego na dw\u00f3ch nogach z pociskiem artyleryjskim w \u0142apach. Wizerunek ten sta\u0142 si\u0119 symbolem pododdzia\u0142u.<\/span><\/p>\n<p><span style=\"color: #000080;\">&nbsp;&nbsp;&nbsp; &nbsp;Podczas &#8222;Lekcji patriotyczno-edukacyjnych&#8221; uczniowie kolorowali te\u017c ilustracje zwi\u0105zane z histori\u0105 nied\u017awiadka. Te zaj\u0119cia by\u0142y doskona\u0142\u0105 okazj\u0105 do przeczytania lektury \u0141ukasza Wierzbickiego &#8222;Dziadek <\/span><span style=\"color: #000080;\">i nied\u017awiadek&#8221;.<\/span><\/p>\nngg_shortcode_0_placeholder\n","protected":false},"excerpt":{"rendered":"<p>Podczas zaj\u0119\u0107 czytelniczych klas\u0119 2a odwiedzili funkcjonariusze Stra\u017cy Granicznej w Hrubieszowie, zach\u0119caj\u0105c uczni\u00f3w do udzia\u0142u w &#8222;Lekcji potriotyczno-edukacyjnej o misiu Wojtku, dzielnym \u017co\u0142nierzu&#8221;. Funkcjonariusze wr\u0119czyli uczniom zestawy historyczne, w kt\u00f3rych znajduj\u0105 si\u0119 informacje na temat historii 2 Korpusu Polskiego oraz pojawienia si\u0119 w nim brunatnego nied\u017awiedzia o imieniu Wojtek. Takie zestawy zosta\u0142y przekazane tak\u017ce do [&hellip;]<\/p>\n","protected":false},"author":2,"featured_media":0,"parent":5983,"menu_order":0,"comment_status":"closed","ping_status":"closed","template":"","meta":{"ngg_post_thumbnail":0,"footnotes":""},"class_list":["post-13869","page","type-page","status-publish","hentry"],"_links":{"self":[{"href":"https:\/\/sp1hrubieszow.pl\/index.php\/wp-json\/wp\/v2\/pages\/13869","targetHints":{"allow":["GET"]}}],"collection":[{"href":"https:\/\/sp1hrubieszow.pl\/index.php\/wp-json\/wp\/v2\/pages"}],"about":[{"href":"https:\/\/sp1hrubieszow.pl\/index.php\/wp-json\/wp\/v2\/types\/page"}],"author":[{"embeddable":true,"href":"https:\/\/sp1hrubieszow.pl\/index.php\/wp-json\/wp\/v2\/users\/2"}],"replies":[{"embeddable":true,"href":"https:\/\/sp1hrubieszow.pl\/index.php\/wp-json\/wp\/v2\/comments?post=13869"}],"version-history":[{"count":1,"href":"https:\/\/sp1hrubieszow.pl\/index.php\/wp-json\/wp\/v2\/pages\/13869\/revisions"}],"predecessor-version":[{"id":13870,"href":"https:\/\/sp1hrubieszow.pl\/index.php\/wp-json\/wp\/v2\/pages\/13869\/revisions\/13870"}],"up":[{"embeddable":true,"href":"https:\/\/sp1hrubieszow.pl\/index.php\/wp-json\/wp\/v2\/pages\/5983"}],"wp:attachment":[{"href":"https:\/\/sp1hrubieszow.pl\/index.php\/wp-json\/wp\/v2\/media?parent=13869"}],"curies":[{"name":"wp","href":"https:\/\/api.w.org\/{rel}","templated":true}]}}