{"id":13489,"date":"2021-12-15T17:27:30","date_gmt":"2021-12-15T16:27:30","guid":{"rendered":"http:\/\/sp1.hrubieszow.info\/?page_id=13489"},"modified":"2021-12-15T17:28:40","modified_gmt":"2021-12-15T16:28:40","slug":"laureaci-konkursu-plastycznego-na-plakat-promujacy-rodzicielstwo-zastepcze","status":"publish","type":"page","link":"https:\/\/sp1hrubieszow.pl\/index.php\/kronika-2020-2021\/laureaci-konkursu-plastycznego-na-plakat-promujacy-rodzicielstwo-zastepcze\/","title":{"rendered":"Laureaci konkursu plastycznego na plakat promuj\u0105cy ,,Rodzicielstwo zast\u0119pcze\u201d"},"content":{"rendered":"\n<p><span style=\"color: #000080;\">Powiatowe Centrum Pomocy Rodzinie w Hrubieszowie og\u0142osi\u0142o wyniki konkursu plastycznego na plakat promuj\u0105cy ,,Rodzicielstwo zast\u0119pcze\u201d. W dniu 14 grudnia 2021r. zosta\u0142y wr\u0119czone nagrody.<\/span><\/p>\n<p><span style=\"color: #000080;\">Uroczysto\u015b\u0107 odby\u0142a si\u0119 w siedzibie Starostwa Powiatowego w Hrubieszowie, w obecno\u015bci Pani Aneta Karpiuk \u2013 Starosty Hrubieszowskiego, kt\u00f3ra obj\u0119\u0142a patronatem nasz konkurs. W kategorii klas IV, V i VI szko\u0142y podstawowej jury wyr\u00f3\u017cni\u0142o prace \u2013 Agaty Szyma\u0144skiej i Dawida Dworaka z klasy 5 b, a w kategorii klas VII i VIII laureatem zosta\u0142a Wiktoria Iwan z klasy 7 d, wyr\u00f3\u017cnienia otrzymali Wiktoria Korzeniowska z klasy 7c oraz Oliwia M\u0105czka kl.7d ze Szko\u0142y Podstawowej Nr 1 w Hrubieszowie.<\/span><\/p>\n<p><span style=\"color: #000080;\">Nagrodzone prace zosta\u0142y umieszczone na kalendarzu \u015bciennym na 2022 rok .<\/span><\/p>\n<p><span style=\"color: #000080;\">Serdecznie gratulujemy wszystkim laureatom i \u017cyczymy dalszych sukces\u00f3w!<\/span><\/p>\nngg_shortcode_0_placeholder\n","protected":false},"excerpt":{"rendered":"<p>Powiatowe Centrum Pomocy Rodzinie w Hrubieszowie og\u0142osi\u0142o wyniki konkursu plastycznego na plakat promuj\u0105cy ,,Rodzicielstwo zast\u0119pcze\u201d. W dniu 14 grudnia 2021r. zosta\u0142y wr\u0119czone nagrody. Uroczysto\u015b\u0107 odby\u0142a si\u0119 w siedzibie Starostwa Powiatowego w Hrubieszowie, w obecno\u015bci Pani Aneta Karpiuk \u2013 Starosty Hrubieszowskiego, kt\u00f3ra obj\u0119\u0142a patronatem nasz konkurs. W kategorii klas IV, V i VI szko\u0142y podstawowej jury [&hellip;]<\/p>\n","protected":false},"author":2,"featured_media":0,"parent":5983,"menu_order":0,"comment_status":"closed","ping_status":"closed","template":"","meta":{"ngg_post_thumbnail":0,"footnotes":""},"class_list":["post-13489","page","type-page","status-publish","hentry"],"_links":{"self":[{"href":"https:\/\/sp1hrubieszow.pl\/index.php\/wp-json\/wp\/v2\/pages\/13489","targetHints":{"allow":["GET"]}}],"collection":[{"href":"https:\/\/sp1hrubieszow.pl\/index.php\/wp-json\/wp\/v2\/pages"}],"about":[{"href":"https:\/\/sp1hrubieszow.pl\/index.php\/wp-json\/wp\/v2\/types\/page"}],"author":[{"embeddable":true,"href":"https:\/\/sp1hrubieszow.pl\/index.php\/wp-json\/wp\/v2\/users\/2"}],"replies":[{"embeddable":true,"href":"https:\/\/sp1hrubieszow.pl\/index.php\/wp-json\/wp\/v2\/comments?post=13489"}],"version-history":[{"count":1,"href":"https:\/\/sp1hrubieszow.pl\/index.php\/wp-json\/wp\/v2\/pages\/13489\/revisions"}],"predecessor-version":[{"id":13490,"href":"https:\/\/sp1hrubieszow.pl\/index.php\/wp-json\/wp\/v2\/pages\/13489\/revisions\/13490"}],"up":[{"embeddable":true,"href":"https:\/\/sp1hrubieszow.pl\/index.php\/wp-json\/wp\/v2\/pages\/5983"}],"wp:attachment":[{"href":"https:\/\/sp1hrubieszow.pl\/index.php\/wp-json\/wp\/v2\/media?parent=13489"}],"curies":[{"name":"wp","href":"https:\/\/api.w.org\/{rel}","templated":true}]}}