{"id":13472,"date":"2021-12-13T20:42:37","date_gmt":"2021-12-13T19:42:37","guid":{"rendered":"http:\/\/sp1.hrubieszow.info\/?page_id=13472"},"modified":"2021-12-13T20:43:48","modified_gmt":"2021-12-13T19:43:48","slug":"klasa-8a-i-ich-przygoda-z-lektura-maly-ksiaze","status":"publish","type":"page","link":"https:\/\/sp1hrubieszow.pl\/index.php\/kronika-2020-2021\/klasa-8a-i-ich-przygoda-z-lektura-maly-ksiaze\/","title":{"rendered":"Klasa 8a i ich przygoda z lektur\u0105 &#8222;Ma\u0142y Ksi\u0105\u017ce&#8221;"},"content":{"rendered":"\n<p><span style=\"color: #000080;\">W listopadzie uczniowie klasy 8a uczestniczyli w lekcjach po\u015bwi\u0119conych lekturze obowi\u0105zkowej &#8222;Ma\u0142y Ksi\u0105\u017c\u0119&#8221;. Na dobry pocz\u0105tek zaj\u0119li\u015bmy si\u0119 czytaniem lektury, ale tym razem nie w domu, ale na lekcjach polskiego. Czytali wszyscy w ciszy i skupieniu, a widok uczni\u00f3w z ksi\u0105\u017ck\u0105 po prostu mnie zachwyci\u0142.&nbsp;<\/span><\/p>\n<p><span style=\"color: #000080;\">Po zapoznaniu si\u0119 z tekstem, przysz\u0142a pora na sprawdzenie znajomo\u015bci lektury, ale nie by\u0142o kartk\u00f3wki. Uczniowie grali w dydaktyczn\u0105 gr\u0119 planszow\u0105 na motywach ksi\u0105\u017cki &#8222;Ma\u0142y Ksi\u0105\u017ce&#8221; z serii &#8222;Mi\u0119dzy nami graczami&#8221; z wydawnictwa GWO.&nbsp;<\/span><\/p>\n<p><span style=\"color: #000080;\">Pi\u0119kne cytaty z dzie\u0142a Antoine de Saint-Exup\u00e9ry utrwalali\u015bmy umieszczaj\u0105c je na bawe\u0142nianych&nbsp; koszulkach z wykorzystaniem pisak\u00f3w do tkanin. Uczniowie stworzyli naprawd\u0119 pi\u0119kne lekturowe bluzeczki. Cudo!<\/span><\/p>\n<p><span style=\"color: #000080;\">Poza tym m\u0142odzie\u017c z klasy 8a otrzyma\u0142a za zadanie stworzenie lekturowego pude\u0142ka inspirowanego omawian\u0105 ksi\u0105\u017ck\u0105. W pude\u0142ku mia\u0142o si\u0119 znale\u017a\u0107 wszystko to, co kojarzy si\u0119 z &#8222;Ma\u0142ym Ksi\u0119ciem&#8221;. Na wieczku za\u015b powinno by\u0107 napisane kr\u00f3tkie streszczenie lektury. Dodatkowy elementem by\u0142 tak\u017ce list do wybranego bohatera ksi\u0105\u017cki.<\/span><\/p>\n<p><span style=\"color: #000080;\">Przygod\u0119 z lektur\u0105 zako\u0144czy\u0142y zaj\u0119cia przeprowadzone przez pani\u0105 Aleksandr\u0119 Kopczy\u0144sk\u0105 &#8211; pracownika MBP w Hrubieszowie. Pani Ola zrealizowa\u0142a temat &#8222;Przyja\u017a\u0144 jest najwa\u017cniejsza&#8221;. Podczas lekcji uczniowie korzystali z aplikacji telefonicznych &#8211; czytnik kod\u00f3w QR i aplikacji &#8222;Malutki Ksi\u0105\u017ce&#8221; oraz z ksi\u0105\u017cki &#8222;Ma\u0142y Ksi\u0105\u017ce. Rozszerzona rzeczywisto\u015b\u0107&#8221; zawieraj\u0105cej tr\u00f3jwymiarowe ilustracje.&nbsp;<\/span><\/p>\n<p><span style=\"color: #000080;\">Mam nadziej\u0119, \u017ce ta lektura na d\u0142ugo zostanie w pami\u0119ci moich uczni\u00f3w i b\u0119d\u0105 do niej wraca\u0107 nie tylko podczas przygotowa\u0144 do egzaminu.&nbsp;<\/span><\/p>\n<p style=\"text-align: right;\"><span style=\"color: #000080;\">Marta Lackowska<\/span><\/p>\nngg_shortcode_0_placeholder\n","protected":false},"excerpt":{"rendered":"<p>W listopadzie uczniowie klasy 8a uczestniczyli w lekcjach po\u015bwi\u0119conych lekturze obowi\u0105zkowej &#8222;Ma\u0142y Ksi\u0105\u017c\u0119&#8221;. Na dobry pocz\u0105tek zaj\u0119li\u015bmy si\u0119 czytaniem lektury, ale tym razem nie w domu, ale na lekcjach polskiego. Czytali wszyscy w ciszy i skupieniu, a widok uczni\u00f3w z ksi\u0105\u017ck\u0105 po prostu mnie zachwyci\u0142.&nbsp; Po zapoznaniu si\u0119 z tekstem, przysz\u0142a pora na sprawdzenie znajomo\u015bci [&hellip;]<\/p>\n","protected":false},"author":2,"featured_media":0,"parent":5983,"menu_order":0,"comment_status":"closed","ping_status":"closed","template":"","meta":{"ngg_post_thumbnail":0,"footnotes":""},"class_list":["post-13472","page","type-page","status-publish","hentry"],"_links":{"self":[{"href":"https:\/\/sp1hrubieszow.pl\/index.php\/wp-json\/wp\/v2\/pages\/13472","targetHints":{"allow":["GET"]}}],"collection":[{"href":"https:\/\/sp1hrubieszow.pl\/index.php\/wp-json\/wp\/v2\/pages"}],"about":[{"href":"https:\/\/sp1hrubieszow.pl\/index.php\/wp-json\/wp\/v2\/types\/page"}],"author":[{"embeddable":true,"href":"https:\/\/sp1hrubieszow.pl\/index.php\/wp-json\/wp\/v2\/users\/2"}],"replies":[{"embeddable":true,"href":"https:\/\/sp1hrubieszow.pl\/index.php\/wp-json\/wp\/v2\/comments?post=13472"}],"version-history":[{"count":2,"href":"https:\/\/sp1hrubieszow.pl\/index.php\/wp-json\/wp\/v2\/pages\/13472\/revisions"}],"predecessor-version":[{"id":13474,"href":"https:\/\/sp1hrubieszow.pl\/index.php\/wp-json\/wp\/v2\/pages\/13472\/revisions\/13474"}],"up":[{"embeddable":true,"href":"https:\/\/sp1hrubieszow.pl\/index.php\/wp-json\/wp\/v2\/pages\/5983"}],"wp:attachment":[{"href":"https:\/\/sp1hrubieszow.pl\/index.php\/wp-json\/wp\/v2\/media?parent=13472"}],"curies":[{"name":"wp","href":"https:\/\/api.w.org\/{rel}","templated":true}]}}