{"id":12980,"date":"2021-11-25T19:56:16","date_gmt":"2021-11-25T18:56:16","guid":{"rendered":"http:\/\/sp1.hrubieszow.info\/?page_id=12980"},"modified":"2021-11-26T17:25:31","modified_gmt":"2021-11-26T16:25:31","slug":"swiatowy-dzien-pluszowego-misia-w-klasach-1-3","status":"publish","type":"page","link":"https:\/\/sp1hrubieszow.pl\/index.php\/kronika-2020-2021\/swiatowy-dzien-pluszowego-misia-w-klasach-1-3\/","title":{"rendered":"\u015awiatowy Dzie\u0144 Pluszowego Misia w klasach 1-3"},"content":{"rendered":"\n<p><span style=\"color: #000080;\">25.11. 2021 roku MSU we wsp\u00f3\u0142pracy ze \u015bwietlic\u0105 szkoln\u0105 pod kierunkiem pa\u0144 Joanny Sawickiej, Katarzyny Sztuk, Moniki Korneluk, przygotowa\u0142 przedstawienie kukie\u0142kowe pod tytu\u0142em otworzy\u0107 &#8222;Prezent dla Kubusia Puchatka&#8221; na podstawie ksi\u0105\u017cki &#8222;Kubu\u015b Puchatek&#8221; A. A.Milne. Wszystko odby\u0142o si\u0119 w ramach obchod\u00f3w \u015awiatowego Dnia Pluszowego Misia. Inscenizacja zaanga\u017cowa\u0142a dzieci z klasy 2 a. Aktorzy doskonale wywi\u0105zali si\u0119 ze swoich r\u00f3l, opowiedzieli o przygodzie Prosiaczka w humorystyczny, nietypowy spos\u00f3b, ucz\u0105c dzieci cierpliwo\u015bci, wytrwa\u0142o\u015bci i kole\u017ce\u0144stwa. W tym dniu w \u015bwietlicy szkolnej dzieci mia\u0142y mo\u017cliwo\u015b\u0107 zrobienia sobie zdj\u0119cia z podobizn\u0105 bohater\u00f3w ksi\u0105\u017cki &#8222;Kubu\u015b Puchatek&#8221;.<\/span><\/p>\n<div style=\"width: 625px;\" class=\"wp-video\"><video class=\"wp-video-shortcode\" id=\"video-12980-1\" width=\"625\" height=\"359\" preload=\"metadata\" controls=\"controls\"><source type=\"video\/mp4\" src=\"http:\/\/sp1.hrubieszow.info\/wp-content\/uploads\/2021\/11\/video-1637865829.mp4?_=1\" \/><a href=\"http:\/\/sp1.hrubieszow.info\/wp-content\/uploads\/2021\/11\/video-1637865829.mp4\">http:\/\/sp1.hrubieszow.info\/wp-content\/uploads\/2021\/11\/video-1637865829.mp4<\/a><\/video><\/div>\n<p>&nbsp;<\/p>\n<div style=\"width: 625px;\" class=\"wp-video\"><video class=\"wp-video-shortcode\" id=\"video-12980-2\" width=\"625\" height=\"359\" preload=\"metadata\" controls=\"controls\"><source type=\"video\/mp4\" src=\"http:\/\/sp1.hrubieszow.info\/wp-content\/uploads\/2021\/11\/video-1637848550.mp4?_=2\" \/><a href=\"http:\/\/sp1.hrubieszow.info\/wp-content\/uploads\/2021\/11\/video-1637848550.mp4\">http:\/\/sp1.hrubieszow.info\/wp-content\/uploads\/2021\/11\/video-1637848550.mp4<\/a><\/video><\/div>\nngg_shortcode_0_placeholder\n","protected":false},"excerpt":{"rendered":"<p>25.11. 2021 roku MSU we wsp\u00f3\u0142pracy ze \u015bwietlic\u0105 szkoln\u0105 pod kierunkiem pa\u0144 Joanny Sawickiej, Katarzyny Sztuk, Moniki Korneluk, przygotowa\u0142 przedstawienie kukie\u0142kowe pod tytu\u0142em otworzy\u0107 &#8222;Prezent dla Kubusia Puchatka&#8221; na podstawie ksi\u0105\u017cki &#8222;Kubu\u015b Puchatek&#8221; A. A.Milne. Wszystko odby\u0142o si\u0119 w ramach obchod\u00f3w \u015awiatowego Dnia Pluszowego Misia. Inscenizacja zaanga\u017cowa\u0142a dzieci z klasy 2 a. Aktorzy doskonale wywi\u0105zali [&hellip;]<\/p>\n","protected":false},"author":2,"featured_media":0,"parent":5983,"menu_order":0,"comment_status":"closed","ping_status":"closed","template":"","meta":{"ngg_post_thumbnail":0,"footnotes":""},"class_list":["post-12980","page","type-page","status-publish","hentry"],"_links":{"self":[{"href":"https:\/\/sp1hrubieszow.pl\/index.php\/wp-json\/wp\/v2\/pages\/12980","targetHints":{"allow":["GET"]}}],"collection":[{"href":"https:\/\/sp1hrubieszow.pl\/index.php\/wp-json\/wp\/v2\/pages"}],"about":[{"href":"https:\/\/sp1hrubieszow.pl\/index.php\/wp-json\/wp\/v2\/types\/page"}],"author":[{"embeddable":true,"href":"https:\/\/sp1hrubieszow.pl\/index.php\/wp-json\/wp\/v2\/users\/2"}],"replies":[{"embeddable":true,"href":"https:\/\/sp1hrubieszow.pl\/index.php\/wp-json\/wp\/v2\/comments?post=12980"}],"version-history":[{"count":2,"href":"https:\/\/sp1hrubieszow.pl\/index.php\/wp-json\/wp\/v2\/pages\/12980\/revisions"}],"predecessor-version":[{"id":13004,"href":"https:\/\/sp1hrubieszow.pl\/index.php\/wp-json\/wp\/v2\/pages\/12980\/revisions\/13004"}],"up":[{"embeddable":true,"href":"https:\/\/sp1hrubieszow.pl\/index.php\/wp-json\/wp\/v2\/pages\/5983"}],"wp:attachment":[{"href":"https:\/\/sp1hrubieszow.pl\/index.php\/wp-json\/wp\/v2\/media?parent=12980"}],"curies":[{"name":"wp","href":"https:\/\/api.w.org\/{rel}","templated":true}]}}