{"id":12974,"date":"2021-11-25T17:11:27","date_gmt":"2021-11-25T16:11:27","guid":{"rendered":"http:\/\/sp1.hrubieszow.info\/?page_id=12974"},"modified":"2021-11-25T17:12:14","modified_gmt":"2021-11-25T16:12:14","slug":"klasa-1a-w-muzeum","status":"publish","type":"page","link":"https:\/\/sp1hrubieszow.pl\/index.php\/kronika-2020-2021\/klasa-1a-w-muzeum\/","title":{"rendered":"Klasa 1a w muzeum"},"content":{"rendered":"\n<p><span style=\"color: #000080;\">25.11.2021r.uczniowie klasy1a uczestniczyli w warsztatach w muzeum im. St. Staszica w Hrubieszowie. Tematyka zaj\u0119\u0107 dotyczy\u0142a wierze\u0144, tradycji oraz wr\u00f3\u017cb Andrzejkowych. Zabawy zaproponowane przez pani\u0105 Beatk\u0119 dostarczy\u0142y wszystkim uczestnikom niezapomnianych wra\u017ce\u0144 i emocji.<\/span><\/p>\nngg_shortcode_0_placeholder\n","protected":false},"excerpt":{"rendered":"<p>25.11.2021r.uczniowie klasy1a uczestniczyli w warsztatach w muzeum im. St. Staszica w Hrubieszowie. Tematyka zaj\u0119\u0107 dotyczy\u0142a wierze\u0144, tradycji oraz wr\u00f3\u017cb Andrzejkowych. Zabawy zaproponowane przez pani\u0105 Beatk\u0119 dostarczy\u0142y wszystkim uczestnikom niezapomnianych wra\u017ce\u0144 i emocji.<\/p>\n","protected":false},"author":2,"featured_media":0,"parent":5983,"menu_order":0,"comment_status":"closed","ping_status":"closed","template":"","meta":{"ngg_post_thumbnail":0,"footnotes":""},"class_list":["post-12974","page","type-page","status-publish","hentry"],"_links":{"self":[{"href":"https:\/\/sp1hrubieszow.pl\/index.php\/wp-json\/wp\/v2\/pages\/12974","targetHints":{"allow":["GET"]}}],"collection":[{"href":"https:\/\/sp1hrubieszow.pl\/index.php\/wp-json\/wp\/v2\/pages"}],"about":[{"href":"https:\/\/sp1hrubieszow.pl\/index.php\/wp-json\/wp\/v2\/types\/page"}],"author":[{"embeddable":true,"href":"https:\/\/sp1hrubieszow.pl\/index.php\/wp-json\/wp\/v2\/users\/2"}],"replies":[{"embeddable":true,"href":"https:\/\/sp1hrubieszow.pl\/index.php\/wp-json\/wp\/v2\/comments?post=12974"}],"version-history":[{"count":1,"href":"https:\/\/sp1hrubieszow.pl\/index.php\/wp-json\/wp\/v2\/pages\/12974\/revisions"}],"predecessor-version":[{"id":12975,"href":"https:\/\/sp1hrubieszow.pl\/index.php\/wp-json\/wp\/v2\/pages\/12974\/revisions\/12975"}],"up":[{"embeddable":true,"href":"https:\/\/sp1hrubieszow.pl\/index.php\/wp-json\/wp\/v2\/pages\/5983"}],"wp:attachment":[{"href":"https:\/\/sp1hrubieszow.pl\/index.php\/wp-json\/wp\/v2\/media?parent=12974"}],"curies":[{"name":"wp","href":"https:\/\/api.w.org\/{rel}","templated":true}]}}