{"id":12602,"date":"2021-11-10T19:31:58","date_gmt":"2021-11-10T18:31:58","guid":{"rendered":"http:\/\/sp1.hrubieszow.info\/?page_id=12602"},"modified":"2021-11-10T19:32:43","modified_gmt":"2021-11-10T18:32:43","slug":"mlodzi-modelarze-z-uks-jedynka-na-zawodach-w-czestochowie-i-grodkowie","status":"publish","type":"page","link":"https:\/\/sp1hrubieszow.pl\/index.php\/kronika-2020-2021\/mlodzi-modelarze-z-uks-jedynka-na-zawodach-w-czestochowie-i-grodkowie\/","title":{"rendered":"M\u0142odzi modelarze z UKS \u201eJedynka\u201d  na zawodach w\u00a0Cz\u0119stochowie i\u00a0Grodkowie"},"content":{"rendered":"\n\n\n<p><span style=\"color: #000080;\">Wyjazd na zawody do Cz\u0119stochowy i Grodkowa zosta\u0142 zorganizowany w&nbsp;ramach projektu: \u201eM\u0142odzi modelarze na start \u2013 akademia modelarstwa lotniczego i kosmicznego\u201d. Projekt zosta\u0142 sfinansowany przez Narodowy Instytut Wolno\u015bci \u2013 Centrum Rozwoju Spo\u0142ecze\u0144stwa Obywatelskiego ze \u015brodk\u00f3w Funduszu Inicjatyw Obywatelskich na lata 2021-2030.<\/span><br><span style=\"color: #000080;\">W dniu 12.10.2021r. na lotnisku Rudniki ko\u0142o Cz\u0119stochowy odby\u0142y si\u0119 Og\u00f3lnopolskie Zawody Modeli Swobodnie Lataj\u0105cych klas F1A, F1B, F1C, F1Q, Fina\u0142 Pucharu Polski. To ju\u017c pi\u0105ta edycja w kt\u00f3rych reprezentacja UKS \u201eJedynka\u201d uczestniczy i zdobywa wysokie lokaty. W tych zawodach wystartowali zawodnicy z Warszawy, Poznania, Krosna, Pi\u0142y, Stalowej Woli, Bia\u0142egostoku, Bochni, Gliwic, Suwa\u0142k, Chrzanowa, Mielca, Brzegu oraz Hrubieszowa. <\/span><br><span style=\"color: #000080;\">W dniu 7.11.2021r. odby\u0142y si\u0119 ostatnie w rundzie Zawody Modeli Szybowc\u00f3w Halowych klasy F1N. Og\u00f3lnopolskie Zawody zosta\u0142y zorganizowane przez O\u015brodek Kultury i&nbsp;Rekreacji w Grodkowie oraz Stowarzyszenie Modelarzy Opolszczyzny \u201eFENIKS\u201d. Na starcie stan\u0119li zawodnicy z Bierunia, Gliwic, \u0141asku, Suwa\u0142k, Warszawy, Grodkowa oraz z&nbsp;Hrubieszowa. <\/span><br><span style=\"color: #000080;\">Jedynka wystartowa\u0142a w sk\u0142adzie:<\/span><br><span style=\"color: #000080;\">Pawe\u0142 Gumieniak <\/span><br><span style=\"color: #000080;\">Kacper Maciejczyk<\/span><br><span style=\"color: #000080;\">Karol Kowalski<\/span><br><span style=\"color: #000080;\">Jakub Chomiak<\/span><br><span style=\"color: #000080;\">Kacper Ho\u0142uj<\/span><br><span style=\"color: #000080;\">Mateusz Mi\u0119czak<\/span><br><span style=\"color: #000080;\">Jakub Wezgraj<\/span><br><span style=\"color: #000080;\">Piotr Wielosz \u2013 Ha\u0142asa<\/span><br><span style=\"color: #000080;\">Leszek Kryszczuk<\/span><br><span style=\"color: #000080;\">Wyst\u0119py naszych modelarzy na zawodach rangi Pucharu Polski przynios\u0142y sukcesy, kt\u00f3re mo\u017cna wyja\u015bni\u0107 tylko du\u017cym zaanga\u017cowaniem m\u0142odzie\u017cy w&nbsp;budow\u0119 modeli jak i systematyczno\u015b\u0107 w&nbsp;treningach. W miesi\u0105cu grudniu przed nami dalsze zmagania i wyjazdy do Krosna na Mistrzostwa Polski Modeli Szybowc\u00f3w Halowych klasy F1N.<\/span><\/p>\nngg_shortcode_0_placeholder\n\n\n\n\n","protected":false},"excerpt":{"rendered":"<p>Wyjazd na zawody do Cz\u0119stochowy i Grodkowa zosta\u0142 zorganizowany w&nbsp;ramach projektu: \u201eM\u0142odzi modelarze na start \u2013 akademia modelarstwa lotniczego i kosmicznego\u201d. Projekt zosta\u0142 sfinansowany przez Narodowy Instytut Wolno\u015bci \u2013 Centrum Rozwoju Spo\u0142ecze\u0144stwa Obywatelskiego ze \u015brodk\u00f3w Funduszu Inicjatyw Obywatelskich na lata 2021-2030.W dniu 12.10.2021r. na lotnisku Rudniki ko\u0142o Cz\u0119stochowy odby\u0142y si\u0119 Og\u00f3lnopolskie Zawody Modeli Swobodnie Lataj\u0105cych [&hellip;]<\/p>\n","protected":false},"author":2,"featured_media":0,"parent":5983,"menu_order":0,"comment_status":"closed","ping_status":"closed","template":"","meta":{"ngg_post_thumbnail":0,"footnotes":""},"class_list":["post-12602","page","type-page","status-publish","hentry"],"_links":{"self":[{"href":"https:\/\/sp1hrubieszow.pl\/index.php\/wp-json\/wp\/v2\/pages\/12602","targetHints":{"allow":["GET"]}}],"collection":[{"href":"https:\/\/sp1hrubieszow.pl\/index.php\/wp-json\/wp\/v2\/pages"}],"about":[{"href":"https:\/\/sp1hrubieszow.pl\/index.php\/wp-json\/wp\/v2\/types\/page"}],"author":[{"embeddable":true,"href":"https:\/\/sp1hrubieszow.pl\/index.php\/wp-json\/wp\/v2\/users\/2"}],"replies":[{"embeddable":true,"href":"https:\/\/sp1hrubieszow.pl\/index.php\/wp-json\/wp\/v2\/comments?post=12602"}],"version-history":[{"count":1,"href":"https:\/\/sp1hrubieszow.pl\/index.php\/wp-json\/wp\/v2\/pages\/12602\/revisions"}],"predecessor-version":[{"id":12603,"href":"https:\/\/sp1hrubieszow.pl\/index.php\/wp-json\/wp\/v2\/pages\/12602\/revisions\/12603"}],"up":[{"embeddable":true,"href":"https:\/\/sp1hrubieszow.pl\/index.php\/wp-json\/wp\/v2\/pages\/5983"}],"wp:attachment":[{"href":"https:\/\/sp1hrubieszow.pl\/index.php\/wp-json\/wp\/v2\/media?parent=12602"}],"curies":[{"name":"wp","href":"https:\/\/api.w.org\/{rel}","templated":true}]}}