{"id":1259,"date":"2019-06-03T12:17:01","date_gmt":"2019-06-03T10:17:01","guid":{"rendered":"http:\/\/sp1.hrubieszow.info\/?page_id=1259"},"modified":"2019-06-03T12:17:01","modified_gmt":"2019-06-03T10:17:01","slug":"swiatowy-dzien-bez-papierosa","status":"publish","type":"page","link":"https:\/\/sp1hrubieszow.pl\/index.php\/nauczyciele\/pedagog\/pedagog-2019\/swiatowy-dzien-bez-papierosa\/","title":{"rendered":"\u015awiatowy Dzie\u0144 bez Papierosa"},"content":{"rendered":"\n<p style=\"text-align: justify;\"><span style=\"color: #000080;\">W dniu 30.05.2019r., w Szkole Podstawowej nr 1 w Hrubieszowie zorganizowano apel profilaktyczny z okazji \u201e\u015awiatowego Dnia bez Papierosa\u201d.<\/span><\/p>\n<p style=\"text-align: justify;\"><span style=\"color: #000080;\">Uczestnikami spotkania byli uczniowie klasy 3a oraz laureaci konkursu profilaktycznego <\/span><br><span style=\"color: #000080;\">z klas: 4a, 4b, 4c, 4d.<\/span><\/p>\n<p style=\"text-align: justify;\"><span style=\"color: #000080;\">Podczas apelu podsumowano informacje edukacyjne, dotycz\u0105ce szkodliwo\u015bci palenia papieros\u00f3w, przedstawiono prezentacj\u0119 multimedialn\u0105 oraz materia\u0142y wed\u0142ug realizowanych program\u00f3w profilaktycznych, przebiegaj\u0105cych pod patronatem Stacji Sanitarno-Epidemiologicznej w Hrubieszowie takich jak: \u201eNie pal przy mnie, prosz\u0119\u2026\u201d oraz \u201eBieg po zdrowie\u201d. Uczniowie klasy trzeciej zaprezentowali wiersze profilaktyczne oraz piosenk\u0119 promuj\u0105c\u0105 zdrowy styl \u017cycia. Nagrodzono laureat\u00f3w konkurs\u00f3w plastycznych.<\/span><\/p>\n<p style=\"text-align: justify;\">&nbsp;<\/p>\n<p style=\"text-align: justify;\"><span style=\"color: #000080;\"><strong>Laureaci konkursu \u201eNie pal przy mnie, prosz\u0119\u2026\u201d<\/strong><\/span><\/p>\n<p style=\"text-align: justify;\"><span style=\"color: #000080;\"><strong>&nbsp;<\/strong><\/span><\/p>\n<p style=\"text-align: justify;\"><span style=\"color: #000080;\">I miejsce: Wiktor Konopko, kl.3a<\/span><\/p>\n<p style=\"text-align: justify;\"><span style=\"color: #000080;\">II miejsce: Izabela Jankowska, kl. 3a<\/span><\/p>\n<p style=\"text-align: justify;\"><span style=\"color: #000080;\">III miejsca: Oliwia Jonak, kl. 3a, Maja Palczy\u0144ska, kl. 3a<\/span><\/p>\n<p style=\"text-align: justify;\">&nbsp;<\/p>\n<p style=\"text-align: justify;\"><span style=\"color: #000080;\"><strong>Laureaci konkursu \u201eBieg po zdrowie\u201d<\/strong><\/span><\/p>\n<p style=\"text-align: justify;\">&nbsp;<\/p>\n<p style=\"text-align: justify;\"><span style=\"color: #000080;\">I miejsca: Patrycja \u015al\u0105zak, kl. 4d, Gabriela Tarnowska, kl. 4a<\/span><\/p>\n<p style=\"text-align: justify;\"><span style=\"color: #000080;\">II miejsca: Martyna B\u0142aszczy\u0144ska, kl. 4a, Wiktoria Iwan, kl. 4d<\/span><\/p>\n<p style=\"text-align: justify;\"><span style=\"color: #000080;\">III miejsca: Gabriela Fr\u0105c, kl.4d, Daria Lis, kl. 4d<\/span><\/p>\n<p style=\"text-align: justify;\">&nbsp;<\/p>\n<p style=\"text-align: justify;\"><span style=\"color: #000080;\">Wyr\u00f3\u017cnienia: Micha\u0142 Wo\u017anica, kl. 4a, Stefania Suchecka, kl. 4c, Tomasz Skoczylas, kl. 4d, Aleksandra Piasecka, kl. 4b,Nina Ochyra, kl. 4c oraz Aleksandra Rz\u0105d, kl. 4d.<\/span><\/p>\n<p style=\"text-align: justify;\"><span style=\"color: #000080;\">W II p\u00f3\u0142roczu 2018\/2019 w klasie 3a oraz w klasach 4a, 4b, 4c, 4d realizowane by\u0142y zaj\u0119cia profilaktyczne wed\u0142ug program\u00f3w profilaktyki anty-tytoniowiej. <\/span><br><span style=\"color: #000080;\">Dzi\u0119kuj\u0119 wychowawcom: p. Jolancie Podlewskiej (3a), p. El\u017cbiecie Pochylczuk(4a), <\/span><br><span style=\"color: #000080;\">p. Agnieszce Kolano (4b), p. Bo\u017cenie Kozielewicz (4c) oraz p. Tomaszowi Kr\u00f3lickiemu (4d), za pomoc w organizacji i realizacji zaj\u0119\u0107 profilaktycznych oraz konkursu plastycznego.<\/span><\/p>\n<p style=\"text-align: justify;\"><span style=\"color: #000080;\">Dzi\u0119kuj\u0119 p. Barbarze Mielniczuk za koordynacj\u0119 konkursu w klasach czwartych oraz za przygotowanie dekoracji.<\/span><\/p>\n<p style=\"text-align: justify;\"><span style=\"color: #000080;\">Nagrody konkursowe zosta\u0142y ufundowane przez Gmin\u0119 Miejsk\u0105 Hrubiesz\u00f3w w ramach realizacji programu \u201eProfilaktyka na start\u201d,<\/span><\/p>\n<p style=\"text-align: justify;\">&nbsp;<\/p>\n<p style=\"text-align: justify;\"><span style=\"color: #000080;\">&nbsp;&nbsp;&nbsp;&nbsp;&nbsp;&nbsp;&nbsp;&nbsp;&nbsp;&nbsp;&nbsp;&nbsp;&nbsp;&nbsp;&nbsp;&nbsp;&nbsp;&nbsp;&nbsp;&nbsp;&nbsp;&nbsp;&nbsp;&nbsp;&nbsp;&nbsp;&nbsp;&nbsp;&nbsp;&nbsp;&nbsp;&nbsp;&nbsp;&nbsp;&nbsp;&nbsp;&nbsp;&nbsp;&nbsp;&nbsp;&nbsp;&nbsp;&nbsp;&nbsp;&nbsp;&nbsp; Szkolny koordynator-Marta Kuczy\u0144ska, pedagog szkolny<\/span><\/p>\nngg_shortcode_0_placeholder\n","protected":false},"excerpt":{"rendered":"<p>W dniu 30.05.2019r., w Szkole Podstawowej nr 1 w Hrubieszowie zorganizowano apel profilaktyczny z okazji \u201e\u015awiatowego Dnia bez Papierosa\u201d. Uczestnikami spotkania byli uczniowie klasy 3a oraz laureaci konkursu profilaktycznego z klas: 4a, 4b, 4c, 4d. Podczas apelu podsumowano informacje edukacyjne, dotycz\u0105ce szkodliwo\u015bci palenia papieros\u00f3w, przedstawiono prezentacj\u0119 multimedialn\u0105 oraz materia\u0142y wed\u0142ug realizowanych program\u00f3w profilaktycznych, przebiegaj\u0105cych pod [&hellip;]<\/p>\n","protected":false},"author":1,"featured_media":0,"parent":75,"menu_order":10,"comment_status":"closed","ping_status":"closed","template":"","meta":{"ngg_post_thumbnail":0,"footnotes":""},"class_list":["post-1259","page","type-page","status-publish","hentry"],"_links":{"self":[{"href":"https:\/\/sp1hrubieszow.pl\/index.php\/wp-json\/wp\/v2\/pages\/1259","targetHints":{"allow":["GET"]}}],"collection":[{"href":"https:\/\/sp1hrubieszow.pl\/index.php\/wp-json\/wp\/v2\/pages"}],"about":[{"href":"https:\/\/sp1hrubieszow.pl\/index.php\/wp-json\/wp\/v2\/types\/page"}],"author":[{"embeddable":true,"href":"https:\/\/sp1hrubieszow.pl\/index.php\/wp-json\/wp\/v2\/users\/1"}],"replies":[{"embeddable":true,"href":"https:\/\/sp1hrubieszow.pl\/index.php\/wp-json\/wp\/v2\/comments?post=1259"}],"version-history":[{"count":1,"href":"https:\/\/sp1hrubieszow.pl\/index.php\/wp-json\/wp\/v2\/pages\/1259\/revisions"}],"predecessor-version":[{"id":1260,"href":"https:\/\/sp1hrubieszow.pl\/index.php\/wp-json\/wp\/v2\/pages\/1259\/revisions\/1260"}],"up":[{"embeddable":true,"href":"https:\/\/sp1hrubieszow.pl\/index.php\/wp-json\/wp\/v2\/pages\/75"}],"wp:attachment":[{"href":"https:\/\/sp1hrubieszow.pl\/index.php\/wp-json\/wp\/v2\/media?parent=1259"}],"curies":[{"name":"wp","href":"https:\/\/api.w.org\/{rel}","templated":true}]}}