{"id":12522,"date":"2021-11-09T16:54:26","date_gmt":"2021-11-09T15:54:26","guid":{"rendered":"http:\/\/sp1.hrubieszow.info\/?page_id=12522"},"modified":"2021-11-09T16:55:04","modified_gmt":"2021-11-09T15:55:04","slug":"xxi-dzien-papieski","status":"publish","type":"page","link":"https:\/\/sp1hrubieszow.pl\/index.php\/kronika-2020-2021\/xxi-dzien-papieski\/","title":{"rendered":"XXI Dzie\u0144 Papieski"},"content":{"rendered":"\n<p><span style=\"color: #000080;\">28 pa\u017adziernika 2021r. w naszej szkole odby\u0142 si\u0119 apel z okazji XXI Dnia Papieskiego pod has\u0142em ,, Nie l\u0119kajcie si\u0119&#8221; . Uczniowie z klas IVa i I-III przedstawili program s\u0142owno-muzyczny, przybli\u017cali najwa\u017cniejsze wydarzenia i fakty z \u017cycia \u015bw. Jana Paw\u0142a II, m\u00f3wili wiersze i \u015bpiewali piosenki, a w tle by\u0142a przedstawiona prezentacja multimedialna ze zdj\u0119ciami z r\u00f3\u017cnych okres\u00f3w \u017cycia \u015bw. Jana Paw\u0142a II. &nbsp;W uroczystym apelu mogli wzi\u0105\u0107 udzia\u0142 uczniowie z klas IIa, IIIa i IVa oraz dzieci ze \u015bwietlicy szkolnej.<\/span><br><span style=\"color: #000080;\">Program s\u0142owno-muzyczny przygotowa\u0142y panie, Agnieszka Ha\u0142asa, Agnieszka Kolano i Joanna Sawicka natomiast dekoracj\u0119 pani Arleta Kowalska, pani Ewa Filipowicz- Sidorczuk, pani Joanna Sawicka.<\/span><\/p>\nngg_shortcode_0_placeholder\n<p>&nbsp;<\/p>\n","protected":false},"excerpt":{"rendered":"<p>28 pa\u017adziernika 2021r. w naszej szkole odby\u0142 si\u0119 apel z okazji XXI Dnia Papieskiego pod has\u0142em ,, Nie l\u0119kajcie si\u0119&#8221; . Uczniowie z klas IVa i I-III przedstawili program s\u0142owno-muzyczny, przybli\u017cali najwa\u017cniejsze wydarzenia i fakty z \u017cycia \u015bw. Jana Paw\u0142a II, m\u00f3wili wiersze i \u015bpiewali piosenki, a w tle by\u0142a przedstawiona prezentacja multimedialna ze zdj\u0119ciami [&hellip;]<\/p>\n","protected":false},"author":2,"featured_media":0,"parent":5983,"menu_order":0,"comment_status":"closed","ping_status":"closed","template":"","meta":{"ngg_post_thumbnail":0,"footnotes":""},"class_list":["post-12522","page","type-page","status-publish","hentry"],"_links":{"self":[{"href":"https:\/\/sp1hrubieszow.pl\/index.php\/wp-json\/wp\/v2\/pages\/12522","targetHints":{"allow":["GET"]}}],"collection":[{"href":"https:\/\/sp1hrubieszow.pl\/index.php\/wp-json\/wp\/v2\/pages"}],"about":[{"href":"https:\/\/sp1hrubieszow.pl\/index.php\/wp-json\/wp\/v2\/types\/page"}],"author":[{"embeddable":true,"href":"https:\/\/sp1hrubieszow.pl\/index.php\/wp-json\/wp\/v2\/users\/2"}],"replies":[{"embeddable":true,"href":"https:\/\/sp1hrubieszow.pl\/index.php\/wp-json\/wp\/v2\/comments?post=12522"}],"version-history":[{"count":1,"href":"https:\/\/sp1hrubieszow.pl\/index.php\/wp-json\/wp\/v2\/pages\/12522\/revisions"}],"predecessor-version":[{"id":12523,"href":"https:\/\/sp1hrubieszow.pl\/index.php\/wp-json\/wp\/v2\/pages\/12522\/revisions\/12523"}],"up":[{"embeddable":true,"href":"https:\/\/sp1hrubieszow.pl\/index.php\/wp-json\/wp\/v2\/pages\/5983"}],"wp:attachment":[{"href":"https:\/\/sp1hrubieszow.pl\/index.php\/wp-json\/wp\/v2\/media?parent=12522"}],"curies":[{"name":"wp","href":"https:\/\/api.w.org\/{rel}","templated":true}]}}