{"id":12460,"date":"2021-11-08T17:50:04","date_gmt":"2021-11-08T16:50:04","guid":{"rendered":"http:\/\/sp1.hrubieszow.info\/?page_id=12460"},"modified":"2021-11-08T17:50:39","modified_gmt":"2021-11-08T16:50:39","slug":"konkurs-na-klasowy-plakat-promujacy-wlasciwe-zachowania-uczniow","status":"publish","type":"page","link":"https:\/\/sp1hrubieszow.pl\/index.php\/kronika-2020-2021\/konkurs-na-klasowy-plakat-promujacy-wlasciwe-zachowania-uczniow\/","title":{"rendered":"Konkurs na klasowy plakat promuj\u0105cy w\u0142a\u015bciwe zachowania uczni\u00f3w"},"content":{"rendered":"\n<p><span style=\"color: #000080;\">Pandemia choroby COVID-19, wywo\u0142ywanej przez wirusa SARS-CoV-2, opanowa\u0142a \u015bwiat, w tym tak\u017ce Polsk\u0119. Dlatego wszyscy powinni\u015bmy zna\u0107 zasady i obowi\u0105zuj\u0105ce obostrzenia oraz dba\u0107 o ich przestrzeganie, by zmniejszy\u0107 ryzyko zachorowa\u0144 &nbsp;na COVID . Ka\u017cdy z nas mo\u017ce zrobi\u0107 wiele, by zminimalizowa\u0107 ryzyko tej choroby. Uczniowie z naszej szko\u0142y zaprezentowali swoje wielkie zaanga\u017cowanie&nbsp; i wykazali si\u0119&nbsp; znajomo\u015bci\u0105&nbsp; zasad bezpiecze\u0144stwa przyst\u0119puj\u0105c do konkursu&nbsp; klasowego i wykonuj\u0105c&nbsp; plakat promuj\u0105cy w\u0142a\u015bciwe zachowania uczni\u00f3w wp\u0142ywaj\u0105ce na&nbsp; zmniejszenie&nbsp; ryzyka zachorowa\u0144 &nbsp;na COVID.<\/span><\/p>\n<p><span style=\"color: #000080;\">Komisja konkursowa w dniu&nbsp; 5.11. 2021r. dokona\u0142a oceny wywieszonych&nbsp; plakat\u00f3w klasowych pod k\u0105tem zgodno\u015bci tre\u015bci pracy z&nbsp;tematyk\u0105 konkursu, warto\u015bci edukacyjnej, pomys\u0142owo\u015bci, jako\u015bci technicznej i estetyki.<\/span><\/p>\n<p><span style=\"color: #000080;\">Wszyscy, &nbsp;kt\u00f3rzy zaanga\u017cowali si\u0119 w prac\u0119 wykonania plakatu klasowego, otrzymuj\u0105 zapowiedzian\u0105 nagrod\u0119 &#8211; dzie\u0144 wolny od sprawdzian\u00f3w, kartk\u00f3wek oraz&nbsp; pytania i b\u0119dzie&nbsp; to <strong>dzie\u0144&nbsp; 15.11. 2021r.<\/strong> Autorzy najlepszych prac zostali wyr\u00f3\u017cnieni tak\u017ce dyplomem.<\/span><\/p>\n<p><span style=\"color: #000080;\">&nbsp;&nbsp;&nbsp;&nbsp;&nbsp;&nbsp;&nbsp;&nbsp;&nbsp;&nbsp;&nbsp;&nbsp;&nbsp;&nbsp;&nbsp;&nbsp;&nbsp;&nbsp;&nbsp;&nbsp;&nbsp;&nbsp;&nbsp;&nbsp;&nbsp;&nbsp;&nbsp;&nbsp;&nbsp; Gratuluj\u0119 i dzi\u0119kuj\u0119&nbsp; za zaanga\u017cowanie uczniom i nauczycielom.<\/span><\/p>\n<p style=\"text-align: right;\"><span style=\"color: #000080;\">&nbsp;&nbsp;&nbsp;&nbsp;&nbsp;&nbsp;&nbsp;&nbsp;&nbsp;&nbsp;&nbsp;&nbsp;&nbsp;&nbsp;&nbsp;&nbsp;&nbsp;&nbsp;&nbsp;&nbsp;&nbsp;&nbsp;&nbsp;&nbsp;&nbsp;&nbsp;&nbsp;&nbsp;&nbsp;&nbsp;&nbsp;&nbsp;&nbsp;&nbsp;&nbsp;&nbsp;&nbsp;&nbsp; Edyta Kucharska<\/span><\/p>\nngg_shortcode_0_placeholder\n","protected":false},"excerpt":{"rendered":"<p>Pandemia choroby COVID-19, wywo\u0142ywanej przez wirusa SARS-CoV-2, opanowa\u0142a \u015bwiat, w tym tak\u017ce Polsk\u0119. Dlatego wszyscy powinni\u015bmy zna\u0107 zasady i obowi\u0105zuj\u0105ce obostrzenia oraz dba\u0107 o ich przestrzeganie, by zmniejszy\u0107 ryzyko zachorowa\u0144 &nbsp;na COVID . Ka\u017cdy z nas mo\u017ce zrobi\u0107 wiele, by zminimalizowa\u0107 ryzyko tej choroby. Uczniowie z naszej szko\u0142y zaprezentowali swoje wielkie zaanga\u017cowanie&nbsp; i wykazali si\u0119&nbsp; [&hellip;]<\/p>\n","protected":false},"author":2,"featured_media":0,"parent":5983,"menu_order":0,"comment_status":"closed","ping_status":"closed","template":"","meta":{"ngg_post_thumbnail":0,"footnotes":""},"class_list":["post-12460","page","type-page","status-publish","hentry"],"_links":{"self":[{"href":"https:\/\/sp1hrubieszow.pl\/index.php\/wp-json\/wp\/v2\/pages\/12460","targetHints":{"allow":["GET"]}}],"collection":[{"href":"https:\/\/sp1hrubieszow.pl\/index.php\/wp-json\/wp\/v2\/pages"}],"about":[{"href":"https:\/\/sp1hrubieszow.pl\/index.php\/wp-json\/wp\/v2\/types\/page"}],"author":[{"embeddable":true,"href":"https:\/\/sp1hrubieszow.pl\/index.php\/wp-json\/wp\/v2\/users\/2"}],"replies":[{"embeddable":true,"href":"https:\/\/sp1hrubieszow.pl\/index.php\/wp-json\/wp\/v2\/comments?post=12460"}],"version-history":[{"count":2,"href":"https:\/\/sp1hrubieszow.pl\/index.php\/wp-json\/wp\/v2\/pages\/12460\/revisions"}],"predecessor-version":[{"id":12462,"href":"https:\/\/sp1hrubieszow.pl\/index.php\/wp-json\/wp\/v2\/pages\/12460\/revisions\/12462"}],"up":[{"embeddable":true,"href":"https:\/\/sp1hrubieszow.pl\/index.php\/wp-json\/wp\/v2\/pages\/5983"}],"wp:attachment":[{"href":"https:\/\/sp1hrubieszow.pl\/index.php\/wp-json\/wp\/v2\/media?parent=12460"}],"curies":[{"name":"wp","href":"https:\/\/api.w.org\/{rel}","templated":true}]}}