{"id":12129,"date":"2021-10-26T19:31:26","date_gmt":"2021-10-26T17:31:26","guid":{"rendered":"http:\/\/sp1.hrubieszow.info\/?page_id=12129"},"modified":"2021-10-26T19:36:14","modified_gmt":"2021-10-26T17:36:14","slug":"slubowanie-klas-pierwszych","status":"publish","type":"page","link":"https:\/\/sp1hrubieszow.pl\/index.php\/kronika-2020-2021\/slubowanie-klas-pierwszych\/","title":{"rendered":"\u015alubowanie klas pierwszych"},"content":{"rendered":"\n<p><span style=\"color: #000080;\">22.10.2021r. w naszej szkole odby\u0142o si\u0119 uroczyste \u015alubowanie uczni\u00f3w klas pierwszych. Nasi najm\u0142odsi uczniowie w obecno\u015bci Dyrekcji szko\u0142y, zaproszonych go\u015bci oraz koleg\u00f3w z MSU zaprezentowali przygotowan\u0105 cz\u0119\u015b\u0107 artystyczn\u0105 i zostali przyj\u0119ci w poczet spo\u0142eczno\u015bci szkolnej. \u015alubowali na sztandar szko\u0142y by\u0107 dobrymi uczniami, kt\u00f3rzy swoim zachowaniem i nauk\u0105 b\u0119d\u0105 sprawiali rado\u015b\u0107 swoim rodzicom i nauczycielom. Na zako\u0144czenie uroczysto\u015bci zostali indywidualnie pasowani na ucznia przez pani\u0105 dyrektor Edyt\u0119 Kucharsk\u0105. Otrzymali tak\u017ce pami\u0105tkowe dyplomy oraz odznaki ufundowane przez pani\u0105 Mart\u0119 Majewsk\u0105 burmistrz miasta Hrubieszowa. Wychowawczynie klas pierwszych oraz uczniowie dzi\u0119kuj\u0105 za pi\u0119kn\u0105 dekoracj\u0119 pani Arlecie Kowalskiej oraz Ewie Filipowicz Sidorczuk, Paw\u0142owi Gumieniakowi za obs\u0142ug\u0119 sprz\u0119tu muzycznego, a tak\u017ce rodzicom za s\u0142odk\u0105 niespodziank\u0119.&nbsp;Panu Tomaszowi Kr\u00f3lickiemu dzi\u0119kujemy za atrakcyjn\u0105 relacj\u0119 z naszego \u015bwi\u0119ta.<\/span><\/p>\n<p><a href=\"https:\/\/drive.google.com\/file\/d\/1Lu4r5AqlNJpuXldX6Oz3p1xcEOLRmqqK\/view?usp=sharing\">https:\/\/drive.google.com\/file\/d\/1Lu4r5AqlNJpuXldX6Oz3p1xcEOLRmqqK\/view?usp=sharing<\/a><\/p>\nngg_shortcode_0_placeholder\nngg_shortcode_1_placeholder\nngg_shortcode_2_placeholder\nngg_shortcode_3_placeholder\n","protected":false},"excerpt":{"rendered":"<p>22.10.2021r. w naszej szkole odby\u0142o si\u0119 uroczyste \u015alubowanie uczni\u00f3w klas pierwszych. Nasi najm\u0142odsi uczniowie w obecno\u015bci Dyrekcji szko\u0142y, zaproszonych go\u015bci oraz koleg\u00f3w z MSU zaprezentowali przygotowan\u0105 cz\u0119\u015b\u0107 artystyczn\u0105 i zostali przyj\u0119ci w poczet spo\u0142eczno\u015bci szkolnej. \u015alubowali na sztandar szko\u0142y by\u0107 dobrymi uczniami, kt\u00f3rzy swoim zachowaniem i nauk\u0105 b\u0119d\u0105 sprawiali rado\u015b\u0107 swoim rodzicom i nauczycielom. Na [&hellip;]<\/p>\n","protected":false},"author":2,"featured_media":0,"parent":5983,"menu_order":0,"comment_status":"closed","ping_status":"closed","template":"","meta":{"ngg_post_thumbnail":0,"footnotes":""},"class_list":["post-12129","page","type-page","status-publish","hentry"],"_links":{"self":[{"href":"https:\/\/sp1hrubieszow.pl\/index.php\/wp-json\/wp\/v2\/pages\/12129","targetHints":{"allow":["GET"]}}],"collection":[{"href":"https:\/\/sp1hrubieszow.pl\/index.php\/wp-json\/wp\/v2\/pages"}],"about":[{"href":"https:\/\/sp1hrubieszow.pl\/index.php\/wp-json\/wp\/v2\/types\/page"}],"author":[{"embeddable":true,"href":"https:\/\/sp1hrubieszow.pl\/index.php\/wp-json\/wp\/v2\/users\/2"}],"replies":[{"embeddable":true,"href":"https:\/\/sp1hrubieszow.pl\/index.php\/wp-json\/wp\/v2\/comments?post=12129"}],"version-history":[{"count":3,"href":"https:\/\/sp1hrubieszow.pl\/index.php\/wp-json\/wp\/v2\/pages\/12129\/revisions"}],"predecessor-version":[{"id":12134,"href":"https:\/\/sp1hrubieszow.pl\/index.php\/wp-json\/wp\/v2\/pages\/12129\/revisions\/12134"}],"up":[{"embeddable":true,"href":"https:\/\/sp1hrubieszow.pl\/index.php\/wp-json\/wp\/v2\/pages\/5983"}],"wp:attachment":[{"href":"https:\/\/sp1hrubieszow.pl\/index.php\/wp-json\/wp\/v2\/media?parent=12129"}],"curies":[{"name":"wp","href":"https:\/\/api.w.org\/{rel}","templated":true}]}}