{"id":11380,"date":"2021-10-15T18:13:44","date_gmt":"2021-10-15T16:13:44","guid":{"rendered":"http:\/\/sp1.hrubieszow.info\/?page_id=11380"},"modified":"2021-10-15T18:14:46","modified_gmt":"2021-10-15T16:14:46","slug":"apel-lubelskiego-panstwowego-wojewodzkiego-inspektora-sanitarnego","status":"publish","type":"page","link":"https:\/\/sp1hrubieszow.pl\/index.php\/kronika-2020-2021\/apel-lubelskiego-panstwowego-wojewodzkiego-inspektora-sanitarnego\/","title":{"rendered":"Apel Lubelskiego Pa\u0144stwowego Wojew\u00f3dzkiego  Inspektora Sanitarnego"},"content":{"rendered":"\n<p style=\"text-align: center;\"><strong><span style=\"color: #000080;\">Zadbajmy o nasz region, przerwijmy \u0142a\u0144cuch zaka\u017ce\u0144!<\/span><\/strong><\/p>\n<p style=\"text-align: left;\"><br><span style=\"color: #000080;\">Nasze wojew\u00f3dztwo, Lubelszczyzna, to nasz dom, miejsce w kt\u00f3rym \u017cyjemy, uczymy <\/span><br><span style=\"color: #000080;\">si\u0119, mamy rodziny, znajomych, prac\u0119\u2026 Dzi\u015b to miejsce wyr\u00f3\u017cnia si\u0119 na tle kraju, daj\u0105c <\/span><br><span style=\"color: #000080;\">nam du\u017ce powody do niepokoju. Statystyki zaka\u017ce\u0144 bezwzgl\u0119dnie obna\u017caj\u0105 nasze <\/span><br><span style=\"color: #000080;\">s\u0142abo\u015bci. Nie pozw\u00f3lmy, aby postrzegano nas jako spo\u0142eczno\u015b\u0107, kt\u00f3ra nie ma zaufania <\/span><br><span style=\"color: #000080;\">do nauki:<\/span><br><span style=\"color: #000080;\">&#8211; nie stosuje si\u0119 do obowi\u0105zuj\u0105cych zalece\u0144!, <\/span><br><span style=\"color: #000080;\">&#8211; nie zachowuje zasad higienicznych i sanitarnych!, <\/span><br><span style=\"color: #000080;\">&#8211; lekcewa\u017cy obowi\u0105zek zakrywania nosa i ust w miejscach publicznych!,<\/span><br><span style=\"color: #000080;\">&#8211; nie zachowuje dystansu spo\u0142ecznego!, <\/span><br><span style=\"color: #000080;\">&#8211; a przede wszystkim, nie stosuje szczepie\u0144 ochronnych!<\/span><br><span style=\"color: #000080;\">Na tle kraju wojew\u00f3dztwo lubelskie jest jednym z najs\u0142abiej zaszczepionych <\/span><br><span style=\"color: #000080;\">przeciw COVID-19 regionem w Polsce. I r\u00f3wnocze\u015bnie na czele statystyk zaka\u017ce\u0144. <\/span><br><span style=\"color: #000080;\">Nagminnie ro\u015bnie liczba plac\u00f3wek, w kt\u00f3rych uczniowie cz\u0119\u015bciowo lub w ca\u0142o\u015bci <\/span><br><span style=\"color: #000080;\">przechodz\u0105 na nauk\u0119 zdaln\u0105, ro\u015bnie liczba kwarantann, a rodzice musz\u0105 w tym czasie <\/span><br><span style=\"color: #000080;\">zapewni\u0107 dzieciom opiek\u0119 i pozosta\u0107 w domu. <\/span><br><span style=\"color: #000080;\">Z powodu ognisk w zak\u0142adach pracy pracodawcy zmagaj\u0105 si\u0119 z r\u00f3\u017cnymi <\/span><br><span style=\"color: #000080;\">problemami. Podmioty medyczne, w kt\u00f3rych zdarzaj\u0105 si\u0119 zaka\u017cenia nie mog\u0105 <\/span><br><span style=\"color: #000080;\">bezpiecznie udziela\u0107 pomocy pacjentom, a zaka\u017cenia w obr\u0119bie ognisk domowych <\/span><br><span style=\"color: #000080;\">parali\u017cuj\u0105 \u017cycie rodzinne, cz\u0119sto przekre\u015blaj\u0105c zaplanowane atrakcje i destabilizuj\u0105c <\/span><br><span style=\"color: #000080;\">codzienne plany\u2026<\/span><br><span style=\"color: #000080;\">Za to, co si\u0119 dzieje wok\u00f3\u0142, odpowiada ka\u017cdy z nas, w ka\u017cdej chwili, gdy <\/span><br><span style=\"color: #000080;\">wykazujemy odpowiedzialno\u015b\u0107 i w ka\u017cdej chwili, gdy lekkomy\u015blno\u015b\u0107 bierze przewag\u0119 <\/span><br><span style=\"color: #000080;\">nad rozs\u0105dkiem. Cz\u0119sto za t\u0105 lekkomy\u015blno\u015b\u0107 wysok\u0105 cen\u0105 musz\u0105 zap\u0142aci\u0107 inni, nasi <\/span><br><span style=\"color: #000080;\">bliscy, lub osoby kt\u00f3rych nie znamy.<\/span><\/p>\n<p style=\"text-align: center;\"><br><strong><span style=\"color: #000080;\">RAZEM MO\u017bEMY TO ZMIENI\u0106!<\/span><\/strong><\/p>\n<p style=\"text-align: left;\"><br><span style=\"color: #000080;\">Razem mo\u017cemy sprawi\u0107, aby nasze wojew\u00f3dztwo, miejsce, w kt\u00f3rym \u017cyjemy <\/span><br><span style=\"color: #000080;\">by\u0142o wolne od ogranicze\u0144, wolne od zape\u0142nionych szpitali, dzieci przebywaj\u0105cych <\/span><br><span style=\"color: #000080;\">w domach na nauce zdalnej, zamkni\u0119tych zak\u0142ad\u00f3w pracy, odwo\u0142anych wydarze\u0144 <\/span><br><span style=\"color: #000080;\">kulturalnych\u2026<\/span><br><span style=\"color: #000080;\">Dlatego apeluj\u0119, do ka\u017cdego z osobna o odpowiedzialno\u015b\u0107 i o zaufanie nauce: <\/span><br><span style=\"color: #000080;\">zaszczepienie si\u0119 przeciw COVID &#8211; 19 i przestrzeganie obowi\u0105zuj\u0105cych zalece\u0144. <\/span><br><span style=\"color: #000080;\">Szczepienia w wielu krajach zminimalizowa\u0142y liczb\u0119 zgon\u00f3w i hospitalizacji. <\/span><br><span style=\"color: #000080;\">W znacznej mierze szczepienia ograniczy\u0142y ryzyko transmisji wirusa i rozwoju choroby<\/span><br><span style=\"color: #000080;\">COVID &#8211; 19, r\u00f3wnocze\u015bnie os\u0142abiaj\u0105c jej przebieg i negatywne skutki. <\/span><br><strong><span style=\"color: #000080;\">W spos\u00f3b szczeg\u00f3lny zwracam si\u0119 do:<\/span><\/strong><br><span style=\"color: #000080;\">\u27a2 Rodzic\u00f3w \u2013 nie posy\u0142ajcie dzieci z infekcjami do \u017c\u0142obka\/przedszkola\/szko\u0142y, <\/span><br><span style=\"color: #000080;\">\u27a2 Rektor\u00f3w uczelni i szk\u00f3\u0142 wy\u017cszych, dyrektor\u00f3w i nauczycieli o szybk\u0105 reakcj\u0119 <\/span><br><span style=\"color: #000080;\">na pojawiaj\u0105ce si\u0119 symptomy infekcji u student\u00f3w, podopiecznych jak i kadry <\/span><br><span style=\"color: #000080;\">pedagogicznej. W przypadku objaw\u00f3w chorobowych nale\u017cy pozosta\u0107 w domu <\/span><br><span style=\"color: #000080;\">i skonsultowa\u0107 si\u0119 z lekarzem,<\/span><br><span style=\"color: #000080;\">\u27a2 Senior\u00f3w o unikanie skupisk, ludzi. bezpieczne zachowania,<\/span><br><span style=\"color: #000080;\">\u27a2 Uczni\u00f3w, m\u0142odzie\u017cy i student\u00f3w o odpowiedzialne zachowanie w ka\u017cdych <\/span><br><span style=\"color: #000080;\">okoliczno\u015bciach i bezpieczne post\u0119powanie w warunkach pandemii oparte <\/span><br><span style=\"color: #000080;\">o zdobycze nauki,<\/span><br><span style=\"color: #000080;\">\u27a2 Organizator\u00f3w spotka\u0144 i imprez masowych o przestrzeganie wymaga\u0144 <\/span><br><span style=\"color: #000080;\">p\/pandemicznych.<\/span><br><strong><span style=\"color: #000080;\">Z tego wzgl\u0119du apeluj\u0119 o:<\/span><\/strong><br><span style=\"color: #000080;\">\u2212 pozostanie w domu gdy pojawiaj\u0105 si\u0119 objawy infekcji dr\u00f3g oddechowych!<\/span><br><span style=\"color: #000080;\">\u2212 zakrywanie nosa i ust, szczeg\u00f3lnie we wsp\u00f3lnie ucz\u0119szczanych przestrzeniach <\/span><br><span style=\"color: #000080;\">zamkni\u0119tych, tj. galeriach handlowych, sklepach, ko\u015bcio\u0142ach, a tak\u017ce podczas <\/span><br><span style=\"color: #000080;\">imprez masowych, spotka\u0144 okoliczno\u015bciowych,<\/span><br><span style=\"color: #000080;\">\u2212 higieniczne zachowania pracownika w ka\u017cdym zak\u0142adzie pracy i instytucji,<\/span><br><span style=\"color: #000080;\">\u2212 szczeg\u00f3ln\u0105 trosk\u0119 w przestrzeganiu zasad DDM przez organizator\u00f3w <\/span><br><span style=\"color: #000080;\">i uczestnik\u00f3w imprez masowych, kierownictwo podmiot\u00f3w medycznych, aby <\/span><br><span style=\"color: #000080;\">pacjenci i personel medyczny mogli czu\u0107 si\u0119 bezpiecznie.<\/span><br><span style=\"color: #000080;\">\u2212 rozwag\u0119 i odpowiedzialno\u015bci os\u00f3b szczepionych. Pomimo wysokiej skuteczno\u015bci <\/span><br><span style=\"color: #000080;\">szczepionek zdarzaj\u0105 si\u0119 zaka\u017cenia os\u00f3b zaszczepionych. Celem szczepienia jest <\/span><br><span style=\"color: #000080;\">przede wszystkim ochrona przed ci\u0119\u017ckim przebiegiem choroby i powik\u0142aniami, <\/span><br><span style=\"color: #000080;\">kt\u00f3rych nie da si\u0119 przewidzie\u0107.<\/span><br><span style=\"color: #000080;\">B\u0105d\u017amy rozs\u0105dni, korzystajmy z informacji ze sprawdzonych \u017ar\u00f3de\u0142. S\u0142uchajmy <\/span><br><span style=\"color: #000080;\">autorytet\u00f3w medycznych. Nie ulegajmy manipulacji \u015brodowisk, kt\u00f3rych celem jest <\/span><br><span style=\"color: #000080;\">dezinformacja. <\/span><br><span style=\"color: #000080;\">Tylko solidarnie, ufaj\u0105c sobie nawzajem z dba\u0142o\u015bci\u0105 o najwy\u017csze dobro &#8211;<\/span><br><span style=\"color: #000080;\">ZDROWIE KA\u017bDEGO Z NAS mo\u017cemy poczu\u0107 si\u0119 bezpieczni, unikn\u0105\u0107 ogranicze\u0144 <\/span><br><span style=\"color: #000080;\">i wielu innych problem\u00f3w powodowanych przez pandemi\u0119 i poprawi\u0107 wizerunek <\/span><br><span style=\"color: #000080;\">naszego regionu.<\/span><\/p>\n<p style=\"text-align: right;\"><br><span style=\"color: #000080;\">Lubelski Pa\u0144stwowy Wojew\u00f3dzki Inspektor Sanitarny<\/span><br><span style=\"color: #000080;\">dr n. med. Maria Jolanta Korniszuk<\/span><\/p>\n<p><span style=\"color: #000080;\"><strong><a style=\"color: #000080;\" href=\"http:\/\/sp1.hrubieszow.info\/wp-content\/uploads\/2021\/10\/APEL-LPWIS-plakat-A3.pdf\">APEL LPWIS plakat A3<\/a><\/strong><\/span><\/p>\n","protected":false},"excerpt":{"rendered":"<p>Zadbajmy o nasz region, przerwijmy \u0142a\u0144cuch zaka\u017ce\u0144! Nasze wojew\u00f3dztwo, Lubelszczyzna, to nasz dom, miejsce w kt\u00f3rym \u017cyjemy, uczymy si\u0119, mamy rodziny, znajomych, prac\u0119\u2026 Dzi\u015b to miejsce wyr\u00f3\u017cnia si\u0119 na tle kraju, daj\u0105c nam du\u017ce powody do niepokoju. Statystyki zaka\u017ce\u0144 bezwzgl\u0119dnie obna\u017caj\u0105 nasze s\u0142abo\u015bci. Nie pozw\u00f3lmy, aby postrzegano nas jako spo\u0142eczno\u015b\u0107, kt\u00f3ra nie ma zaufania do [&hellip;]<\/p>\n","protected":false},"author":2,"featured_media":0,"parent":5983,"menu_order":0,"comment_status":"closed","ping_status":"closed","template":"","meta":{"ngg_post_thumbnail":0,"footnotes":""},"class_list":["post-11380","page","type-page","status-publish","hentry"],"_links":{"self":[{"href":"https:\/\/sp1hrubieszow.pl\/index.php\/wp-json\/wp\/v2\/pages\/11380","targetHints":{"allow":["GET"]}}],"collection":[{"href":"https:\/\/sp1hrubieszow.pl\/index.php\/wp-json\/wp\/v2\/pages"}],"about":[{"href":"https:\/\/sp1hrubieszow.pl\/index.php\/wp-json\/wp\/v2\/types\/page"}],"author":[{"embeddable":true,"href":"https:\/\/sp1hrubieszow.pl\/index.php\/wp-json\/wp\/v2\/users\/2"}],"replies":[{"embeddable":true,"href":"https:\/\/sp1hrubieszow.pl\/index.php\/wp-json\/wp\/v2\/comments?post=11380"}],"version-history":[{"count":2,"href":"https:\/\/sp1hrubieszow.pl\/index.php\/wp-json\/wp\/v2\/pages\/11380\/revisions"}],"predecessor-version":[{"id":11382,"href":"https:\/\/sp1hrubieszow.pl\/index.php\/wp-json\/wp\/v2\/pages\/11380\/revisions\/11382"}],"up":[{"embeddable":true,"href":"https:\/\/sp1hrubieszow.pl\/index.php\/wp-json\/wp\/v2\/pages\/5983"}],"wp:attachment":[{"href":"https:\/\/sp1hrubieszow.pl\/index.php\/wp-json\/wp\/v2\/media?parent=11380"}],"curies":[{"name":"wp","href":"https:\/\/api.w.org\/{rel}","templated":true}]}}