{"id":11339,"date":"2021-10-11T19:31:07","date_gmt":"2021-10-11T17:31:07","guid":{"rendered":"http:\/\/sp1.hrubieszow.info\/?page_id=11339"},"modified":"2021-10-11T19:31:23","modified_gmt":"2021-10-11T17:31:23","slug":"klasa-1-b-z-wychowawczynia-monika-korneluk-wygrala-konkurs-ogolnopolski","status":"publish","type":"page","link":"https:\/\/sp1hrubieszow.pl\/index.php\/kronika-2020-2021\/klasa-1-b-z-wychowawczynia-monika-korneluk-wygrala-konkurs-ogolnopolski\/","title":{"rendered":"Klasa 1 b z wychowawczyni\u0105 Monik\u0105 Korneluk wygra\u0142a Konkurs Og\u00f3lnopolski"},"content":{"rendered":"\n<p><span style=\"color: #000080;\">08.10.2021 r. klasa 1 b z wychowawczyni\u0105 Monik\u0105 Korneluk wygra\u0142a Konkurs Og\u00f3lnopolski zorganizowany przez Sp\u00f3\u0142dzielni\u0119 Mleczarsk\u0105 Spomlek pt. \u201eSerenada dla dzieci \u2013 bezpieczni w szkole\u201d. Celem akcji by\u0142a edukacja uczni\u00f3w na temat zachowania si\u0119 w szkole w czasie pandemii. Dzieci wiedz\u0105, \u017ce nale\u017cy przestrzega\u0107 najwa\u017cniejszych zasad: bezpiecznej odleg\u0142o\u015bci, cz\u0119stego mycia i dezynfekcji r\u0105k, zakrywania ust i nosa. I w\u0142a\u015bnie teraz, dzi\u0119ki wygranej, zakrywanie ust i nosa b\u0119dzie dla nich form\u0105 zabawy i rado\u015bci, poniewa\u017c ka\u017cdy ucze\u0144 otrzyma\u0142 \u015bmieszne, \u017c\u00f3\u0142te maseczki. Dodatkow\u0105 nagrod\u0105 by\u0142y lunchboxy, w kt\u00f3rych b\u0119d\u0105 nosi\u0107 pyszne, zdrowe, drugie \u015bniadania.<\/span><\/p>\n<p><span style=\"color: #000080;\">Serdeczne podzi\u0119kowania dla wszystkich rodzic\u00f3w i znajomych, kt\u00f3rzy g\u0142osowali na nasz\u0105 klas\u0119, a szczeg\u00f3lnie dla pani Kamili Karpiuk za zg\u0142oszenie uczni\u00f3w do konkursu.<\/span><\/p>\nngg_shortcode_0_placeholder\n","protected":false},"excerpt":{"rendered":"<p>08.10.2021 r. klasa 1 b z wychowawczyni\u0105 Monik\u0105 Korneluk wygra\u0142a Konkurs Og\u00f3lnopolski zorganizowany przez Sp\u00f3\u0142dzielni\u0119 Mleczarsk\u0105 Spomlek pt. \u201eSerenada dla dzieci \u2013 bezpieczni w szkole\u201d. Celem akcji by\u0142a edukacja uczni\u00f3w na temat zachowania si\u0119 w szkole w czasie pandemii. Dzieci wiedz\u0105, \u017ce nale\u017cy przestrzega\u0107 najwa\u017cniejszych zasad: bezpiecznej odleg\u0142o\u015bci, cz\u0119stego mycia i dezynfekcji r\u0105k, zakrywania ust [&hellip;]<\/p>\n","protected":false},"author":2,"featured_media":0,"parent":5983,"menu_order":0,"comment_status":"closed","ping_status":"closed","template":"","meta":{"ngg_post_thumbnail":0,"footnotes":""},"class_list":["post-11339","page","type-page","status-publish","hentry"],"_links":{"self":[{"href":"https:\/\/sp1hrubieszow.pl\/index.php\/wp-json\/wp\/v2\/pages\/11339","targetHints":{"allow":["GET"]}}],"collection":[{"href":"https:\/\/sp1hrubieszow.pl\/index.php\/wp-json\/wp\/v2\/pages"}],"about":[{"href":"https:\/\/sp1hrubieszow.pl\/index.php\/wp-json\/wp\/v2\/types\/page"}],"author":[{"embeddable":true,"href":"https:\/\/sp1hrubieszow.pl\/index.php\/wp-json\/wp\/v2\/users\/2"}],"replies":[{"embeddable":true,"href":"https:\/\/sp1hrubieszow.pl\/index.php\/wp-json\/wp\/v2\/comments?post=11339"}],"version-history":[{"count":1,"href":"https:\/\/sp1hrubieszow.pl\/index.php\/wp-json\/wp\/v2\/pages\/11339\/revisions"}],"predecessor-version":[{"id":11340,"href":"https:\/\/sp1hrubieszow.pl\/index.php\/wp-json\/wp\/v2\/pages\/11339\/revisions\/11340"}],"up":[{"embeddable":true,"href":"https:\/\/sp1hrubieszow.pl\/index.php\/wp-json\/wp\/v2\/pages\/5983"}],"wp:attachment":[{"href":"https:\/\/sp1hrubieszow.pl\/index.php\/wp-json\/wp\/v2\/media?parent=11339"}],"curies":[{"name":"wp","href":"https:\/\/api.w.org\/{rel}","templated":true}]}}