{"id":11219,"date":"2021-10-06T21:38:28","date_gmt":"2021-10-06T19:38:28","guid":{"rendered":"http:\/\/sp1.hrubieszow.info\/?page_id=11219"},"modified":"2021-10-07T21:26:29","modified_gmt":"2021-10-07T19:26:29","slug":"xi-swiatowy-dzien-tabliczki-mnozenia","status":"publish","type":"page","link":"https:\/\/sp1hrubieszow.pl\/index.php\/kronika-2020-2021\/xi-swiatowy-dzien-tabliczki-mnozenia\/","title":{"rendered":"XI \u015aWIATOWY DZIE\u0143 TABLICZKI MNO\u017bENIA"},"content":{"rendered":"\n<p><span style=\"color: #000080;\">1 pa\u017adziernika 2021 r. jak co roku wzi\u0119li\u015bmy udzia\u0142 w kolejnej, ju\u017c XI&nbsp;edycji<strong>&nbsp;<\/strong>\u015awiatowego Dnia Tabliczki Mno\u017cenia. Uczniowie klas 3-8 i klasy 2a szko\u0142y podstawowej mieli okazj\u0119 wykaza\u0107 si\u0119 znajomo\u015bci\u0105 tabliczki mno\u017cenia. Nad przebiegiem konkursu czuwa\u0142y panie: Ma\u0142gorzata Szumiata, Anna Suwa\u0142a, Edyta Miller \u2013 Wiatrowska i Monika Jako\u015b W\u00f3r.<\/span><\/p>\n<p><span style=\"color: #000080;\">Uczniowie uzupe\u0142niali karteczki z przyk\u0142adami tabliczki mno\u017cenia na czas. Ci, kt\u00f3rzy jako pierwsi oddali poprawnie wpisane wyniki otrzymali pami\u0105tkowe dyplomy z tytu\u0142em \u201eKlasowego Mistrza Tabliczki Mno\u017cenia\u201d. Gratulujemy zwyci\u0119zcom!&nbsp;<\/span><\/p>\n<p><span style=\"color: #000080;\">&nbsp;&nbsp;&nbsp;&nbsp;&nbsp;&nbsp;&nbsp;&nbsp;&nbsp;&nbsp;&nbsp; <strong>Tytu\u0142y Klasowych Mistrz\u00f3w Tabliczki Mno\u017cenia otrzymali nast\u0119puj\u0105cy uczniowie:<\/strong><\/span><\/p>\n<p><span style=\"color: #000080;\"><strong>klasa 2a \u2013 JAKUB KALBARCZYK<\/strong><\/span><\/p>\n<p><span style=\"color: #000080;\"><strong>klasa 3a \u2013 PAULINA KARCZ<\/strong><\/span><\/p>\n<p><span style=\"color: #000080;\"><strong>klasa 3b \u2013 ADAM SZCZUR<\/strong><\/span><\/p>\n<p><span style=\"color: #000080;\"><strong>klasa 3c \u2013 MARIA STEPANIUK<\/strong><\/span><\/p>\n<p><span style=\"color: #000080;\"><strong>klasa 4a \u2013 ALEKSANDRA PA\u0141YS<\/strong><\/span><\/p>\n<p><span style=\"color: #000080;\"><strong>klasa 4b \u2013 GABRIELA OSMA\u0143SKA<\/strong><\/span><\/p>\n<p><span style=\"color: #000080;\"><strong>klasa 4c \u2013 WOJCIECH RODZIK<\/strong><\/span><\/p>\n<p><span style=\"color: #000080;\"><strong>klasa 5a \u2013 NIKOLA NOWAK<\/strong><\/span><\/p>\n<p><span style=\"color: #000080;\"><strong>klasa 5b \u2013 DAWID DWORAK<\/strong><\/span><\/p>\n<p><span style=\"color: #000080;\"><strong>klasa 5c \u2013 LIDIA GRAB<\/strong><\/span><\/p>\n<p><span style=\"color: #000080;\"><strong>klasa 6a \u2013 MATEUSZ BUCZEK<\/strong><\/span><\/p>\n<p><span style=\"color: #000080;\"><strong>klasa 7a \u2013 PAWE\u0141 STANKIEWICZ<\/strong><\/span><\/p>\n<p><span style=\"color: #000080;\"><strong>klasa 7b \u2013 OLIWIA KISIELEWICZ<\/strong><\/span><\/p>\n<p><span style=\"color: #000080;\"><strong>klasa 7c \u2013 WIKTORIA KORZENIOWSKA<\/strong><\/span><\/p>\n<p><span style=\"color: #000080;\"><strong>klasa 7d \u2013 ALEKSANDRA RZ\u0104D<\/strong><\/span><\/p>\n<p><span style=\"color: #000080;\"><strong>klasa 8a \u2013 KAJA GROSMAN<\/strong><\/span><\/p>\n<p><span style=\"color: #000080;\"><strong>klasa 8b \u2013 MACIEJ OBSZY\u0143SKI<\/strong><\/span><\/p>\n<p><span style=\"color: #000080;\"><strong>klasa 8c \u2013 MONIKA SYMCZUK<\/strong><\/span><\/p>\n<p><span style=\"color: #000080;\"><strong>klasa 8d \u2013 KONRAD LITWI\u0143CZUK<\/strong><\/span><\/p>\n<p><span style=\"color: #000080;\">Dzi\u0119kujemy wszystkim nauczycielom za pomoc w przeprowadzeniu konkursu a mistrzom tabliczki mno\u017cenia \u017cyczymy licznych sukces\u00f3w matematycznych.<\/span><\/p>\nngg_shortcode_0_placeholder\n<p>&nbsp;<\/p>\n","protected":false},"excerpt":{"rendered":"<p>1 pa\u017adziernika 2021 r. jak co roku wzi\u0119li\u015bmy udzia\u0142 w kolejnej, ju\u017c XI&nbsp;edycji&nbsp;\u015awiatowego Dnia Tabliczki Mno\u017cenia. Uczniowie klas 3-8 i klasy 2a szko\u0142y podstawowej mieli okazj\u0119 wykaza\u0107 si\u0119 znajomo\u015bci\u0105 tabliczki mno\u017cenia. Nad przebiegiem konkursu czuwa\u0142y panie: Ma\u0142gorzata Szumiata, Anna Suwa\u0142a, Edyta Miller \u2013 Wiatrowska i Monika Jako\u015b W\u00f3r. Uczniowie uzupe\u0142niali karteczki z przyk\u0142adami tabliczki mno\u017cenia [&hellip;]<\/p>\n","protected":false},"author":2,"featured_media":0,"parent":5983,"menu_order":0,"comment_status":"closed","ping_status":"closed","template":"","meta":{"ngg_post_thumbnail":0,"footnotes":""},"class_list":["post-11219","page","type-page","status-publish","hentry"],"_links":{"self":[{"href":"https:\/\/sp1hrubieszow.pl\/index.php\/wp-json\/wp\/v2\/pages\/11219","targetHints":{"allow":["GET"]}}],"collection":[{"href":"https:\/\/sp1hrubieszow.pl\/index.php\/wp-json\/wp\/v2\/pages"}],"about":[{"href":"https:\/\/sp1hrubieszow.pl\/index.php\/wp-json\/wp\/v2\/types\/page"}],"author":[{"embeddable":true,"href":"https:\/\/sp1hrubieszow.pl\/index.php\/wp-json\/wp\/v2\/users\/2"}],"replies":[{"embeddable":true,"href":"https:\/\/sp1hrubieszow.pl\/index.php\/wp-json\/wp\/v2\/comments?post=11219"}],"version-history":[{"count":1,"href":"https:\/\/sp1hrubieszow.pl\/index.php\/wp-json\/wp\/v2\/pages\/11219\/revisions"}],"predecessor-version":[{"id":11220,"href":"https:\/\/sp1hrubieszow.pl\/index.php\/wp-json\/wp\/v2\/pages\/11219\/revisions\/11220"}],"up":[{"embeddable":true,"href":"https:\/\/sp1hrubieszow.pl\/index.php\/wp-json\/wp\/v2\/pages\/5983"}],"wp:attachment":[{"href":"https:\/\/sp1hrubieszow.pl\/index.php\/wp-json\/wp\/v2\/media?parent=11219"}],"curies":[{"name":"wp","href":"https:\/\/api.w.org\/{rel}","templated":true}]}}