{"id":11014,"date":"2021-09-28T18:00:36","date_gmt":"2021-09-28T16:00:36","guid":{"rendered":"http:\/\/sp1.hrubieszow.info\/?page_id=11014"},"modified":"2021-09-28T18:02:22","modified_gmt":"2021-09-28T16:02:22","slug":"komunikat-biegi-wrzesniowe-2021","status":"publish","type":"page","link":"https:\/\/sp1hrubieszow.pl\/index.php\/kronika-2020-2021\/komunikat-biegi-wrzesniowe-2021\/","title":{"rendered":"Komunikat Biegi Wrze\u015bniowe 2021"},"content":{"rendered":"\n<p><strong><span style=\"color: #000080;\">Dziewcz\u0119ta:<\/span><\/strong><\/p>\n<p><span style=\"color: #000080;\">&nbsp;Klasy 1<\/span><\/p>\n<ol>\n<li><span style=\"color: #000080;\"> Dziewulska Aleksandra 1b<\/span><\/li>\n<li><span style=\"color: #000080;\"> Lalik Zofia 1b<\/span><\/li>\n<li><span style=\"color: #000080;\"> Bardyga Oliwia 1b<\/span><\/li>\n<\/ol>\n<p><span style=\"color: #000080;\">Klasy 2<\/span><\/p>\n<ol>\n<li><span style=\"color: #000080;\">Urszula Nowak 2b<\/span><\/li>\n<li><span style=\"color: #000080;\">Emilia Podg\u00f3rska 2a<\/span><\/li>\n<li><span style=\"color: #000080;\">Maja Tysowecka 2a<\/span><\/li>\n<\/ol>\n<p><span style=\"color: #000080;\">Klasy 3<\/span><\/p>\n<ol>\n<li><span style=\"color: #000080;\">Julia Flak 3a<\/span><\/li>\n<li><span style=\"color: #000080;\">Kie\u0142basa Anna 3c<\/span><\/li>\n<li><span style=\"color: #000080;\">Gabriela Skowron 3c<\/span><\/li>\n<\/ol>\n<p><span style=\"color: #000080;\">Klasy 4<\/span><\/p>\n<ol>\n<li><span style=\"color: #000080;\">Dominka Ciemi\u0119ga 4b<\/span><\/li>\n<li><span style=\"color: #000080;\">Iga Nowosad 4a<\/span><\/li>\n<li><span style=\"color: #000080;\">Kornelia Mrozowska 4b<\/span><\/li>\n<\/ol>\n<p><span style=\"color: #000080;\">Klasy 5<\/span><\/p>\n<ol>\n<li><span style=\"color: #000080;\">Nicola Kosza\u0142ka 5b<\/span><\/li>\n<li><span style=\"color: #000080;\">Diana S\u0142upska 5b<\/span><\/li>\n<li><span style=\"color: #000080;\">Zuzanna Nowakowska 5c<\/span><\/li>\n<\/ol>\n<p><span style=\"color: #000080;\">Klasy 6<\/span><\/p>\n<ol>\n<li><span style=\"color: #000080;\">Martyna D\u017cyga\u0142o 6a<\/span><\/li>\n<li><span style=\"color: #000080;\">Oliwia Jonak 6a<\/span><\/li>\n<li><span style=\"color: #000080;\">Jankowska Izabela 6a<\/span><\/li>\n<\/ol>\n<p><span style=\"color: #000080;\">Klasy 7<\/span><\/p>\n<ol>\n<li><span style=\"color: #000080;\">Wiktoria Iwan 7d<\/span><\/li>\n<li><span style=\"color: #000080;\">Wiktoria Zaj\u0105c 7b<\/span><\/li>\n<li><span style=\"color: #000080;\">Aleksandra Za\u0142uska 7b<\/span><\/li>\n<\/ol>\n<p><span style=\"color: #000080;\">Klasy 8<\/span><\/p>\n<p><span style=\"color: #000080;\">1.Hanna Nowosad 8b<\/span><\/p>\n<p><span style=\"color: #000080;\">2.Wiktoria Za\u0142uska 8c<\/span><\/p>\n<p><span style=\"color: #000080;\">3.Emilia Malinowska 8b<\/span><\/p>\n<p><strong><span style=\"color: #000080;\">&nbsp;Ch\u0142opcy:<\/span><\/strong><\/p>\n<p><span style=\"color: #000080;\">Klasy 1<\/span><\/p>\n<ol>\n<li><span style=\"color: #000080;\">Alan Tor 1a<\/span><\/li>\n<li><span style=\"color: #000080;\">Julian Korkosz 1a<\/span><\/li>\n<li><span style=\"color: #000080;\">Kornel Kami\u0144ski 1c<\/span><\/li>\n<\/ol>\n<p><span style=\"color: #000080;\">Klasy 2<\/span><\/p>\n<ol>\n<li><span style=\"color: #000080;\">Marcel Kluczyk 2b<\/span><\/li>\n<li><span style=\"color: #000080;\">Dawid Prystupa 2b<\/span><\/li>\n<li><span style=\"color: #000080;\">Bartosz D\u0105browski 2a<\/span><\/li>\n<\/ol>\n<p><span style=\"color: #000080;\">Klasy 3<\/span><\/p>\n<ol>\n<li><span style=\"color: #000080;\">Aleksander Sawicki 3c<\/span><\/li>\n<li><span style=\"color: #000080;\">Robert Kraj 3b<\/span><\/li>\n<li><span style=\"color: #000080;\">Sebastian Gidzi\u0144ski 3c<\/span><\/li>\n<\/ol>\n<p><span style=\"color: #000080;\">Klasy 4<\/span><\/p>\n<ol>\n<li><span style=\"color: #000080;\">Ksawery Wielgus 4c<\/span><\/li>\n<li><span style=\"color: #000080;\">Szymon Koko\u0107 4b<\/span><\/li>\n<li><span style=\"color: #000080;\">Wojciech Rodzik 4c<\/span><\/li>\n<\/ol>\n<p><span style=\"color: #000080;\">Klasy 5<\/span><\/p>\n<ol>\n<li><span style=\"color: #000080;\">Karol Krajewski 5a<\/span><\/li>\n<li><span style=\"color: #000080;\">Wojciech Malinowski 5c<\/span><\/li>\n<li><span style=\"color: #000080;\">Micha\u0142 Mazurek 5a<\/span><\/li>\n<\/ol>\n<p><span style=\"color: #000080;\">Klasy 6<\/span><\/p>\n<ol>\n<li><span style=\"color: #000080;\">Czerkawski Miko\u0142aj 6a<\/span><\/li>\n<li><span style=\"color: #000080;\">Buczek Mateusz 6a<\/span><\/li>\n<li><span style=\"color: #000080;\">Kajetan Szewc 6a<\/span><\/li>\n<\/ol>\n<p><span style=\"color: #000080;\">Klasy 7<\/span><\/p>\n<ol>\n<li><span style=\"color: #000080;\">Kacper Kaniosz 7d<\/span><\/li>\n<li><span style=\"color: #000080;\">Maciej Borz\u0119cki 7a<\/span><\/li>\n<li><span style=\"color: #000080;\">Tomasz Pawlos 7a<\/span><\/li>\n<\/ol>\n<p><span style=\"color: #000080;\">Klasy 8<\/span><\/p>\n<ol>\n<li><span style=\"color: #000080;\">Jakub Kosza\u0142ka 8d<\/span><\/li>\n<li><span style=\"color: #000080;\">Jakub Szustakowski 8b<\/span><\/li>\n<li><span style=\"color: #000080;\">Marcel Baj 8c<\/span><\/li>\n<\/ol>\n<p style=\"text-align: center;\"><span style=\"color: #000080;\">GRATULUJEMY!!!<\/span><\/p>\nngg_shortcode_0_placeholder\n","protected":false},"excerpt":{"rendered":"<p>Dziewcz\u0119ta: &nbsp;Klasy 1 Dziewulska Aleksandra 1b Lalik Zofia 1b Bardyga Oliwia 1b Klasy 2 Urszula Nowak 2b Emilia Podg\u00f3rska 2a Maja Tysowecka 2a Klasy 3 Julia Flak 3a Kie\u0142basa Anna 3c Gabriela Skowron 3c Klasy 4 Dominka Ciemi\u0119ga 4b Iga Nowosad 4a Kornelia Mrozowska 4b Klasy 5 Nicola Kosza\u0142ka 5b Diana S\u0142upska 5b Zuzanna Nowakowska [&hellip;]<\/p>\n","protected":false},"author":2,"featured_media":0,"parent":5983,"menu_order":0,"comment_status":"closed","ping_status":"closed","template":"","meta":{"ngg_post_thumbnail":0,"footnotes":""},"class_list":["post-11014","page","type-page","status-publish","hentry"],"_links":{"self":[{"href":"https:\/\/sp1hrubieszow.pl\/index.php\/wp-json\/wp\/v2\/pages\/11014","targetHints":{"allow":["GET"]}}],"collection":[{"href":"https:\/\/sp1hrubieszow.pl\/index.php\/wp-json\/wp\/v2\/pages"}],"about":[{"href":"https:\/\/sp1hrubieszow.pl\/index.php\/wp-json\/wp\/v2\/types\/page"}],"author":[{"embeddable":true,"href":"https:\/\/sp1hrubieszow.pl\/index.php\/wp-json\/wp\/v2\/users\/2"}],"replies":[{"embeddable":true,"href":"https:\/\/sp1hrubieszow.pl\/index.php\/wp-json\/wp\/v2\/comments?post=11014"}],"version-history":[{"count":3,"href":"https:\/\/sp1hrubieszow.pl\/index.php\/wp-json\/wp\/v2\/pages\/11014\/revisions"}],"predecessor-version":[{"id":11017,"href":"https:\/\/sp1hrubieszow.pl\/index.php\/wp-json\/wp\/v2\/pages\/11014\/revisions\/11017"}],"up":[{"embeddable":true,"href":"https:\/\/sp1hrubieszow.pl\/index.php\/wp-json\/wp\/v2\/pages\/5983"}],"wp:attachment":[{"href":"https:\/\/sp1hrubieszow.pl\/index.php\/wp-json\/wp\/v2\/media?parent=11014"}],"curies":[{"name":"wp","href":"https:\/\/api.w.org\/{rel}","templated":true}]}}