{"id":10862,"date":"2021-09-27T17:25:12","date_gmt":"2021-09-27T15:25:12","guid":{"rendered":"http:\/\/sp1.hrubieszow.info\/?page_id=10862"},"modified":"2021-09-27T17:25:34","modified_gmt":"2021-09-27T15:25:34","slug":"europejski-tydzien-dysleksji","status":"publish","type":"page","link":"https:\/\/sp1hrubieszow.pl\/index.php\/kronika-2020-2021\/europejski-tydzien-dysleksji\/","title":{"rendered":"\u201eEuropejski Tydzie\u0144 Dysleksji\u201d"},"content":{"rendered":"\n<p style=\"text-align: center;\"><span style=\"color: #000080;\"><strong>Obchody \u201eEuropejskiego Tygodnia Dysleksji\u201d<\/strong><\/span><\/p>\n<p style=\"text-align: center;\"><span style=\"color: #000080;\"><strong>04-08.10.2021r. \u201eJESTE\u015aMY R\u00d3\u017bNI-JESTE\u015aMY RAZEM\u201d`<\/strong><\/span><\/p>\n<p style=\"text-align: center;\"><span style=\"color: #000080;\"><strong>07.10.2021r. #Dyslexsiaday<\/strong><\/span><\/p>\n<p><span style=\"color: #000080;\"><strong>04.10.2021r. Dzie\u0144 Czytania<\/strong><\/span><\/p>\n<p><span style=\"color: #000080;\">-gazetki tematyczne dotycz\u0105ce dysleksji<\/span><\/p>\n<p><span style=\"color: #000080;\">-akcja czytelnicza \u201eCzytam z Bratkiem\u201d<\/span><\/p>\n<p><span style=\"color: #000080;\">&#8211; wystawa polecanych ksi\u0105\u017cek w bibliotece szkolnej<\/span><\/p>\n<p><span style=\"color: #000080;\"><strong>05.10.2021r. Dzie\u0144 Ortografii<\/strong><\/span><\/p>\n<p><span style=\"color: #000080;\">-konkurs polonistyczny (ortograficzno-kaligraficzny) w klasach I-III<\/span><\/p>\n<p><span style=\"color: #000080;\">&#8211; zabawa szkolna \u201eTropiciele ortografii\u201d-mini konkurs<\/span><\/p>\n<p><span style=\"color: #000080;\">&#8211; gry i zabawy ortograficzne w grupach terapeutycznych<\/span><\/p>\n<p><span style=\"color: #000080;\"><strong>06.10.2021r. Dzie\u0144 skutecznego uczenia si\u0119<\/strong><\/span><\/p>\n<p><span style=\"color: #000080;\">-zaj\u0119cia dotycz\u0105ce skutecznej nauki<\/span><\/p>\n<p><span style=\"color: #000080;\">-klasowa gie\u0142da pomys\u0142\u00f3w na skuteczn\u0105 nauk\u0119-plakat lub gazetka \u015bcienna<\/span><\/p>\n<p><span style=\"color: #000080;\">&#8211; porady i konsultacje w gabinecie terapeuty<\/span><\/p>\n<p><span style=\"color: #000080;\"><strong>07.10.2021r. Dzie\u0144 Dysleksji #Dyslexiaday i Dzie\u0144 S\u0142awnego Dyslektyka<\/strong><\/span><\/p>\n<p><span style=\"color: #000080;\">&#8211; rozstrzygni\u0119cie konkurs\u00f3w plastycznych, nawi\u0105zuj\u0105cych o postaci s\u0142awnych dyslektyk\u00f3w<\/span><\/p>\n<p><span style=\"color: #000080;\">&#8211; lekcja odwr\u00f3cona w grupach terapeutycznych<\/span><\/p>\n<p><span style=\"color: #000080;\">&#8211; wystawa prac plastycznych<\/span><\/p>\n<p><span style=\"color: #000080;\"><strong>08.10.2021r. Dzie\u0144 Pisania<\/strong><\/span><\/p>\n<p><span style=\"color: #000080;\">&#8211; organizacja \u201eMi\u0119dzynarodowego Dnia Pisania List\u00f3w\u201d<\/span><\/p>\n<p><span style=\"color: #000080;\">&#8211; promocja \u0142adnego pisania- rozstrzygni\u0119cie konkursu polonistycznego<\/span><\/p>\n<p><span style=\"color: #000080;\">&#8211; porady i konsultacje w gabinecie terapeuty<\/span><\/p>\n<p style=\"text-align: right;\"><span style=\"color: #000080;\">Zapraszamy do udzia\u0142u!<\/span><\/p>\n<p style=\"text-align: right;\"><span style=\"color: #000080;\">Marta Kuczy\u0144ska<\/span><\/p>\n<p style=\"text-align: right;\"><span style=\"color: #000080;\">Marta Lackowska<\/span><\/p>\n<p style=\"text-align: center;\"><span style=\"color: #000080;\"><strong><a style=\"color: #000080;\" href=\"http:\/\/sp1.hrubieszow.info\/wp-content\/uploads\/2021\/09\/ETSD2021.pdf\">ETSD2021<\/a>&nbsp;<\/strong><\/span><\/p>\n","protected":false},"excerpt":{"rendered":"<p>Obchody \u201eEuropejskiego Tygodnia Dysleksji\u201d 04-08.10.2021r. \u201eJESTE\u015aMY R\u00d3\u017bNI-JESTE\u015aMY RAZEM\u201d` 07.10.2021r. #Dyslexsiaday 04.10.2021r. Dzie\u0144 Czytania -gazetki tematyczne dotycz\u0105ce dysleksji -akcja czytelnicza \u201eCzytam z Bratkiem\u201d &#8211; wystawa polecanych ksi\u0105\u017cek w bibliotece szkolnej 05.10.2021r. Dzie\u0144 Ortografii -konkurs polonistyczny (ortograficzno-kaligraficzny) w klasach I-III &#8211; zabawa szkolna \u201eTropiciele ortografii\u201d-mini konkurs &#8211; gry i zabawy ortograficzne w grupach terapeutycznych 06.10.2021r. Dzie\u0144 skutecznego [&hellip;]<\/p>\n","protected":false},"author":2,"featured_media":0,"parent":5983,"menu_order":0,"comment_status":"closed","ping_status":"closed","template":"","meta":{"ngg_post_thumbnail":0,"footnotes":""},"class_list":["post-10862","page","type-page","status-publish","hentry"],"_links":{"self":[{"href":"https:\/\/sp1hrubieszow.pl\/index.php\/wp-json\/wp\/v2\/pages\/10862","targetHints":{"allow":["GET"]}}],"collection":[{"href":"https:\/\/sp1hrubieszow.pl\/index.php\/wp-json\/wp\/v2\/pages"}],"about":[{"href":"https:\/\/sp1hrubieszow.pl\/index.php\/wp-json\/wp\/v2\/types\/page"}],"author":[{"embeddable":true,"href":"https:\/\/sp1hrubieszow.pl\/index.php\/wp-json\/wp\/v2\/users\/2"}],"replies":[{"embeddable":true,"href":"https:\/\/sp1hrubieszow.pl\/index.php\/wp-json\/wp\/v2\/comments?post=10862"}],"version-history":[{"count":1,"href":"https:\/\/sp1hrubieszow.pl\/index.php\/wp-json\/wp\/v2\/pages\/10862\/revisions"}],"predecessor-version":[{"id":10863,"href":"https:\/\/sp1hrubieszow.pl\/index.php\/wp-json\/wp\/v2\/pages\/10862\/revisions\/10863"}],"up":[{"embeddable":true,"href":"https:\/\/sp1hrubieszow.pl\/index.php\/wp-json\/wp\/v2\/pages\/5983"}],"wp:attachment":[{"href":"https:\/\/sp1hrubieszow.pl\/index.php\/wp-json\/wp\/v2\/media?parent=10862"}],"curies":[{"name":"wp","href":"https:\/\/api.w.org\/{rel}","templated":true}]}}