{"id":10857,"date":"2021-09-27T17:14:43","date_gmt":"2021-09-27T15:14:43","guid":{"rendered":"http:\/\/sp1.hrubieszow.info\/?page_id=10857"},"modified":"2021-09-27T17:14:58","modified_gmt":"2021-09-27T15:14:58","slug":"klasa-5-c-w-krylowie","status":"publish","type":"page","link":"https:\/\/sp1hrubieszow.pl\/index.php\/kronika-2020-2021\/klasa-5-c-w-krylowie\/","title":{"rendered":"Klasa 5 c w Kry\u0142owie"},"content":{"rendered":"\n<p><span style=\"color: #000080;\">22 wrze\u015bnia klasa 5c go\u015bci\u0142a w agroturystyce &#8222;Miko\u0142aj i Wilk. Dom na wschodzie&#8221; w miejscowo\u015bci Kry\u0142\u00f3w. Uczniowie wzi\u0119li udzia\u0142 w warsztacie kulinarnym podczas, kt\u00f3rego nauczyli si\u0119 robi\u0107 pizz\u0119 Miko\u0142aja i Wilka&#8230;naprawd\u0119 pyszn\u0105&#8230;Odby\u0142 si\u0119 r\u00f3wnie\u017c warsztat plastyczny, w czasie kt\u00f3rego nauczyli\u015bmy si\u0119 pracowa\u0107 metod\u0105 Decoupage (polegaj\u0105c\u0105 na przyklejaniu kawa\u0142k\u00f3w serwetek na drewno). Metoda ta pozwoli\u0142a nam stworzy\u0107 pi\u0119kne ozdoby i zapewni\u0142a nam dobr\u0105 zabaw\u0119 .Odbyli\u015bmy tak\u017ce spacer po okolicy. Dzi\u0119kujemy bardzo Gospodarzom za go\u015bcinno\u015b\u0107 i cierpliwo\u015b\u0107.<\/span><\/p>\nngg_shortcode_0_placeholder\n","protected":false},"excerpt":{"rendered":"<p>22 wrze\u015bnia klasa 5c go\u015bci\u0142a w agroturystyce &#8222;Miko\u0142aj i Wilk. Dom na wschodzie&#8221; w miejscowo\u015bci Kry\u0142\u00f3w. Uczniowie wzi\u0119li udzia\u0142 w warsztacie kulinarnym podczas, kt\u00f3rego nauczyli si\u0119 robi\u0107 pizz\u0119 Miko\u0142aja i Wilka&#8230;naprawd\u0119 pyszn\u0105&#8230;Odby\u0142 si\u0119 r\u00f3wnie\u017c warsztat plastyczny, w czasie kt\u00f3rego nauczyli\u015bmy si\u0119 pracowa\u0107 metod\u0105 Decoupage (polegaj\u0105c\u0105 na przyklejaniu kawa\u0142k\u00f3w serwetek na drewno). Metoda ta pozwoli\u0142a nam [&hellip;]<\/p>\n","protected":false},"author":2,"featured_media":0,"parent":5983,"menu_order":0,"comment_status":"closed","ping_status":"closed","template":"","meta":{"ngg_post_thumbnail":0,"footnotes":""},"class_list":["post-10857","page","type-page","status-publish","hentry"],"_links":{"self":[{"href":"https:\/\/sp1hrubieszow.pl\/index.php\/wp-json\/wp\/v2\/pages\/10857","targetHints":{"allow":["GET"]}}],"collection":[{"href":"https:\/\/sp1hrubieszow.pl\/index.php\/wp-json\/wp\/v2\/pages"}],"about":[{"href":"https:\/\/sp1hrubieszow.pl\/index.php\/wp-json\/wp\/v2\/types\/page"}],"author":[{"embeddable":true,"href":"https:\/\/sp1hrubieszow.pl\/index.php\/wp-json\/wp\/v2\/users\/2"}],"replies":[{"embeddable":true,"href":"https:\/\/sp1hrubieszow.pl\/index.php\/wp-json\/wp\/v2\/comments?post=10857"}],"version-history":[{"count":1,"href":"https:\/\/sp1hrubieszow.pl\/index.php\/wp-json\/wp\/v2\/pages\/10857\/revisions"}],"predecessor-version":[{"id":10858,"href":"https:\/\/sp1hrubieszow.pl\/index.php\/wp-json\/wp\/v2\/pages\/10857\/revisions\/10858"}],"up":[{"embeddable":true,"href":"https:\/\/sp1hrubieszow.pl\/index.php\/wp-json\/wp\/v2\/pages\/5983"}],"wp:attachment":[{"href":"https:\/\/sp1hrubieszow.pl\/index.php\/wp-json\/wp\/v2\/media?parent=10857"}],"curies":[{"name":"wp","href":"https:\/\/api.w.org\/{rel}","templated":true}]}}