{"id":10719,"date":"2021-09-24T21:00:06","date_gmt":"2021-09-24T19:00:06","guid":{"rendered":"http:\/\/sp1.hrubieszow.info\/?page_id=10719"},"modified":"2021-09-24T21:32:03","modified_gmt":"2021-09-24T19:32:03","slug":"miedzynarodowy-dzien-kropki","status":"publish","type":"page","link":"https:\/\/sp1hrubieszow.pl\/index.php\/kronika-2020-2021\/miedzynarodowy-dzien-kropki\/","title":{"rendered":"Mi\u0119dzynarodowy Dzie\u0144 Kropki"},"content":{"rendered":"\n<p style=\"text-align: right;\"><span style=\"color: #000080;\">&nbsp;&#8222;Nie mo\u017cna wyczerpa\u0107 kreatywno\u015bci.<\/span><br><span style=\"color: #000080;\">Im wi\u0119cej jej u\u017cywasz, tym wi\u0119cej jej masz.&#8221;<\/span><br><span style=\"color: #000080;\">Maya Angelou&nbsp; &nbsp;&nbsp;<\/span><\/p>\n<p style=\"text-align: left;\"><span style=\"color: #000080;\">15 wrze\u015bnia w naszej szkole pierwszy raz \u015bwi\u0119towali\u015bmy Mi\u0119dzynarodowy Dzie\u0144 Kropki &#8211; dzie\u0144 kreatywno\u015bci i tw\u00f3rczo\u015bci. W kropkowe obchody w\u0142\u0105czy\u0142y si\u0119 prawie wszystkie klasy oraz dzieci z grupy \u015bwietlicowej. <\/span><br><span style=\"color: #000080;\">Uczniowie podczas lekcji s\u0142uchali historii o ma\u0142ej Vashti, kt\u00f3ra dzi\u0119ki malutkiej kropce i wspania\u0142ej, m\u0105drej nauczycielce plastyki uwierzy\u0142a w swoje mo\u017cliwo\u015bci. Vashti to bohaterka ksi\u0105\u017cki &#8222;Kropka&#8221;, kt\u00f3ra napisa\u0142 ameryka\u0144ski pisarz i ilustrator ksi\u0105\u017cek dla dzieci Peter H. Reynolds.<\/span><br><span style=\"color: #000080;\">Poza tym uczniowie wykonywali r\u00f3\u017cne zadania rozwijaj\u0105ce kreatywno\u015b\u0107 oraz \u015bwietnie si\u0119 bawili. Nauczyciele rozmawiali z uczniami o ich umiej\u0119tno\u015bciach i talentach. W tym dniu mo\u017cna by\u0142o tak\u017ce zrobi\u0107 sobie zdj\u0119cie w specjalnie przygotowanej ramce. Wielu uczni\u00f3w i nauczycieli ubra\u0142o si\u0119 w kropkowe stroje. Na szkolnych korytarzach pojawi\u0142y si\u0119 r\u00f3wnie\u017c dwie gazetki tematyczne oraz motywacyjne cytaty. <\/span><br><span style=\"color: #000080;\">Wszystkim zaanga\u017cowanym serdecznie dzi\u0119kujemy za w\u0142\u0105czenie si\u0119 w szkolne \u015bwi\u0119towanie Dnia Kropki. Mamy nadziej\u0119, \u017ce to wyj\u0105tkowe \u015bwi\u0119to kreatywno\u015bci na sta\u0142e zago\u015bci w naszym szkolnym kalendarzu.<\/span><\/p>\n<p style=\"text-align: right;\"><br><span style=\"color: #000080;\">Organizatorzy:<\/span><br><span style=\"color: #000080;\">Marta Kuczy\u0144ska<\/span><br><span style=\"color: #000080;\">Marta Lackowska<\/span><\/p>\nngg_shortcode_0_placeholder\nngg_shortcode_1_placeholder\n","protected":false},"excerpt":{"rendered":"<p>&nbsp;&#8222;Nie mo\u017cna wyczerpa\u0107 kreatywno\u015bci.Im wi\u0119cej jej u\u017cywasz, tym wi\u0119cej jej masz.&#8221;Maya Angelou&nbsp; &nbsp;&nbsp; 15 wrze\u015bnia w naszej szkole pierwszy raz \u015bwi\u0119towali\u015bmy Mi\u0119dzynarodowy Dzie\u0144 Kropki &#8211; dzie\u0144 kreatywno\u015bci i tw\u00f3rczo\u015bci. W kropkowe obchody w\u0142\u0105czy\u0142y si\u0119 prawie wszystkie klasy oraz dzieci z grupy \u015bwietlicowej. Uczniowie podczas lekcji s\u0142uchali historii o ma\u0142ej Vashti, kt\u00f3ra dzi\u0119ki malutkiej kropce i [&hellip;]<\/p>\n","protected":false},"author":2,"featured_media":0,"parent":5983,"menu_order":0,"comment_status":"closed","ping_status":"closed","template":"","meta":{"ngg_post_thumbnail":0,"footnotes":""},"class_list":["post-10719","page","type-page","status-publish","hentry"],"_links":{"self":[{"href":"https:\/\/sp1hrubieszow.pl\/index.php\/wp-json\/wp\/v2\/pages\/10719","targetHints":{"allow":["GET"]}}],"collection":[{"href":"https:\/\/sp1hrubieszow.pl\/index.php\/wp-json\/wp\/v2\/pages"}],"about":[{"href":"https:\/\/sp1hrubieszow.pl\/index.php\/wp-json\/wp\/v2\/types\/page"}],"author":[{"embeddable":true,"href":"https:\/\/sp1hrubieszow.pl\/index.php\/wp-json\/wp\/v2\/users\/2"}],"replies":[{"embeddable":true,"href":"https:\/\/sp1hrubieszow.pl\/index.php\/wp-json\/wp\/v2\/comments?post=10719"}],"version-history":[{"count":2,"href":"https:\/\/sp1hrubieszow.pl\/index.php\/wp-json\/wp\/v2\/pages\/10719\/revisions"}],"predecessor-version":[{"id":10798,"href":"https:\/\/sp1hrubieszow.pl\/index.php\/wp-json\/wp\/v2\/pages\/10719\/revisions\/10798"}],"up":[{"embeddable":true,"href":"https:\/\/sp1hrubieszow.pl\/index.php\/wp-json\/wp\/v2\/pages\/5983"}],"wp:attachment":[{"href":"https:\/\/sp1hrubieszow.pl\/index.php\/wp-json\/wp\/v2\/media?parent=10719"}],"curies":[{"name":"wp","href":"https:\/\/api.w.org\/{rel}","templated":true}]}}