{"id":10459,"date":"2021-09-06T18:59:29","date_gmt":"2021-09-06T16:59:29","guid":{"rendered":"http:\/\/sp1.hrubieszow.info\/?page_id=10459"},"modified":"2021-09-06T19:00:00","modified_gmt":"2021-09-06T17:00:00","slug":"x-edycja-narodowego-czytania","status":"publish","type":"page","link":"https:\/\/sp1hrubieszow.pl\/index.php\/kronika-2020-2021\/x-edycja-narodowego-czytania\/","title":{"rendered":"X edycja Narodowego Czytania"},"content":{"rendered":"\n<p><span style=\"color: #000080;\">3 wrze\u015bnia 2021 r. w MBP odby\u0142a si\u0119 X edycja Narodowego Czytania. Akcja tradycyjnie przebiega\u0142a pod patronatem Pary Prezydenckiej. W tym roku czytali\u015bmy dramat Gabrieli Zapolskiej \u201eMoralno\u015b\u0107 pani Dulskiej\u201d. W wydarzeniu promuj\u0105cym czytelnictwo wzi\u0119li udzia\u0142 uczniowie klas 8b i 8d pod opiek\u0105 pa\u0144 Ewy Szostak i Anety Rycerz. Fragmenty utworu czytali: Wiktoria Najfeld jako Dulska, Pawe\u0142 Gumieniak, kt\u00f3ry wcieli\u0142 si\u0119 w rol\u0119 Juliasiewiczowej, Amelia Panasiewicz jako Hanka oraz Konrad Le\u015bko &#8211; Zbyszko. M\u0142odzie\u017c \u015bwietnie si\u0119 spisa\u0142a i znakomicie &nbsp;swoje role. Dzi\u0119kujemy i gratulujemy wspania\u0142ej postawy!<\/span><\/p>\nngg_shortcode_0_placeholder\n","protected":false},"excerpt":{"rendered":"<p>3 wrze\u015bnia 2021 r. w MBP odby\u0142a si\u0119 X edycja Narodowego Czytania. Akcja tradycyjnie przebiega\u0142a pod patronatem Pary Prezydenckiej. W tym roku czytali\u015bmy dramat Gabrieli Zapolskiej \u201eMoralno\u015b\u0107 pani Dulskiej\u201d. W wydarzeniu promuj\u0105cym czytelnictwo wzi\u0119li udzia\u0142 uczniowie klas 8b i 8d pod opiek\u0105 pa\u0144 Ewy Szostak i Anety Rycerz. Fragmenty utworu czytali: Wiktoria Najfeld jako Dulska, [&hellip;]<\/p>\n","protected":false},"author":2,"featured_media":0,"parent":5983,"menu_order":0,"comment_status":"closed","ping_status":"closed","template":"","meta":{"ngg_post_thumbnail":0,"footnotes":""},"class_list":["post-10459","page","type-page","status-publish","hentry"],"_links":{"self":[{"href":"https:\/\/sp1hrubieszow.pl\/index.php\/wp-json\/wp\/v2\/pages\/10459","targetHints":{"allow":["GET"]}}],"collection":[{"href":"https:\/\/sp1hrubieszow.pl\/index.php\/wp-json\/wp\/v2\/pages"}],"about":[{"href":"https:\/\/sp1hrubieszow.pl\/index.php\/wp-json\/wp\/v2\/types\/page"}],"author":[{"embeddable":true,"href":"https:\/\/sp1hrubieszow.pl\/index.php\/wp-json\/wp\/v2\/users\/2"}],"replies":[{"embeddable":true,"href":"https:\/\/sp1hrubieszow.pl\/index.php\/wp-json\/wp\/v2\/comments?post=10459"}],"version-history":[{"count":1,"href":"https:\/\/sp1hrubieszow.pl\/index.php\/wp-json\/wp\/v2\/pages\/10459\/revisions"}],"predecessor-version":[{"id":10460,"href":"https:\/\/sp1hrubieszow.pl\/index.php\/wp-json\/wp\/v2\/pages\/10459\/revisions\/10460"}],"up":[{"embeddable":true,"href":"https:\/\/sp1hrubieszow.pl\/index.php\/wp-json\/wp\/v2\/pages\/5983"}],"wp:attachment":[{"href":"https:\/\/sp1hrubieszow.pl\/index.php\/wp-json\/wp\/v2\/media?parent=10459"}],"curies":[{"name":"wp","href":"https:\/\/api.w.org\/{rel}","templated":true}]}}