{"id":10384,"date":"2021-08-31T15:19:42","date_gmt":"2021-08-31T13:19:42","guid":{"rendered":"http:\/\/sp1.hrubieszow.info\/?page_id=10384"},"modified":"2021-08-31T15:20:28","modified_gmt":"2021-08-31T13:20:28","slug":"list-lubelskiego-kuratora-oswiaty","status":"publish","type":"page","link":"https:\/\/sp1hrubieszow.pl\/index.php\/kronika-2020-2021\/list-lubelskiego-kuratora-oswiaty\/","title":{"rendered":"List Lubelskiego Kuratora O\u015bwiaty"},"content":{"rendered":"\n<p><span style=\"color: #000080;\">Zach\u0119camy do zapoznania si\u0119 z tre\u015bci\u0105 listu przygotowanego przez Lubelskiego Kuratora O\u015bwiaty Pani\u0105 Teres\u0119 Misiuk:<\/span><\/p>\n<p><strong><span style=\"color: #000080;\"><a style=\"color: #000080;\" href=\"http:\/\/sp1.hrubieszow.info\/wp-content\/uploads\/2021\/08\/Inauguracja_roku_szkolnego_2021-22-1.pdf\">Inauguracja_roku_szkolnego_2021-22-1<\/a><\/span><\/strong><\/p>\n<p>&nbsp;<\/p>\n","protected":false},"excerpt":{"rendered":"<p>Zach\u0119camy do zapoznania si\u0119 z tre\u015bci\u0105 listu przygotowanego przez Lubelskiego Kuratora O\u015bwiaty Pani\u0105 Teres\u0119 Misiuk: Inauguracja_roku_szkolnego_2021-22-1 &nbsp;<\/p>\n","protected":false},"author":2,"featured_media":0,"parent":5983,"menu_order":0,"comment_status":"closed","ping_status":"closed","template":"","meta":{"ngg_post_thumbnail":0,"footnotes":""},"class_list":["post-10384","page","type-page","status-publish","hentry"],"_links":{"self":[{"href":"https:\/\/sp1hrubieszow.pl\/index.php\/wp-json\/wp\/v2\/pages\/10384","targetHints":{"allow":["GET"]}}],"collection":[{"href":"https:\/\/sp1hrubieszow.pl\/index.php\/wp-json\/wp\/v2\/pages"}],"about":[{"href":"https:\/\/sp1hrubieszow.pl\/index.php\/wp-json\/wp\/v2\/types\/page"}],"author":[{"embeddable":true,"href":"https:\/\/sp1hrubieszow.pl\/index.php\/wp-json\/wp\/v2\/users\/2"}],"replies":[{"embeddable":true,"href":"https:\/\/sp1hrubieszow.pl\/index.php\/wp-json\/wp\/v2\/comments?post=10384"}],"version-history":[{"count":1,"href":"https:\/\/sp1hrubieszow.pl\/index.php\/wp-json\/wp\/v2\/pages\/10384\/revisions"}],"predecessor-version":[{"id":10385,"href":"https:\/\/sp1hrubieszow.pl\/index.php\/wp-json\/wp\/v2\/pages\/10384\/revisions\/10385"}],"up":[{"embeddable":true,"href":"https:\/\/sp1hrubieszow.pl\/index.php\/wp-json\/wp\/v2\/pages\/5983"}],"wp:attachment":[{"href":"https:\/\/sp1hrubieszow.pl\/index.php\/wp-json\/wp\/v2\/media?parent=10384"}],"curies":[{"name":"wp","href":"https:\/\/api.w.org\/{rel}","templated":true}]}}