{"id":10363,"date":"2021-08-30T14:46:46","date_gmt":"2021-08-30T12:46:46","guid":{"rendered":"http:\/\/sp1.hrubieszow.info\/?page_id=10363"},"modified":"2021-08-30T14:47:39","modified_gmt":"2021-08-30T12:47:39","slug":"6-mila-pamieci-ofiar-komunizmu","status":"publish","type":"page","link":"https:\/\/sp1hrubieszow.pl\/index.php\/kronika-2020-2021\/6-mila-pamieci-ofiar-komunizmu\/","title":{"rendered":"6. Mila Pami\u0119ci Ofiar Komunizmu"},"content":{"rendered":"\n<p><span style=\"color: #000080;\">Serdecznie zach\u0119camy do zapoznania si\u0119 z ide\u0105 6. Mili Pami\u0119ci Ofiar Komunizmu. Szczeg\u00f3\u0142owe informacje na stronie&nbsp; <a style=\"color: #000080;\" href=\"http:\/\/solidarnoscrodzin.pl\/aktualnosci\/11-wrzesnia-2021-r-startuje-6-mila-pamieci-ofiar-komunizmu-w-lublinie-zapisy-juz-trwaja\/\"><strong>http:\/\/solidarnoscrodzin.pl\/aktualnosci\/11-wrzesnia-2021-r-startuje-6-mila-pamieci-ofiar-komunizmu-w-lublinie-zapisy-juz-trwaja\/<\/strong><\/a><\/span><\/p>\n<p><span style=\"color: #000080;\"><strong>termin realizacji do 2021-09-13 &#8211; zosta\u0142o 14 dni <\/strong><\/span><\/p>\n<p style=\"text-align: right;\"><span style=\"color: #000080;\">wz. Lubelskiego Kuratora O\u015bwiaty<\/span><br><span style=\"color: #000080;\">Wicekurator O\u015bwiaty<\/span><br><span style=\"color: #000080;\">Eugeniusz Pelak<\/span><\/p>\n<p>&nbsp;<\/p>\n","protected":false},"excerpt":{"rendered":"<p>Serdecznie zach\u0119camy do zapoznania si\u0119 z ide\u0105 6. Mili Pami\u0119ci Ofiar Komunizmu. Szczeg\u00f3\u0142owe informacje na stronie&nbsp; http:\/\/solidarnoscrodzin.pl\/aktualnosci\/11-wrzesnia-2021-r-startuje-6-mila-pamieci-ofiar-komunizmu-w-lublinie-zapisy-juz-trwaja\/ termin realizacji do 2021-09-13 &#8211; zosta\u0142o 14 dni wz. Lubelskiego Kuratora O\u015bwiatyWicekurator O\u015bwiatyEugeniusz Pelak &nbsp;<\/p>\n","protected":false},"author":2,"featured_media":0,"parent":5983,"menu_order":0,"comment_status":"closed","ping_status":"closed","template":"","meta":{"ngg_post_thumbnail":0,"footnotes":""},"class_list":["post-10363","page","type-page","status-publish","hentry"],"_links":{"self":[{"href":"https:\/\/sp1hrubieszow.pl\/index.php\/wp-json\/wp\/v2\/pages\/10363","targetHints":{"allow":["GET"]}}],"collection":[{"href":"https:\/\/sp1hrubieszow.pl\/index.php\/wp-json\/wp\/v2\/pages"}],"about":[{"href":"https:\/\/sp1hrubieszow.pl\/index.php\/wp-json\/wp\/v2\/types\/page"}],"author":[{"embeddable":true,"href":"https:\/\/sp1hrubieszow.pl\/index.php\/wp-json\/wp\/v2\/users\/2"}],"replies":[{"embeddable":true,"href":"https:\/\/sp1hrubieszow.pl\/index.php\/wp-json\/wp\/v2\/comments?post=10363"}],"version-history":[{"count":1,"href":"https:\/\/sp1hrubieszow.pl\/index.php\/wp-json\/wp\/v2\/pages\/10363\/revisions"}],"predecessor-version":[{"id":10364,"href":"https:\/\/sp1hrubieszow.pl\/index.php\/wp-json\/wp\/v2\/pages\/10363\/revisions\/10364"}],"up":[{"embeddable":true,"href":"https:\/\/sp1hrubieszow.pl\/index.php\/wp-json\/wp\/v2\/pages\/5983"}],"wp:attachment":[{"href":"https:\/\/sp1hrubieszow.pl\/index.php\/wp-json\/wp\/v2\/media?parent=10363"}],"curies":[{"name":"wp","href":"https:\/\/api.w.org\/{rel}","templated":true}]}}