{"id":10332,"date":"2021-07-29T09:43:11","date_gmt":"2021-07-29T07:43:11","guid":{"rendered":"http:\/\/sp1.hrubieszow.info\/?page_id=10332"},"modified":"2021-07-29T09:43:40","modified_gmt":"2021-07-29T07:43:40","slug":"podreczniki-do-religii-rok-szkolny-2021-2022","status":"publish","type":"page","link":"https:\/\/sp1hrubieszow.pl\/index.php\/kronika-2020-2021\/podreczniki-do-religii-rok-szkolny-2021-2022\/","title":{"rendered":"Podr\u0119czniki do religii &#8211; rok szkolny 2021\/2022"},"content":{"rendered":"\n<p><span style=\"background-color: #000080;\"><strong><a style=\"background-color: #000080;\" href=\"http:\/\/sp1.hrubieszow.info\/wp-content\/uploads\/2021\/07\/Podr\u0119czniki-do-religii-obowi\u0105zuj\u0105ce-w-roku-szkolnym-2021.docx\"><span style=\"background-color: #ffffff; color: #000080;\">Podr\u0119czniki do religii obowi\u0105zuj\u0105ce w roku szkolnym 2021<\/span><\/a><\/strong><\/span><\/p>\n","protected":false},"excerpt":{"rendered":"<p>Podr\u0119czniki do religii obowi\u0105zuj\u0105ce w roku szkolnym 2021<\/p>\n","protected":false},"author":2,"featured_media":0,"parent":5983,"menu_order":0,"comment_status":"closed","ping_status":"closed","template":"","meta":{"ngg_post_thumbnail":0,"footnotes":""},"class_list":["post-10332","page","type-page","status-publish","hentry"],"_links":{"self":[{"href":"https:\/\/sp1hrubieszow.pl\/index.php\/wp-json\/wp\/v2\/pages\/10332","targetHints":{"allow":["GET"]}}],"collection":[{"href":"https:\/\/sp1hrubieszow.pl\/index.php\/wp-json\/wp\/v2\/pages"}],"about":[{"href":"https:\/\/sp1hrubieszow.pl\/index.php\/wp-json\/wp\/v2\/types\/page"}],"author":[{"embeddable":true,"href":"https:\/\/sp1hrubieszow.pl\/index.php\/wp-json\/wp\/v2\/users\/2"}],"replies":[{"embeddable":true,"href":"https:\/\/sp1hrubieszow.pl\/index.php\/wp-json\/wp\/v2\/comments?post=10332"}],"version-history":[{"count":1,"href":"https:\/\/sp1hrubieszow.pl\/index.php\/wp-json\/wp\/v2\/pages\/10332\/revisions"}],"predecessor-version":[{"id":10333,"href":"https:\/\/sp1hrubieszow.pl\/index.php\/wp-json\/wp\/v2\/pages\/10332\/revisions\/10333"}],"up":[{"embeddable":true,"href":"https:\/\/sp1hrubieszow.pl\/index.php\/wp-json\/wp\/v2\/pages\/5983"}],"wp:attachment":[{"href":"https:\/\/sp1hrubieszow.pl\/index.php\/wp-json\/wp\/v2\/media?parent=10332"}],"curies":[{"name":"wp","href":"https:\/\/api.w.org\/{rel}","templated":true}]}}