{"id":10150,"date":"2021-06-29T13:50:20","date_gmt":"2021-06-29T11:50:20","guid":{"rendered":"http:\/\/sp1.hrubieszow.info\/?page_id=10150"},"modified":"2021-06-29T13:50:54","modified_gmt":"2021-06-29T11:50:54","slug":"podsumowanie-akcji-charytatywnej","status":"publish","type":"page","link":"https:\/\/sp1hrubieszow.pl\/index.php\/kronika-2020-2021\/podsumowanie-akcji-charytatywnej\/","title":{"rendered":"Podsumowanie akcji charytatywnej"},"content":{"rendered":"\n<p><span style=\"color: #000080;\">Sk\u0142adamy serdeczne podzi\u0119kowania uczniom naszej szko\u0142y, nauczycielom oraz rodzicom, za aktywny udzia\u0142 w zbi\u00f3rce dar\u00f3w na rzecz Specjalistycznego O\u015brodka Wsparcia dla Ofiar Przemocy w Rodzinie w Tyszowcach. Dzi\u0119ki du\u017cemu zaanga\u017cowaniu, a przede wszystkim zrozumieniu os\u00f3b potrzebuj\u0105cych, zgromadzili\u015bmy spore ilo\u015bci \u015brodk\u00f3w czysto\u015bci, zabawek, ksi\u0105\u017ceczek. W ramach wsp\u00f3\u0142pracy z Miejsk\u0105 Bibliotek\u0105 Pedagogiczn\u0105, kt\u00f3ra r\u00f3wnie\u017c przy\u0142\u0105czy\u0142a si\u0119 do akcji, zebrane dary wsp\u00f3lnie zostan\u0105 przekazane do ww. plac\u00f3wki.<\/span><\/p>\n<p><span style=\"color: #000080;\">Wszystkim uczestnikom zbi\u00f3rki bardzo dzi\u0119kujemy za tak liczny udzia\u0142, okazan\u0105 pomoc i szczodre serce, opiekun Szkolnego Ko\u0142a Wolontariatu.<\/span><\/p>\nngg_shortcode_0_placeholder\n","protected":false},"excerpt":{"rendered":"<p>Sk\u0142adamy serdeczne podzi\u0119kowania uczniom naszej szko\u0142y, nauczycielom oraz rodzicom, za aktywny udzia\u0142 w zbi\u00f3rce dar\u00f3w na rzecz Specjalistycznego O\u015brodka Wsparcia dla Ofiar Przemocy w Rodzinie w Tyszowcach. Dzi\u0119ki du\u017cemu zaanga\u017cowaniu, a przede wszystkim zrozumieniu os\u00f3b potrzebuj\u0105cych, zgromadzili\u015bmy spore ilo\u015bci \u015brodk\u00f3w czysto\u015bci, zabawek, ksi\u0105\u017ceczek. W ramach wsp\u00f3\u0142pracy z Miejsk\u0105 Bibliotek\u0105 Pedagogiczn\u0105, kt\u00f3ra r\u00f3wnie\u017c przy\u0142\u0105czy\u0142a si\u0119 do [&hellip;]<\/p>\n","protected":false},"author":2,"featured_media":0,"parent":5983,"menu_order":0,"comment_status":"closed","ping_status":"closed","template":"","meta":{"ngg_post_thumbnail":0,"footnotes":""},"class_list":["post-10150","page","type-page","status-publish","hentry"],"_links":{"self":[{"href":"https:\/\/sp1hrubieszow.pl\/index.php\/wp-json\/wp\/v2\/pages\/10150","targetHints":{"allow":["GET"]}}],"collection":[{"href":"https:\/\/sp1hrubieszow.pl\/index.php\/wp-json\/wp\/v2\/pages"}],"about":[{"href":"https:\/\/sp1hrubieszow.pl\/index.php\/wp-json\/wp\/v2\/types\/page"}],"author":[{"embeddable":true,"href":"https:\/\/sp1hrubieszow.pl\/index.php\/wp-json\/wp\/v2\/users\/2"}],"replies":[{"embeddable":true,"href":"https:\/\/sp1hrubieszow.pl\/index.php\/wp-json\/wp\/v2\/comments?post=10150"}],"version-history":[{"count":1,"href":"https:\/\/sp1hrubieszow.pl\/index.php\/wp-json\/wp\/v2\/pages\/10150\/revisions"}],"predecessor-version":[{"id":10151,"href":"https:\/\/sp1hrubieszow.pl\/index.php\/wp-json\/wp\/v2\/pages\/10150\/revisions\/10151"}],"up":[{"embeddable":true,"href":"https:\/\/sp1hrubieszow.pl\/index.php\/wp-json\/wp\/v2\/pages\/5983"}],"wp:attachment":[{"href":"https:\/\/sp1hrubieszow.pl\/index.php\/wp-json\/wp\/v2\/media?parent=10150"}],"curies":[{"name":"wp","href":"https:\/\/api.w.org\/{rel}","templated":true}]}}